{"id":73,"date":"2017-07-03T15:52:08","date_gmt":"2017-07-03T13:52:08","guid":{"rendered":"https:\/\/www.hsu-hh.de\/vorlage\/?page_id=73"},"modified":"2026-02-04T13:12:47","modified_gmt":"2026-02-04T12:12:47","slug":"startseite","status":"publish","type":"page","link":"https:\/\/www.hsu-hh.de\/juenemann\/","title":{"rendered":"Professur f\u00fcr Politikwissenschaft mit Schwerpunkt Internationale Politik, Prof. Dr. Annette J\u00fcnemann (Prof.&#8217;in in Ruhestand)"},"content":{"rendered":"\n<h1 class=\"wp-block-heading\">ab 1.1.2026<br>Professur f\u00fcr Politikwissenschaft, <abbr title=\"insbesondere\">insb.<\/abbr> Transnationale Politik<br>Die Professur befindet sich in der Neubesetzung:<br>1.1.2026-30.09.2026, Vertretungsprofessorin <abbr title=\"Doktor\">Dr.<\/abbr> Christiane Fr\u00f6hlich<\/h1>\n\n\n\n<p><br><\/p>\n\n\n<p><img loading=\"lazy\" decoding=\"async\" class=\"alignnone size-full wp-image-413\" src=\"https:\/\/www.hsu-hh.de\/juenemann\/wp-content\/uploads\/sites\/764\/2018\/02\/Europe-from-Space_1.jpg\" alt=\"Europa\" width=\"1229\" height=\"324\" srcset=\"https:\/\/www.hsu-hh.de\/juenemann\/wp-content\/uploads\/sites\/764\/2018\/02\/Europe-from-Space_1.jpg 1229w, https:\/\/www.hsu-hh.de\/juenemann\/wp-content\/uploads\/sites\/764\/2018\/02\/Europe-from-Space_1-300x79.jpg 300w, https:\/\/www.hsu-hh.de\/juenemann\/wp-content\/uploads\/sites\/764\/2018\/02\/Europe-from-Space_1-768x202.jpg 768w, https:\/\/www.hsu-hh.de\/juenemann\/wp-content\/uploads\/sites\/764\/2018\/02\/Europe-from-Space_1-1024x270.jpg 1024w\" sizes=\"auto, (max-width: 1229px) 100vw, 1229px\" \/><\/p>\n<p>Die Forschungsschwerpunkte der Professur <abbr>liegen\u00a0im Bereich der Internationalen Beziehungen, insbesondere in den EU-Au\u00dfenbeziehungen. Ein regionaler Schwerpunkt liegt im Mittelmeerraum (EuroMed), dem Nahen Osten und Nordafrika. In diesem Kontext interessieren uns Transformations- und Demokratisierungsprozesse, auch aus Perspektive der Geschlechterforschung. Aktuell bearbeiten wir den Themenkomplex Flucht und Migration. Genauere Informationen finden sie unter den Rubriken Forschung, Team sowie Studium &amp; Lehre .<\/p>\n\n\n<div style=\"height:46px\" aria-hidden=\"true\" class=\"wp-block-spacer\"><\/div>\n\n\n\n<hr class=\"wp-block-separator has-alpha-channel-opacity\" \/>\n\n\n\n<h2 class=\"wp-block-heading\">Sprechstunde: <\/h2>\n\n\n\n<p>Im <abbr title=\"Wintertrimester\">WT<\/abbr> 2026 findet die Sprechstunde individuell nach Absprache statt. Bitte kontaktieren Sie hierf\u00fcr Frau <abbr title=\"Doktor\">Dr.<\/abbr> Fr\u00f6hlich, Frau <abbr title=\"Doktor\">Dr.<\/abbr> G\u00f6ttsche und Herrn Gedikli direkt per e-Mail, ebenso Frau <abbr title=\"Professor\">Prof.<\/abbr> J\u00fcnemann f\u00fcr noch <abbr title=\"eventuell(en)\">evtl.<\/abbr> offene Fragen.<br><\/p>\n\n\n\n<hr class=\"wp-block-separator has-alpha-channel-opacity\" \/>\n\n\n\n<h2 class=\"wp-block-heading\">Aktuelles:<br><\/h2>\n\n\n\n<div style=\"height:40px\" aria-hidden=\"true\" class=\"wp-block-spacer\"><\/div>\n\n\n\n<hr class=\"wp-block-separator has-alpha-channel-opacity is-style-wide\" \/>\n\n\n\n<h2 class=\"wp-block-heading\">Vergangene Veranstaltungen:<br><\/h2>\n\n\n\n<p>Vortrag <abbr title=\"Professor\">Prof.<\/abbr> <abbr title=\"Doktor\">Dr.<\/abbr> Anna Geis, 8.4.2025 an der <abbr title=\"Helmut Schmidt Universit\u00e4t\">HSU<\/abbr>: Aus dem gescheiterten Afghanistan-Einsatz lernen?<\/p>\n\n\n\n<p>Ringvorlesung zum Nahost-Konflikt im <abbr title=\"Herbsttrimester\">HT<\/abbr> 24 an der <abbr title=\"Helmut Schmidt Universit\u00e4t\">HSU<\/abbr>: Der 7. Oktober und der Krieg im Gazastreifen (Hintergr\u00fcnde, Dynamiken, Perspektiven)<\/p>\n\n\n\n<p>Besuch des ukrainischen Botschafters Oleksii Makeiev am 28.4.2023 an der <abbr title=\"Helmut Schmidt Universit\u00e4t\">HSU<\/abbr>. <a href=\"https:\/\/www.hsu-hh.de\/ihre-freiheit-ist-auch-unsere-freiheit-der-ukrainische-botschafter-in-deutschland-oleksii-makeiev\">Hier <\/a>finden Sie den Bericht.<\/p>\n\n\n\n<hr class=\"wp-block-separator has-alpha-channel-opacity\" \/>\n\n\n\n<div style=\"height:40px\" aria-hidden=\"true\" class=\"wp-block-spacer\"><\/div>\n\n\n\n<h2 class=\"wp-block-heading\">Publikationen:<\/h2>\n\n\n\n<p>&nbsp;Gedikli, Ardahan \/&nbsp;J\u00fcnemann, Annette (2024): Deutschland und die europ\u00e4ische Mittelmeerpolitik. In: B\u00f6ttger, Katrin \/ Jopp, Mathias (<abbr title=\"Herausgeber\">Hrsg.<\/abbr>): Handbuch zur Deutschen Europapolitik.&nbsp;Baden-Baden, zweite Auflage. Nomos (im erscheinen)<\/p>\n\n\n\n<div style=\"height:37px\" aria-hidden=\"true\" class=\"wp-block-spacer\"><\/div>\n\n\n\n<p><strong>Jenseits der Krisen: Potenziale der europ\u00e4ischen Integration im 21. Jahrhundert<\/strong><\/p>\n\n\n\n<p>Das Buch richtet den Fokus auf die Potenziale der Europ\u00e4ischen Union f\u00fcr das 21. Jahrhundert. Ausgehend von den inneren und \u00e4u\u00dferen Krisen, denen sich die EU gegen\u00fcbersieht, bietet der Band einen analytischen und umfassenden \u00dcberblick zu aktuellem Zustand und zu Perspektiven der europ\u00e4ischen Integration. Dem Band liegt der Kerngedanke zugrunde, dass es trotz oder gar wegen der aktuellen Krisen zahlreiche Potenzialthemen gibt, die neues Vertrauen in die EU schaffen k\u00f6nnen. Diese oft unerkannten oder missverstandenen Kraftreserven der Union werden von einschl\u00e4gigen Expert*innen identifiziert, analysiert und diskutiert. <a href=\"https:\/\/link.springer.com\/book\/10.1007\/978-3-658-41608-9\" data-type=\"link\" data-id=\"https:\/\/link.springer.com\/book\/10.1007\/978-3-658-41608-9\" rel='nofollow'>Link to Springer here<\/a><\/p>\n\n\n\n<div style=\"height:38px\" aria-hidden=\"true\" class=\"wp-block-spacer\"><\/div>\n\n\n\n<p>J\u00fcnemann, Annette (2023)\u201eDie&nbsp;Zivilgesellschaft&nbsp;der&nbsp;Europ\u00e4ischen&nbsp;Union&nbsp;im&nbsp;Politikfeld&nbsp;Asyl&nbsp;und<br>Migration: Hoffnungstr\u00e4ger mit begrenztem Handlungsspielraum. In: Gieg, Philipp \/ Lowinger, Timo \/ Pietzko, Manuel \/ R\u00fcger, Carolin \/ Scheuermann, Manuela \/ Z\u00fcrn, Anja (<abbr title=\"Herausgeber\">Hrsg.<\/abbr>): Jenseits der Krisen: Potenziale der europ\u00e4ischen Integration im 21. Jahrhundert, Wiesbaden: SpringerVS. S. 253-284, <a href=\"https:\/\/www.hsu-hh.de\/juenemann\/wp-content\/uploads\/sites\/764\/2023\/10\/Die-Zivilgesellschaft-der-Europaeischen-im-Politikfeld-Asyl-und-Migration-Hoffnungstraeger-mit-begrenztem-Handlungsspielraum.pdf\" data-type=\"link\" data-id=\"https:\/\/www.hsu-hh.de\/juenemann\/wp-content\/uploads\/sites\/764\/2023\/10\/Die-Zivilgesellschaft-der-Europaeischen-im-Politikfeld-Asyl-und-Migration-Hoffnungstraeger-mit-begrenztem-Handlungsspielraum.pdf\">PDF<\/a><\/p>\n\n\n\n<p><\/p>\n\n\n\n<div style=\"height:40px\" aria-hidden=\"true\" class=\"wp-block-spacer\"><\/div>\n\n\n\n<hr class=\"wp-block-separator has-alpha-channel-opacity\" \/>\n\n\n\n<p><strong>Das Sachbuch &#8222;Katar: Sand, Geld &amp; Spiele&#8220; (Nicolas Fromm)  ist im Herbstprogramm 2022 des C.H. Beck-Verlages erschienen<\/strong><\/p>\n\n\n\n<p>Katar, die sandige Halbinsel im Persischen Golf, ist international so aktiv und einflussreich wie kaum ein anderer Kleinstaat. Das absolutistisch regierte Emirat wurde &#8211; auch dank der Arbeitskraft unz\u00e4hliger Gastarbeiter aus aller Welt &#8211; zum wichtigen \u00d6l- und Gasexporteur und zum reichsten Land der Welt. Das Land ist zudem die Heimat des Fernsehsenders Al-Jazeera, der trotz umstrittener Positionen weiterhin f\u00fcr informative Berichte aus der arabischen Welt bekannt ist. Auch der Sitz des Hauptquartiers der US-Truppen in der Region befindet sich auf der au\u00dfergew\u00f6hnlich kleinen Halbinsel. Die Meinungen \u00fcber Katar schwanken zwischen Staunen und Verurteilung. Der Mittelost-Experte Nicolas Fromm portr\u00e4tiert unvoreingenommen, anschaulich und aktuell ein Land im Umbruch, das sich bisher erfolgreich allen Schubladen entzogen hat. &nbsp;&nbsp;<\/p>\n\n\n\n<p>Weitere Informationen: <a href=\"https:\/\/www.chbeck.de\/fromm-katar\/product\/33743712\" rel='nofollow'>https:\/\/www.chbeck.de\/fromm-katar\/product\/33743712<\/a><\/p>\n\n\n\n<figure class=\"wp-block-image size-large is-resized\"><img loading=\"lazy\" decoding=\"async\" width=\"619\" height=\"1024\" src=\"https:\/\/www.hsu-hh.de\/juenemann\/wp-content\/uploads\/sites\/764\/2022\/10\/getimage-619x1024.jpg\" data-credit=\"\" alt=\"\" class=\"wp-image-1629\" style=\"width:155px;height:256px\" srcset=\"https:\/\/www.hsu-hh.de\/juenemann\/wp-content\/uploads\/sites\/764\/2022\/10\/getimage-619x1024.jpg 619w, https:\/\/www.hsu-hh.de\/juenemann\/wp-content\/uploads\/sites\/764\/2022\/10\/getimage-181x300.jpg 181w, https:\/\/www.hsu-hh.de\/juenemann\/wp-content\/uploads\/sites\/764\/2022\/10\/getimage-768x1270.jpg 768w, https:\/\/www.hsu-hh.de\/juenemann\/wp-content\/uploads\/sites\/764\/2022\/10\/getimage-929x1536.jpg 929w, https:\/\/www.hsu-hh.de\/juenemann\/wp-content\/uploads\/sites\/764\/2022\/10\/getimage-1100x1819.jpg 1100w, https:\/\/www.hsu-hh.de\/juenemann\/wp-content\/uploads\/sites\/764\/2022\/10\/getimage.jpg 1179w\" sizes=\"auto, (max-width: 619px) 100vw, 619px\" \/><\/figure>\n\n\n\n<div style=\"height:42px\" aria-hidden=\"true\" class=\"wp-block-spacer\"><\/div>\n\n\n\n<p><strong>The Anthology \u201cPower in Vulnerability. A Multi-Dimensional Review of Migrants\u2019 Vulnerabilities\u201d has been published.<\/strong><\/p>\n\n\n\n<p>With this volume, the editors propose a multi-dimensional and critical review of migrants\u2019 vulnerabilities. They argue that a deeper understanding of vulnerability is paramount to discuss empowerment and resilience. Regardless of their motivations, migrants can face vulnerabilities\u202fat any of the stages of their journey. These vulnerabilities may change over time for better or worse, corresponding with a person\u2019s legal status, migratory path and the practices of migration regulation. This book addresses vulnerability from an interdisciplinary and intersectional perspective. It brings together latest academic research and practitioners\u2019 insights to help reception societies adapt and improve their dealing with migrants\u2019 vulnerabilities.<\/p>\n\n\n\n<p>The volume includes articles by&nbsp;<abbr title=\"Professor\">Prof.<\/abbr>&nbsp;<abbr title=\"Doktor\">Dr.<\/abbr> J\u00fcnemann, <abbr title=\"Doktor\">Dr.<\/abbr> Fromm, <abbr title=\"Doktor\">Dr.<\/abbr> Safouane, Sandra G\u00f6ttsche and Yaiza Rojas Matas, from the Department of International Relations at the <abbr title=\"Helmut Schmidt Universit\u00e4t\">HSU<\/abbr>.<\/p>\n\n\n\n<p>More information in the following link:&nbsp;<a href=\"https:\/\/www.springer.com\/de\/book\/9783658340513#aboutAuthors\" rel='nofollow'>https:\/\/www.springer.com\/de\/book\/9783658340513#aboutAuthors<\/a><\/p>\n\n\n\n<p><\/p>\n\n\n\n<figure class=\"wp-block-image is-resized is-style-default\"><img loading=\"lazy\" decoding=\"async\" width=\"306\" height=\"434\" src=\"https:\/\/www.hsu-hh.de\/juenemann\/wp-content\/uploads\/sites\/764\/2021\/11\/978-3-658-34052-0.jpg\" data-credit=\"Springer Verlag\" alt=\"Power in Vulnarability, cover\" class=\"wp-image-1328\" style=\"width:153px;height:217px\" srcset=\"https:\/\/www.hsu-hh.de\/juenemann\/wp-content\/uploads\/sites\/764\/2021\/11\/978-3-658-34052-0.jpg 306w, https:\/\/www.hsu-hh.de\/juenemann\/wp-content\/uploads\/sites\/764\/2021\/11\/978-3-658-34052-0-212x300.jpg 212w\" sizes=\"auto, (max-width: 306px) 100vw, 306px\" \/><\/figure>\n\n\n\n<p><\/p>\n\n\n\n<p><strong>Book Launch: \u201eWinds of Change? Negotiating Gender Relations in the Middle East and North Africa&#8220; (Annette J\u00fcnemann)<\/strong><\/p>\n\n\n\n<p>Webinar to launch the&nbsp;Routledge Handbook of EU-Middle East Relations,&nbsp;edited by&nbsp;Dimitris Bouris,&nbsp;Daniela Huber&nbsp;and Michelle Pace.&nbsp;Section 4,&nbsp;MENA\u2013EU Relations in the Contemporary World,&nbsp;Amsterdam Center for European Studies, 20.04.2022<\/p>\n\n\n\n<p>More information: https:\/\/www.routledge.com\/Routledge-Handbook-of-EUMiddle-East-Relations\/Bouris-Huber-Pace\/p\/book\/9780367330767<\/p>\n\n\n\n<hr class=\"wp-block-separator has-alpha-channel-opacity is-style-wide\" \/>\n\n\n\n<div style=\"height:39px\" aria-hidden=\"true\" class=\"wp-block-spacer\"><\/div>\n\n\n\n<h2 class=\"wp-block-heading\">Aus der Lehre:<\/h2>\n\n\n\n<ul class=\"wp-block-list\">\n<li><strong><a href=\"https:\/\/padlet.com\/nomsb\/tjvfucnxmr9ina6x\" rel='nofollow'>Nein zur Einrichtung eines Milit\u00e4rischen Sicherheitsbereichs an der <abbr title=\"Helmut Schmidt Universit\u00e4t\">HSU<\/abbr><\/a><\/strong>.<\/li>\n<\/ul>\n\n\n\n<p><\/p>\n\n\n\n<ul class=\"wp-block-list\">\n<li><strong>Simulation game \u201cVia Pontica \u2013 Bridge over Troubled Waters\u201d: EU Crisis Management Exercise<\/strong>:<\/li>\n<\/ul>\n\n\n\n<p><\/p>\n\n\n\n<p>Is there a solution to the distribution dilemma of refugees in the EU? That question was given out to a group of undergrads, consisting out of civilian and military students, at Helmut-Schmidt University. In order to simulate a realistic EU Council meeting (25<sup>th<\/sup>-26<sup>th<\/sup> of November 2021), students got together in pairs, to play a given country at that exact meeting. Their scenario was a refugee crisis along the shores of the Romanian Black-Sea coast. In doing so, students were able to get an impression of what it takes to come up with a solution to a given problem, on which every country can agree upon.<\/p>\n\n\n\n<p>Navigating through what seemed a \u201cjungle of different interests\u201d, the EU Council president of Slovenia put in a lot of effort, to keep every member state in the discussion and to give out a fair share of talking time to each state. In the end, the EU Council found a way to deploy European police forces and humanitarian aid. Nevertheless, a general solution for the current migration situation and its distribution component could not be found. Afterwards, students acknowledged how hard it can be, to satisfy each member state. Still, students appreciated the simulation game very much, their only request for another simulation game: more time. That being said, it was a pleasant and valuable experience for students, as well as for the teaching staff.<\/p>\n\n\n\n<div class=\"wp-block-columns is-layout-flex wp-container-core-columns-is-layout-9d6595d7 wp-block-columns-is-layout-flex\">\n<div class=\"wp-block-column is-layout-flow wp-block-column-is-layout-flow\"><script>\tvar sosereDefaults = {\"allowfullscreen\":true,\"fit\":\"contain\",\"transition\":\"crossfade\",\"loop\":true,\"autoplay\":\"3000\",\"stopautoplayontouch\":true,\"keyboard\":true,\"nav\":\"thumbs\"}<\/script><div class='sosere--wp' data-ids='1551'data-link='file'data-itemtag='dl'data-icontag='dt'data-captiontag='dd'data-columns='0'data-size='large'data-width='1024'data-auto='false'data-max-width='100%'data-ratio='1.5014662756598'><div id='gallery-1' class='gallery galleryid-73 gallery-columns-0 gallery-size-thumbnail'><dl class='gallery-item'>\n\t\t\t<dt class='gallery-icon landscape'>\n\t\t\t\t<a href='https:\/\/www.hsu-hh.de\/juenemann\/wp-content\/uploads\/sites\/764\/2022\/01\/DSC_4255-1024x682.jpg' data-full='https:\/\/www.hsu-hh.de\/juenemann\/wp-content\/uploads\/sites\/764\/2022\/01\/DSC_4255-scaled.jpg' data-credit=\"HSU\"><img loading=\"lazy\" decoding=\"async\" width=\"150\" height=\"150\" src=\"https:\/\/www.hsu-hh.de\/juenemann\/wp-content\/uploads\/sites\/764\/2022\/01\/DSC_4255-150x150.jpg\" class=\"attachment-thumbnail size-thumbnail\" alt=\"Participants simulation game\" srcset=\"https:\/\/www.hsu-hh.de\/juenemann\/wp-content\/uploads\/sites\/764\/2022\/01\/DSC_4255-150x150.jpg 150w, https:\/\/www.hsu-hh.de\/juenemann\/wp-content\/uploads\/sites\/764\/2022\/01\/DSC_4255-100x100.jpg 100w\" sizes=\"auto, (max-width: 150px) 100vw, 150px\" \/><\/a>\n\t\t\t<\/dt><\/dl>\n\t\t<\/div>\n<\/div><\/div>\n\n\n\n<div class=\"wp-block-column is-layout-flow wp-block-column-is-layout-flow\"><script>\tvar sosereDefaults = {\"allowfullscreen\":true,\"fit\":\"contain\",\"transition\":\"crossfade\",\"loop\":true,\"autoplay\":\"3000\",\"stopautoplayontouch\":true,\"keyboard\":true,\"nav\":\"thumbs\"}<\/script><div class='sosere--wp' data-ids='1549'data-link='file'data-itemtag='dl'data-icontag='dt'data-captiontag='dd'data-columns='0'data-size='large'data-width='1024'data-auto='false'data-max-width='100%'data-ratio='1.5014662756598'><div id='gallery-3' class='gallery galleryid-73 gallery-columns-0 gallery-size-thumbnail'><dl class='gallery-item'>\n\t\t\t<dt class='gallery-icon landscape'>\n\t\t\t\t<a href='https:\/\/www.hsu-hh.de\/juenemann\/wp-content\/uploads\/sites\/764\/2022\/01\/DSC_4265-1024x682.jpg' data-full='https:\/\/www.hsu-hh.de\/juenemann\/wp-content\/uploads\/sites\/764\/2022\/01\/DSC_4265-scaled.jpg' data-credit=\"HSU\"><img loading=\"lazy\" decoding=\"async\" width=\"150\" height=\"150\" src=\"https:\/\/www.hsu-hh.de\/juenemann\/wp-content\/uploads\/sites\/764\/2022\/01\/DSC_4265-150x150.jpg\" class=\"attachment-thumbnail size-thumbnail\" alt=\"Prof. Dr. Annette J\u00fcnemann\" srcset=\"https:\/\/www.hsu-hh.de\/juenemann\/wp-content\/uploads\/sites\/764\/2022\/01\/DSC_4265-150x150.jpg 150w, https:\/\/www.hsu-hh.de\/juenemann\/wp-content\/uploads\/sites\/764\/2022\/01\/DSC_4265-100x100.jpg 100w\" sizes=\"auto, (max-width: 150px) 100vw, 150px\" \/><\/a>\n\t\t\t<\/dt><\/dl>\n\t\t<\/div>\n<\/div><\/div>\n<\/div>\n","protected":false},"excerpt":{"rendered":"<p>ab 1.1.2026Professur f\u00fcr Politikwissenschaft, insb. Transnationale PolitikDie Professur befindet sich in der Neubesetzung:1.1.2026-30.09.2026, Vertretungsprofessorin Dr. Christiane Fr\u00f6hlich Die Forschungsschwerpunkte der Professur liegen\u00a0im Bereich der Internationalen Beziehungen, insbesondere in den EU-Au\u00dfenbeziehungen. [&hellip;]<\/p>\n","protected":false},"author":1,"featured_media":0,"parent":0,"menu_order":0,"comment_status":"closed","ping_status":"closed","template":"","meta":{"footnotes":""},"categories":[29],"tags":[],"class_list":["post-73","page","type-page","status-publish","hentry","category-nachrichtenslider"],"_links":{"self":[{"href":"https:\/\/www.hsu-hh.de\/juenemann\/wp-json\/wp\/v2\/pages\/73","targetHints":{"allow":["GET"]}}],"collection":[{"href":"https:\/\/www.hsu-hh.de\/juenemann\/wp-json\/wp\/v2\/pages"}],"about":[{"href":"https:\/\/www.hsu-hh.de\/juenemann\/wp-json\/wp\/v2\/types\/page"}],"author":[{"embeddable":true,"href":"https:\/\/www.hsu-hh.de\/juenemann\/wp-json\/wp\/v2\/users\/1"}],"replies":[{"embeddable":true,"href":"https:\/\/www.hsu-hh.de\/juenemann\/wp-json\/wp\/v2\/comments?post=73"}],"version-history":[{"count":101,"href":"https:\/\/www.hsu-hh.de\/juenemann\/wp-json\/wp\/v2\/pages\/73\/revisions"}],"predecessor-version":[{"id":2283,"href":"https:\/\/www.hsu-hh.de\/juenemann\/wp-json\/wp\/v2\/pages\/73\/revisions\/2283"}],"wp:attachment":[{"href":"https:\/\/www.hsu-hh.de\/juenemann\/wp-json\/wp\/v2\/media?parent=73"}],"wp:term":[{"taxonomy":"category","embeddable":true,"href":"https:\/\/www.hsu-hh.de\/juenemann\/wp-json\/wp\/v2\/categories?post=73"},{"taxonomy":"post_tag","embeddable":true,"href":"https:\/\/www.hsu-hh.de\/juenemann\/wp-json\/wp\/v2\/tags?post=73"}],"curies":[{"name":"wp","href":"https:\/\/api.w.org\/{rel}","templated":true}]}}