{"id":1395,"date":"2021-12-21T11:26:31","date_gmt":"2021-12-21T10:26:31","guid":{"rendered":"https:\/\/www.hsu-hh.de\/juenemann\/?page_id=1395"},"modified":"2025-05-02T12:01:04","modified_gmt":"2025-05-02T10:01:04","slug":"dr-hamza-safouane","status":"publish","type":"page","link":"https:\/\/www.hsu-hh.de\/juenemann\/en\/dr-hamza-safouane","title":{"rendered":"Dr. Hamza Safouane"},"content":{"rendered":"\n<div style=\"height:41px\" aria-hidden=\"true\" class=\"wp-block-spacer\"><\/div>\n\n\n\n<div class=\"wp-block-columns is-layout-flex wp-container-core-columns-is-layout-9d6595d7 wp-block-columns-is-layout-flex\">\n<div class=\"wp-block-column is-layout-flow wp-block-column-is-layout-flow\">\n<h2 class=\"wp-block-heading\">Kontakt:<\/h2>\n<\/div>\n\n\n\n<div class=\"wp-block-column is-layout-flow wp-block-column-is-layout-flow\">\n<figure class=\"wp-block-image size-full is-resized\"><img loading=\"lazy\" decoding=\"async\" width=\"150\" height=\"150\" src=\"https:\/\/www.hsu-hh.de\/juenemann\/wp-content\/uploads\/sites\/764\/2021\/12\/Hamza-49-150x150-1.jpg\" data-credit=\"\" alt=\"Dr.Hamza Safouane\" class=\"wp-image-1448\" style=\"width:252px;height:auto\" srcset=\"https:\/\/www.hsu-hh.de\/juenemann\/wp-content\/uploads\/sites\/764\/2021\/12\/Hamza-49-150x150-1.jpg 150w, https:\/\/www.hsu-hh.de\/juenemann\/wp-content\/uploads\/sites\/764\/2021\/12\/Hamza-49-150x150-1-100x100.jpg 100w\" sizes=\"auto, (max-width: 150px) 100vw, 150px\" \/><\/figure>\n<\/div>\n<\/div>\n\n\n\n<hr class=\"wp-block-separator has-alpha-channel-opacity\" \/>\n\n\n\n<p><strong>Forschungsschwerpunkte:<\/strong><\/p>\n\n\n\n<p>&#8211;&nbsp; Kritische Migrationsforschung<\/p>\n\n\n\n<p>&#8211;&nbsp; Fl\u00fcchtlings- und Zwangsmigrationsstudien<br>&#8211;&nbsp; Europa-Mittelmeerraum<\/p>\n\n\n\n<p>&#8211;&nbsp; Moderne Politik- und Sozialtheorie<br>&#8211;&nbsp; Diskursanalyse<br>&#8211;&nbsp; Ethnographie<\/p>\n\n\n\n<p>&#8211;&nbsp;&nbsp;Qualitative Forschungsmethodik<br>&#8211;&nbsp; M\u00fcndliche Geschichte (Oral history)<\/p>\n\n\n\n<p><strong>Curriculum Vitae<\/strong><\/p>\n\n\n\n<p>Hamza Safouane hat im Februar 2018 seine Doktorarbeit in Planning, Governance and Globalization an Virginia Tech (USA) zu &#8222;Governing migrants in the European Union: A critical approach to interrogating migrants&#8216; journey narratives&#8220; erfolgreich verteidigt. Im Mai 2018 erhielt er den &#8222;Richard E. Zody Award for Outstanding Dissertation.&#8220; Er ist seit Juli 2017 wissenschaftlicher Mitarbeiter an der Helmut-Schmidt-Universit\u00e4t Hamburg. Er studierte Sozial- und Politikwissenschaft an Virginia Tech und \u00d6konomie und Internationale Beziehungen an der Maxwell School of Citizenship and Public Affairs &#8211; Syracuse University (USA).<\/p>\n\n\n\n<p><strong>Sprachen:<\/strong><\/p>\n\n\n\n<p>Franz\u00f6sisch; Arabisch; Englisch; Deutsch<\/p>\n\n\n\n<p><strong>Stipendien und Auszeichnungen:<\/strong><\/p>\n\n\n\n<p>Juli 2017 \u2013 Juli 2018: Stipendiat: internen Forschungsf\u00f6rderung (IFF) der <abbr title=\"Helmut Schmidt Universit\u00e4t\">HSU<\/abbr> f\u00fcr das Forschungsprojekt: &#8222;Migrants&#8216; Agency:&nbsp; Key to a Better Understanding of Human Mobility&#8220;<\/p>\n\n\n\n<p>September 2016 \u2013 Januar 2017: International Research Experience Program (IREP)-Stipendium der Technischen Universit\u00e4t Darmstadt<\/p>\n\n\n\n<p>August 2014 \u2013 Dezember 2016: Stipendiat: Virginia Tech Graduate Scholarship<\/p>\n\n\n\n<p>August 2008 \u2013 Mai 2010: Stipendiat: Gerald and Daphna Cramer International Scholarship an der Syracuse University<\/p>\n\n\n\n<p><strong>Gutachtert\u00e4tigkeit:<\/strong><\/p>\n\n\n\n<p>Palgrave Macmillan, Peter Lang<\/p>\n\n\n\n<p>New Political Science (Taylor &amp; Francis Online)<\/p>\n\n\n\n<p>Voluntas: International Journal of Voluntary and Nonprofit Organizations (Springer)<\/p>\n\n\n\n<p>Security and Defence Quarterly (War Studies University, Warsaw, Poland)<\/p>\n\n\n\n<p><strong>Publikationen<\/strong><\/p>\n\n\n\n<p><strong>Monographie:<\/strong><\/p>\n\n\n\n<p>Safouane, H. (2019). <em>Stories of Border Crossers: A Critical Inquiry into Forced Migrants&#8216; Journey Narratives to the European Union<\/em>. Springer VS, 250<\/p>\n\n\n\n<p><strong>Peer reviewed:<\/strong><\/p>\n\n\n\n<p>Safouane, H., J\u00fcnemann, A., G\u00f6ttsche, S. (2020). Beyond a story of emancipated and disenfranchised migrants: the problematisation of agency as an analytically normative and politically prescriptive approach. <em>New Political Sciences. <\/em>DOI: 10.1080\/07393148.2020.1761736<\/p>\n\n\n\n<p>Safouane, H. (2017). Between Hospitality and Inhospitality: The Politics of Migrants Protection in Germany. <em>Spectra<\/em>, DOI:10.21061\/spectra.v6i1.403<\/p>\n\n\n\n<p>Safouane, H. (2016). Manufacturing Striated Space for Migrants: An Ethnography of Initial Reception Centers for Asylum Seekers in Germany. <em>Voluntas<\/em>, 27 (6), 1922-1939, DOI:10.1007\/s11266-016-9813-1<\/p>\n\n\n\n<p><strong>Book Review \/ Rezension:<\/strong><\/p>\n\n\n\n<p>Safouane, H. (2019). Review of the book<em> Syria: The Making and Unmaking of a Refuge State<\/em>, by Dawn Chatty. <em>Global Affairs<\/em>, 5(2), DOI: 10.1080\/23340460.2019.1629823<\/p>\n\n\n\n<p>Safouane, H. (2017). ). Review of the book <em>Migration, Whiteness, and Cosmopolitanism: Europeans in Japan<\/em>, by Milo\u0161 Debn\u00e1r. <em>Nordic Journal of Migration Research<\/em>, 67-69, DOI: https:\/\/doi.org\/10.1515\/njmr-2018-0005<\/p>\n\n\n\n<p><strong>Interview:<\/strong><\/p>\n\n\n\n<p>Auer, V., Safouane, H. (2018). Interview for the Tutziger Diskurs (Akademie f\u00fcr Politische Bildung Tutzing): \u201cDer gesamte Fluchtweg ist gewaltsam,\u201d https:\/\/www.tutzinger-diskurs.de\/der- gesamte-fluchtweg- ist-gewaltsam (video: https:\/\/www.youtube.com\/watch?v=08xYdeCgjRY)<\/p>\n\n\n\n<p><strong>Other publications \/ Sonstige Ver\u00f6ffentlichungen:<\/strong><\/p>\n\n\n\n<p>Fromm, Nicolas \/ J\u00fcnemann, Annette \/ Safouane, Hamza (eds.) (2021): <em>Power in Vulnerability. A Multi-Dimensional Review of Migrants\u2019 Vulnerabilities<\/em>. In der Reihe &#8222;Studien zur Migrations- und Integrationspolitik&#8220;, Wiesbaden: Springer VS.&nbsp;<br><a href=\"https:\/\/link.springer.com\/book\/10.1007\/978-3-658-34052-0\" rel='nofollow'>Link hier.<\/a><\/p>\n\n\n\n<p>Safouane, H. together with Nicolas Fromm and Sabith Khan. (2021). &#8222;A Case for Dark Horse Thinking? Re-Imagining Group Asylum&#8220;. In: Fromm, Nicolas with Annette J\u00fcnemann and Hamza Safouane (Eds.): <em>Power in Vulnerability: A Multi-Dimensional Review of Migrants\u2019 Vulnerabilities.<\/em> In der Reihe &#8222;Studien zur Migrations- und Integrationspolitik&#8220;, Wiesbaden: Springer VS. <a href=\"https:\/\/link.springer.com\/chapter\/10.1007\/978-3-658-34052-0_12\" rel='nofollow'>Link hier.<\/a><\/p>\n\n\n\n<p>Safouane, Hamza \/ J\u00fcnemann, Annette \/ G\u00f6ttsche, Sandra (2021): \u201cForced migrants\u2019 tactical performances of agency: A theoretical perspective\u201d. Geopolitics.&nbsp;<a href=\"https:\/\/www.tandfonline.com\/doi\/pdf\/10.1080\/14650045.2021.1973733\" rel='nofollow'>Link hier<\/a>.<\/p>\n\n\n\n<p>Safouane, H. (2019, January 3). \u201cMigrants\u2019 Timeless Tales: A Visit to Bremerhaven\u2019s German Emigration Centre.\u201d <em>LIDC Migration Leadership Team, <\/em>SOAS, University of London: blogs.soas.ac.uk\/lidc-mlt\/2019\/01\/03\/guest-blog-migrants-timeless-tales-a-visit-to-bremerhavens-german-emigration-centre\/<\/p>\n\n\n\n<p>Safouane, H. (2013, July 5). Mohamed Morsi coup: the army versus the government is just the way things go in Egypt. <em>PolicyMic<\/em><\/p>\n\n\n\n<p>Safouane, H. (2013, June 23). Hassan Rouhani: don\u2019t expect Iran to become a Western-style democracy. <em>PolicyMic<\/em><\/p>\n\n\n\n<p>Safouane, H. (2013, June 13). \u201cInspire\u201d Magazine: Al-Qaeda Claims its Online Rag Inspired Boston Bombing Attacks. <em>PolicyMic<\/em><\/p>\n\n\n\n<p>Safouane, H. (2013, June 5). How Syria&#8217;s Civil War threatens to destabilize the entire Middle East. PolicyMic<\/p>\n\n\n\n<p>Safouane, H. (2013, May 21). Ansar Al-Sharia: violent protests rock Tunisia, could an Islamic insurgency be far behind? <em>PolicyMic<\/em><\/p>\n\n\n\n<p>Safouane, H. (2013, May 13). Europe unemployment: 55% of Millennials are now unemployed in Spain. PolicyMic<\/p>\n\n\n\n<p>Safouane, H. (2013, April 26). North Korea news: war is more likely to come from the South, not from the North. <em>PolicyMic<\/em><\/p>\n\n\n\n<p>Safouane, H. (2013, April 24). Earth Day 2013: trying to save Earth a great disservice. <em>PolicyMic<\/em><\/p>\n\n\n\n<p>Safouane, H. (2013, April 24). Venezuela news: aftermath of election continues to roil the country. <em>PolicyMic<\/em><\/p>\n\n\n\n<p><strong>Vortr\u00e4ge<\/strong><\/p>\n\n\n\n<p>17 \u2013 19. September 2020: 3. Konferenz des Netzwerks Fluchforschung (online) \u201eKontexte von Flucht, Schutz und Alltag Gefl\u00fcchteter\u201c<\/p>\n\n\n\n<ul class=\"wp-block-list\">\n<li>Title of the Presentation: &#8222;On Extractivist Migration Studies: Toward a Critique of Cultural Capital Accumulation in Social Sciences&#8220; with <abbr title=\"Doktor\">Dr.<\/abbr> Nader Talebi (Humboldt Uni. zu Berlin)<\/li>\n<\/ul>\n\n\n\n<p>24 \u2013 26. Juni 2019: British Society for Middle Eastern Studies Annual Conference (BRISMES): \u201cJoining the Dots: Interdisciplinarity in Middle East Studies,\u201d University of Leeds, England.<\/p>\n\n\n\n<ul class=\"wp-block-list\">\n<li>Title of the Presentation: \u201cAddressing the vulnerabilization of forced migrants during the migratory journey: discussing the feasibility of the collectivizing the international provision of protection\u201d with <abbr title=\"Doktor\">Dr.<\/abbr> Nicolas Fromm (<abbr title=\"Helmut Schmidt Universit\u00e4t\">HSU<\/abbr>) and <abbr title=\"Doktor\">Dr.<\/abbr> Sabith Khan (California Lutheran University).<\/li>\n<\/ul>\n\n\n\n<p>25 \u2013 26 May 2019: 6th Annual International Conference on Social Sciences: \u201cMigration in Morocco and Beyond: From Local to Global Dynamics.\u201d Al-Akhawayn University, Ifrane, Morocco.<\/p>\n\n\n\n<ul class=\"wp-block-list\">\n<li>Presentation title: \u201cBetween a rock and a hard place: Group asylum and the future of stateless people.\u201d<\/li>\n<\/ul>\n\n\n\n<p>4 \u2013 5 April 2019: Interdiszipl\u00e4rer Fachtagung \u201cIntegration und Konversion: Taufen muslimischer Fl\u00fcchtlinge f\u00fcr Kirchen, Staat und Gesellschaft in Deutschland und Europa.\u201d Alfried Krupp Wissenschaftskolleg Greifswald und Universit\u00e4t Greifswald, Greifswald, Deutschland.<\/p>\n\n\n\n<ul class=\"wp-block-list\">\n<li>Presentation title: \u201cDie Politik des Migrationschutzes in Deutschland und das Konzept der Gastfreundschaft.\u201d<\/li>\n<\/ul>\n\n\n\n<p>16 \u2013 22 July 2018: Fifth World Congress for Middle Eastern Studies (WOCMES), Seville, Spain: &#8222;Migrants&#8216; Journey Narratives and the Challenges to EU Migration and Asylum Policy: Policy :<\/p>\n\n\n\n<ul class=\"wp-block-list\">\n<li>First Presentation titled: \u201cFrom raw material to data: lessons from conducting in-depth interviews with refugees and<br>asylum seekers\u201d<\/li>\n\n\n\n<li>Second Presentation titled: &#8222;Migration-violence nexus: the case of migrant othering through epistemic violence&#8220;<\/li>\n<\/ul>\n\n\n\n<p>23 \u2013 24 March 2018: International Refugee Research: Evidence for Smart Policy an der Akademie f\u00fcr politische Bildung, Tutzing, Deutschland.<\/p>\n\n\n\n<ul class=\"wp-block-list\">\n<li>Presentation title: &#8222;Migrants&#8216; Journey Narratives and the Challenges to EU Migration and Asylum Policy: Policy Recommendations&#8220;<\/li>\n<\/ul>\n\n\n\n<p>13 \u2013 17. September 2017: 11th Pan-European Conference on International Relations, European International Studies Association (EISA), Barcelona, Spain.<\/p>\n\n\n\n<ul class=\"wp-block-list\">\n<li>Panelist: \u201cBorders and Boundaries in the Euro-Mediterranean Space.\u201d<\/li>\n<\/ul>\n\n\n\n<p>5 \u2013 7. July 2017: British Society for Middle Eastern Studies Annual Conference (BRISMES): Migration and Movement, University of Edinburgh, Scotland.<\/p>\n\n\n\n<ul class=\"wp-block-list\">\n<li>Presentation title: \u201cYour name is refugee\u2019\u201d: Migrants&#8216; Journey Narratives and the Challenge to the International Refugee Regime.&#8220;<\/li>\n<\/ul>\n\n\n\n<p>12. December 2016: Helmut-Schmidt-Universit\u00e4t, Hamburg, Germany. Guest lecturer.<\/p>\n\n\n\n<ul class=\"wp-block-list\">\n<li>Presentation title: \u201cWhat are the discursive practices of migration and what are their impacts on migrants\u2019 access to political membership in the recipient country?\u201d (auf Einladung)<\/li>\n<\/ul>\n\n\n\n<p>25 \u2013 26. November 2016: Berlin-Istanbul Lecture Series: Urban Space and Refugees, Technische Universit\u00e4t Berlin, Germany.<\/p>\n\n\n\n<ul class=\"wp-block-list\">\n<li>Presentation title: &#8222;Manufacturing Striated Space for Migrants: An Ethnography of Initial Reception Centers for Asylum Seekers in Germany.&#8220;<\/li>\n<\/ul>\n\n\n\n<p>20\u2013 26. June 2016:&nbsp; The Jean Monnet PhD Summer School, \u2018Security and Justice in Europe\u2019 University of Dundee, Scotland.<\/p>\n\n\n\n<ul class=\"wp-block-list\">\n<li>Presentation title: \u201cTheories of discourse analysis: the case of migration.\u201d<\/li>\n<\/ul>\n\n\n\n<p>27. February \u2013 2. March 2014:&nbsp; 20th New Faces Conference, German Council on Foreign Relations (DGAP), Istanbul, Turkey, \u201cCitizenship and Political Participation in the Mediterranean Region\u201d.<\/p>\n\n\n\n<ul class=\"wp-block-list\">\n<li>Vortrag des Arbeitspapiers: \u201cThe political stakes of Morocco\u2019s debate on Moroccan Arabic.\u201d<\/li>\n\n\n\n<li>&nbsp;<\/li>\n<\/ul>\n\n\n\n<p><strong>Lehre<\/strong><\/p>\n\n\n\n<p>Fall Trimester 2019: Friedens- und Konfliktforschung: Krieg (<abbr title=\"Helmut Schmidt Universit\u00e4t\">HSU<\/abbr>)<\/p>\n\n\n\n<p>Winter Trimester 2018: Theorie und Empirie der Internationalen Beziehungen: Einf\u00fchrung &#8211; Themen und Erkl\u00e4rungsans\u00e4tze (<abbr title=\"Helmut Schmidt Universit\u00e4t\">HSU<\/abbr>)<\/p>\n\n\n\n<p>Fall Semester 2015: Transnational migration (Virginia Tech)<\/p>\n\n\n\n<p>Spring Semester 2015: Introduction to Global Politics (Virginia Tech)<\/p>\n\n\n\n<p>Fall Semester 2014: Selected World Problems (Virginia Tech)<\/p>\n\n\n\n<p><strong>Feldforschung<\/strong><\/p>\n\n\n\n<p>October 2018: Semi-structured interviews with refugees in al-Azraq and Zaatari refugee camps. Research in cooperation with <abbr title=\"Doktor\">Dr.<\/abbr> M\u00fcller-Rentsch from the Hamburger Institut f\u00fcr Sozialforschung (HIS) and<br>Yarmouk University (Jordan)<\/p>\n\n\n\n<p>September 2016 \u2013 January 2017: Semi-structured interviews with migrants from Syria, Iraq and Afghanistan in Hamburg, Germany (Research approved by Virginia Tech\u2019s ethics committee).<\/p>\n\n\n\n<p>Mai 2016 \u2013 August 2016: Field observations in several reception centers for refugees and asylum seekers in Hamburg, Germany (Research approved by Virginia Tech\u2019s ethics committee).<\/p>\n","protected":false},"excerpt":{"rendered":"<p>Kontakt: Forschungsschwerpunkte: &#8211;&nbsp; Kritische Migrationsforschung &#8211;&nbsp; Fl\u00fcchtlings- und Zwangsmigrationsstudien&#8211;&nbsp; Europa-Mittelmeerraum &#8211;&nbsp; Moderne Politik- und Sozialtheorie&#8211;&nbsp; Diskursanalyse&#8211;&nbsp; Ethnographie &#8211;&nbsp;&nbsp;Qualitative Forschungsmethodik&#8211;&nbsp; M\u00fcndliche Geschichte (Oral history) Curriculum Vitae Hamza Safouane hat im Februar [&hellip;]<\/p>\n","protected":false},"author":138,"featured_media":0,"parent":0,"menu_order":0,"comment_status":"closed","ping_status":"closed","template":"","meta":{"footnotes":""},"categories":[9],"tags":[],"class_list":["post-1395","page","type-page","status-publish","hentry","category-team-en"],"_links":{"self":[{"href":"https:\/\/www.hsu-hh.de\/juenemann\/wp-json\/wp\/v2\/pages\/1395","targetHints":{"allow":["GET"]}}],"collection":[{"href":"https:\/\/www.hsu-hh.de\/juenemann\/wp-json\/wp\/v2\/pages"}],"about":[{"href":"https:\/\/www.hsu-hh.de\/juenemann\/wp-json\/wp\/v2\/types\/page"}],"author":[{"embeddable":true,"href":"https:\/\/www.hsu-hh.de\/juenemann\/wp-json\/wp\/v2\/users\/138"}],"replies":[{"embeddable":true,"href":"https:\/\/www.hsu-hh.de\/juenemann\/wp-json\/wp\/v2\/comments?post=1395"}],"version-history":[{"count":8,"href":"https:\/\/www.hsu-hh.de\/juenemann\/wp-json\/wp\/v2\/pages\/1395\/revisions"}],"predecessor-version":[{"id":2163,"href":"https:\/\/www.hsu-hh.de\/juenemann\/wp-json\/wp\/v2\/pages\/1395\/revisions\/2163"}],"wp:attachment":[{"href":"https:\/\/www.hsu-hh.de\/juenemann\/wp-json\/wp\/v2\/media?parent=1395"}],"wp:term":[{"taxonomy":"category","embeddable":true,"href":"https:\/\/www.hsu-hh.de\/juenemann\/wp-json\/wp\/v2\/categories?post=1395"},{"taxonomy":"post_tag","embeddable":true,"href":"https:\/\/www.hsu-hh.de\/juenemann\/wp-json\/wp\/v2\/tags?post=1395"}],"curies":[{"name":"wp","href":"https:\/\/api.w.org\/{rel}","templated":true}]}}