{"id":75,"date":"2017-07-03T15:52:18","date_gmt":"2017-07-03T13:52:18","guid":{"rendered":"https:\/\/www.hsu-hh.de\/vorlage\/?page_id=75"},"modified":"2026-02-24T15:29:01","modified_gmt":"2026-02-24T14:29:01","slug":"startpage","status":"publish","type":"page","link":"https:\/\/www.hsu-hh.de\/ivb\/en\/startpage\/","title":{"rendered":"Chair of Educational Science with a Focus on Intercultural and Comparative Education Research"},"content":{"rendered":"\n<div class=\"wp-block-columns is-layout-flex wp-container-core-columns-is-layout-9d6595d7 wp-block-columns-is-layout-flex\">\n<div class=\"wp-block-column is-layout-flow wp-block-column-is-layout-flow\" style=\"flex-basis:100%\">\n<figure class=\"wp-block-image size-slider-image is-resized is-style-default\"><img loading=\"lazy\" decoding=\"async\" width=\"1800\" height=\"450\" src=\"https:\/\/www.hsu-hh.de\/ivb\/wp-content\/uploads\/sites\/843\/2023\/03\/Borderless-teamLab-1-1800x450.jpg\" data-credit=\"https:\/\/www.teamlab.art\/ko\/e\/borderless_odaiba\/\" alt=\"(C) TeamLab, Borderless Exhibition\" class=\"wp-image-3001\" style=\"width:1164px;height:291px\" \/><figcaption class=\"wp-element-caption\">Borderless (by <a href=\"https:\/\/www.teamlab.art\/ko\/e\/borderless_odaiba\/\" rel='nofollow'>TeamLab<\/a>)<\/figcaption><\/figure>\n<\/div>\n<\/div>\n\n\n\n<div class=\"wp-block-columns is-layout-flex wp-container-core-columns-is-layout-9d6595d7 wp-block-columns-is-layout-flex\">\n<div class=\"wp-block-column is-layout-flow wp-block-column-is-layout-flow\" style=\"flex-basis:33.33%\">\n<div class=\"wp-block-hsu-publicationblock\"><div class=\"img-area download-image\"><img decoding=\"async\" src=\"https:\/\/www.hsu-hh.de\/ivb\/wp-content\/uploads\/sites\/843\/2025\/09\/BuchAimingForDiversity-1-100x100.webp\" alt=\"\" \/><\/div><div class=\"content-area\">Annett Gr\u00e4fe-Geusch (2025). <a href=\"https:\/\/shop.budrich.de\/en\/product-2\/aiming-for-diversity\" rel='nofollow'>Aiming for Diversity<br>Inclusive and Exclusive Logics on Ethno-Religious Diversity in Berlin\u2019s Secondary Schools.<\/a> <em>Verlag Barbara Budrich<\/em><br><\/div><\/div>\n\n\n\n<div class=\"wp-block-hsu-publicationblock\"><div class=\"img-area download-image\"><img decoding=\"async\" src=\"https:\/\/www.hsu-hh.de\/ivb\/wp-content\/uploads\/sites\/843\/2025\/03\/ZEP_2023_3_SzakacsBehling_Hornberg_Transformation_and_transnationalisation-1-1-Kopie-100x100.png\" alt=\"\" \/><\/div><div class=\"content-area\">Szak\u00e1cs-Behling, S. &amp; Hornberg, S. (2023). <a href=\"https:\/\/www.pedocs.de\/frontdoor.php?source_opus=28732\" data-type=\"link\" data-id=\"https:\/\/www.pedocs.de\/frontdoor.php?source_opus=28732\" rel='nofollow'>Transformation and Transnationalisation of schooling: Wherein lies the transformative potential of Global Citizenship Education?<\/a>&nbsp;<em>ZEP \u2013 Die Zeitschrift f\u00fcr internationale Bildungsforschung und Entwicklungsp\u00e4dagogik<\/em>, 3\/2023<\/div><\/div>\n\n\n\n<div class=\"wp-block-hsu-publicationblock\"><div class=\"img-area download-image\"><img decoding=\"async\" src=\"https:\/\/www.hsu-hh.de\/ivb\/wp-content\/uploads\/sites\/843\/2025\/03\/prevnting_simona-Kopie-100x100.png\" alt=\"\" \/><\/div><div class=\"content-area\">Christodoulou, E. &amp; Szak\u00e1cs, S. (2018).&nbsp;<a href=\"https:\/\/repository.gei.de\/handle\/11428\/297\" rel='nofollow'>Preventing Violent Extremism through Education: International and German Approaches.<\/a>&nbsp;<em>Georg-Eckert-Institut.<\/em><br><\/div><\/div>\n<\/div>\n\n\n\n<div class=\"wp-block-column is-layout-flow wp-block-column-is-layout-flow\" style=\"flex-basis:66.66%\">\n<p>The research focus of <abbr title=\"Professor\">Prof.<\/abbr>\u00a0<abbr title=\"Doktor\">Dr.<\/abbr>\u00a0<a href=\"https:\/\/www.hsu-hh.de\/ivb\/en\/prof-dr-simona-szakacs-behling\/\" data-type=\"page\" data-id=\"3984\">Simona Szak\u00e1cs-Behling<\/a>, <abbr title=\"Doktor\">Dr.<\/abbr> <a href=\"https:\/\/www.hsu-hh.de\/ivb\/en\/dr-annett-graefe-geusch-2\/\" data-type=\"link\" data-id=\"https:\/\/www.hsu-hh.de\/ivb\/dr-patrick-mielke\/\">Annett Gr\u00e4fe-Geusch<\/a>, <abbr title=\"Doktor\">Dr.<\/abbr> <a href=\"https:\/\/www.hsu-hh.de\/ivb\/en\/dr-jiayin-li-gottwald-2\">Jiayin Li-Gottwald<\/a>, <abbr title=\"Doktor\">Dr.<\/abbr> <a href=\"https:\/\/www.hsu-hh.de\/ivb\/en\/dr-fabian-besche-truthe-2\/\">Fabian Besche-Truthe<\/a> and <a href=\"https:\/\/www.hsu-hh.de\/ivb\/en\/voss-2\/\">Diana Vo\u00df<\/a> in the area of administration &#8211; are issues of intercultural as well as international and comparative education research. In particular, we are concerned with the dynamics of transnationalization, internationalization and Europeanization in and of school(ing) and education, as well as the social consequences of pluralization, differentiation and manifold cross-border mobilities that affect, and are in turn affected by, the life-worlds of all those involved in education.<\/p>\n\n\n\n<hr class=\"wp-block-separator has-alpha-channel-opacity\" \/>\n\n\n\n<p>In this context, we are interested, for example, in<\/p>\n\n\n\n<ul class=\"wp-block-list\">\n<li>the difussion of transnational norms in, and through, education,<\/li>\n\n\n\n<li>the proliferation of internationally oriented school typologies and educational contents,<\/li>\n\n\n\n<li>transnational biographies and educational trajectories,<\/li>\n\n\n\n<li>the meaning of globality, internationality and diversity in variously privileged schooling contexts,<\/li>\n\n\n\n<li>manifestations of racism, right-wing extremism and discrimination in society and state (educational) institutions,<\/li>\n\n\n\n<li>the role of the education system in the reproduction and modification of social inequality,<\/li>\n\n\n\n<li>theories and concepts of education in and for the (post-)migration society,<\/li>\n\n\n\n<li>anti-discrimination politics and policies, its implementation in educational organisations and discrimination-critical qualification and professionalisation of teachers and other educationists,<\/li>\n\n\n\n<li>critique and further development of methodological and methodological approaches in intercultural and comparative educational research.<\/li>\n<\/ul>\n\n\n\n<p>You can find further information under &#8218;<a href=\"https:\/\/www.hsu-hh.de\/ivb\/en\/news-2\/\" data-type=\"page\" data-id=\"3329\">News<\/a>&#8218;, &#8218;<a href=\"https:\/\/www.hsu-hh.de\/ivb\/en\/research\/\" target=\"_blank\" rel=\"noreferrer noopener\">Research<\/a>&#8218; and &#8218;<a href=\"https:\/\/www.hsu-hh.de\/ivb\/en\/lectures\/\" target=\"_blank\" rel=\"noreferrer noopener\">Teaching and Study<\/a>&#8218;.<\/p>\n\n\n\n<p class=\"has-medium-font-size\"><strong>Our homepage is still under construction. If you are looking for more detailed information, we will be happy to answer your questions by e-mail or telephone.<\/strong><\/p>\n\n\n\n<p><\/p>\n<\/div>\n<\/div>\n","protected":false},"excerpt":{"rendered":"<p>The research focus of Prof.\u00a0Dr.\u00a0Simona Szak\u00e1cs-Behling, Dr. Annett Gr\u00e4fe-Geusch, Dr. Jiayin Li-Gottwald, Dr. Fabian Besche-Truthe and Diana Vo\u00df in the area of administration &#8211; are issues of intercultural as well [&hellip;]<\/p>\n","protected":false},"author":26,"featured_media":0,"parent":0,"menu_order":0,"comment_status":"closed","ping_status":"closed","template":"","meta":{"footnotes":""},"categories":[144],"tags":[],"class_list":["post-75","page","type-page","status-publish","hentry","category-news"],"_links":{"self":[{"href":"https:\/\/www.hsu-hh.de\/ivb\/wp-json\/wp\/v2\/pages\/75","targetHints":{"allow":["GET"]}}],"collection":[{"href":"https:\/\/www.hsu-hh.de\/ivb\/wp-json\/wp\/v2\/pages"}],"about":[{"href":"https:\/\/www.hsu-hh.de\/ivb\/wp-json\/wp\/v2\/types\/page"}],"author":[{"embeddable":true,"href":"https:\/\/www.hsu-hh.de\/ivb\/wp-json\/wp\/v2\/users\/26"}],"replies":[{"embeddable":true,"href":"https:\/\/www.hsu-hh.de\/ivb\/wp-json\/wp\/v2\/comments?post=75"}],"version-history":[{"count":58,"href":"https:\/\/www.hsu-hh.de\/ivb\/wp-json\/wp\/v2\/pages\/75\/revisions"}],"predecessor-version":[{"id":4536,"href":"https:\/\/www.hsu-hh.de\/ivb\/wp-json\/wp\/v2\/pages\/75\/revisions\/4536"}],"wp:attachment":[{"href":"https:\/\/www.hsu-hh.de\/ivb\/wp-json\/wp\/v2\/media?parent=75"}],"wp:term":[{"taxonomy":"category","embeddable":true,"href":"https:\/\/www.hsu-hh.de\/ivb\/wp-json\/wp\/v2\/categories?post=75"},{"taxonomy":"post_tag","embeddable":true,"href":"https:\/\/www.hsu-hh.de\/ivb\/wp-json\/wp\/v2\/tags?post=75"}],"curies":[{"name":"wp","href":"https:\/\/api.w.org\/{rel}","templated":true}]}}