{"id":73,"date":"2017-07-03T15:52:08","date_gmt":"2017-07-03T13:52:08","guid":{"rendered":"https:\/\/www.hsu-hh.de\/vorlage\/?page_id=73"},"modified":"2026-02-24T14:44:17","modified_gmt":"2026-02-24T13:44:17","slug":"startseite","status":"publish","type":"page","link":"https:\/\/www.hsu-hh.de\/ivb\/","title":{"rendered":"Professur f\u00fcr Erziehungswissenschaft mit Schwerpunkt interkulturelle und vergleichende Bildungsforschung"},"content":{"rendered":"\n<figure class=\"wp-block-image size-large\"><img loading=\"lazy\" decoding=\"async\" width=\"1024\" height=\"256\" src=\"https:\/\/www.hsu-hh.de\/ivb\/wp-content\/uploads\/sites\/843\/2025\/04\/Borderless-teamLab-1-1800x450-1-1024x256.jpg\" data-credit=\"TeamLab\" alt=\"\" class=\"wp-image-4324\" srcset=\"https:\/\/www.hsu-hh.de\/ivb\/wp-content\/uploads\/sites\/843\/2025\/04\/Borderless-teamLab-1-1800x450-1-1024x256.jpg 1024w, https:\/\/www.hsu-hh.de\/ivb\/wp-content\/uploads\/sites\/843\/2025\/04\/Borderless-teamLab-1-1800x450-1-300x75.jpg 300w, https:\/\/www.hsu-hh.de\/ivb\/wp-content\/uploads\/sites\/843\/2025\/04\/Borderless-teamLab-1-1800x450-1-768x192.jpg 768w, https:\/\/www.hsu-hh.de\/ivb\/wp-content\/uploads\/sites\/843\/2025\/04\/Borderless-teamLab-1-1800x450-1-1536x384.jpg 1536w, https:\/\/www.hsu-hh.de\/ivb\/wp-content\/uploads\/sites\/843\/2025\/04\/Borderless-teamLab-1-1800x450-1-1100x275.jpg 1100w, https:\/\/www.hsu-hh.de\/ivb\/wp-content\/uploads\/sites\/843\/2025\/04\/Borderless-teamLab-1-1800x450-1.jpg 1800w\" sizes=\"auto, (max-width: 1024px) 100vw, 1024px\" \/><\/figure>\n\n\n\n<div class=\"wp-block-columns is-layout-flex wp-container-core-columns-is-layout-9d6595d7 wp-block-columns-is-layout-flex\">\n<div class=\"wp-block-column is-vertically-aligned-top is-layout-flow wp-block-column-is-layout-flow\" style=\"flex-basis:100%\">\n<div class=\"wp-block-columns is-layout-flex wp-container-core-columns-is-layout-9d6595d7 wp-block-columns-is-layout-flex\">\n<div class=\"wp-block-column is-layout-flow wp-block-column-is-layout-flow\" style=\"flex-basis:33.33%\">\n<div class=\"wp-block-hsu-publicationblock\"><div class=\"img-area download-image\"><img decoding=\"async\" src=\"https:\/\/www.hsu-hh.de\/ivb\/wp-content\/uploads\/sites\/843\/2025\/09\/BuchAimingForDiversity-100x100.webp\" alt=\"\" \/><\/div><div class=\"content-area\">Annett Gr\u00e4fe-Geusch (2025). <a href=\"https:\/\/shop.budrich.de\/en\/product-2\/aiming-for-diversity\" rel='nofollow'>Aiming for Diversity<br>Inclusive and Exclusive Logics on Ethno-Religious Diversity in Berlin\u2019s Secondary Schools.<\/a> <em>Verlag Barbara Budrich<\/em><\/div><\/div>\n\n\n\n<div class=\"wp-block-hsu-publicationblock\"><div class=\"img-area download-image\"><img decoding=\"async\" src=\"https:\/\/www.hsu-hh.de\/ivb\/wp-content\/uploads\/sites\/843\/2025\/03\/ZEP_2023_3_SzakacsBehling_Hornberg_Transformation_and_transnationalisation-1-1-100x100.png\" alt=\"\" \/><\/div><div class=\"content-area\">Szak\u00e1cs-Behling, S. &amp; Hornberg, S. (2023). <a href=\"https:\/\/www.pedocs.de\/frontdoor.php?source_opus=28732\" data-type=\"link\" data-id=\"https:\/\/www.pedocs.de\/frontdoor.php?source_opus=28732\" rel='nofollow'>Transformation and Transnationalisation of schooling: Wherein lies the transformative potential of Global Citizenship Education?<\/a>&nbsp;<em>ZEP \u2013 Die Zeitschrift f\u00fcr internationale Bildungsforschung und Entwicklungsp\u00e4dagogik<\/em>, 3\/2023<\/div><\/div>\n\n\n\n<div class=\"wp-block-hsu-publicationblock\"><div class=\"img-area download-image\"><img decoding=\"async\" src=\"https:\/\/www.hsu-hh.de\/ivb\/wp-content\/uploads\/sites\/843\/2025\/03\/prevnting_simona-100x100.png\" alt=\"\" \/><\/div><div class=\"content-area\">Christodoulou, E. &amp; Szak\u00e1cs, S. (2018).&nbsp;<a href=\"https:\/\/repository.gei.de\/handle\/11428\/297\" rel='nofollow'>Preventing Violent Extremism through Education: International and German Approaches.<\/a>&nbsp;Georg-Eckert-Institut.<br><\/div><\/div>\n<\/div>\n\n\n\n<div class=\"wp-block-column is-layout-flow wp-block-column-is-layout-flow\" style=\"flex-basis:66.66%\">\n<p><span class=\"s1\">Die Forschungsschwerpunkte von <abbr title=\"Professor\">Prof.<\/abbr> <abbr title=\"Doktor\">Dr.<\/abbr> <a href=\"https:\/\/www.hsu-hh.de\/ivb\/prof-in-dr-simona-szakacs-behling\/\" data-type=\"page\" data-id=\"618\">Simona Szak\u00e1cs-Behling<\/a>, <abbr title=\"Doktor\">Dr.<\/abbr> <\/span><a href=\"https:\/\/www.hsu-hh.de\/ivb\/dr-annett-graefe-geusch\/\" data-type=\"link\" data-id=\"https:\/\/www.hsu-hh.de\/ivb\/dr-patrick-mielke\/\">Annett Gr\u00e4fe-Geusch<\/a><span class=\"s1\">, <abbr title=\"Doktor\">Dr.<\/abbr> <a href=\"https:\/\/www.hsu-hh.de\/ivb\/dr-jiayin-li-gottwald\" data-type=\"link\" data-id=\"https:\/\/www.hsu-hh.de\/ivb\/dr-jiayin-li-gottwald\">Jiayin Li-Gottwald<\/a>, <abbr title=\"Doktor\">Dr.<\/abbr> <a href=\"https:\/\/www.hsu-hh.de\/ivb\/dr-fabian-besche-truthe\/\">Fabian Besche-Truthe<\/a> sowie <a href=\"https:\/\/www.hsu-hh.de\/ivb\/voss\/\">Diana Vo\u00df<\/a> im Bereich der Verwaltung \u2013 bilden Fragestellungen der interkulturellen sowie der internationale und vergleichenden Bildungsforschung. Insbesondere besch\u00e4ftigen wir uns mit den Dynamiken der Transnationalisierung, Internationalisierung und Europ\u00e4isierung (in) der Schule und (in) der Bildung, sowie den gesellschaftlichen Folgen der Pluralisierung, Differenzierung und grenz\u00fcberschreitenden Mobilit\u00e4t, die sich auf die Lebenswelten aller an der Bildung Beteiligten auswirken und ihrerseits von ihnen beeinflusst werden. <\/span><\/p>\n\n\n\n<hr class=\"wp-block-separator has-alpha-channel-opacity\" \/>\n\n\n\n<p><span class=\"s1\">In diesem Zusammenhang interessieren uns zum Beispiel<\/span><\/p>\n\n\n\n<ul class=\"wp-block-list\">\n<li>die Diffusion transnationaler Normen in und durch Bildung,<\/li>\n\n\n\n<li>die Verbreitung von international ausgerichteten Schultypologien und Bildungsinhalten,<\/li>\n\n\n\n<li>transnationale Biographien und Bildungsverl\u00e4ufe,<\/li>\n\n\n\n<li>die Bedeutung von Globalit\u00e4t, Internationalit\u00e4t und Diversit\u00e4t in unterschiedlich privilegierten schulischen Kontexten,<\/li>\n\n\n\n<li><span class=\"s1\">Erscheinungsformen von Rassismus, Rechtsextremismus und Diskriminierung in Gesellschaft und staatlichen (Bildungs-)Institutionen,<\/span><\/li>\n\n\n\n<li><span class=\"s1\">die Rolle des Bildungssystems bei der Reproduktion und Bearbeitung sozialer Ungleichheit,<\/span><\/li>\n\n\n\n<li><span class=\"s1\">Theorien und Handlungskonzepte von Erziehung und Bildung in und f\u00fcr die (Post-)Migrationsgesellschaft,<\/span><\/li>\n\n\n\n<li><span class=\"s1\">Antidiskriminierungspolitik, ihre Umsetzung in p\u00e4dagogischen Organisationen und diskriminierungskritische Professionalisierung p\u00e4dagogischer Fachkr\u00e4fte,<\/span><\/li>\n\n\n\n<li><span class=\"s1\">Kritik und Weiterentwicklung methodologischer und methodischer Ans\u00e4tze der interkulturellen und vergleichenden Bildungsforschung.&nbsp;<\/span><\/li>\n<\/ul>\n\n\n\n<p><span class=\"s1\">Weitere Informationen finden Sie unter <a href=\"https:\/\/www.hsu-hh.de\/ivb\/aktuelles\/\" data-type=\"page\" data-id=\"3207\">Aktuelles<\/a>, <span class=\"s1\"><a href=\"https:\/\/www.hsu-hh.de\/ivb\/forschung\/\">Forschung<\/a><\/span><\/span> <span class=\"s1\">und <a href=\"https:\/\/www.hsu-hh.de\/ivb\/lehre\/\">Lehre und Studium<\/a><\/span>. <\/p>\n\n\n\n<p class=\"has-medium-font-size\"><span class=\"s1\"><strong>Unsere Homepage befindet sich noch im Aufbau. Wenn Sie ausf\u00fchrlichere Informationen suchen, beantworten wir Anfragen gern per Mail oder Telefon.<\/strong><\/span><\/p>\n<\/div>\n<\/div>\n<\/div>\n<\/div>\n\n\n\n<p><\/p>\n","protected":false},"excerpt":{"rendered":"<p>Die Forschungsschwerpunkte von Prof. Dr. Simona Szak\u00e1cs-Behling, Dr. Annett Gr\u00e4fe-Geusch, Dr. Jiayin Li-Gottwald, Dr. Fabian Besche-Truthe sowie Diana Vo\u00df im Bereich der Verwaltung \u2013 bilden Fragestellungen der interkulturellen sowie der [&hellip;]<\/p>\n","protected":false},"author":26,"featured_media":0,"parent":0,"menu_order":0,"comment_status":"closed","ping_status":"closed","template":"","meta":{"footnotes":""},"categories":[146],"tags":[],"class_list":["post-73","page","type-page","status-publish","hentry","category-aktuelles"],"_links":{"self":[{"href":"https:\/\/www.hsu-hh.de\/ivb\/wp-json\/wp\/v2\/pages\/73","targetHints":{"allow":["GET"]}}],"collection":[{"href":"https:\/\/www.hsu-hh.de\/ivb\/wp-json\/wp\/v2\/pages"}],"about":[{"href":"https:\/\/www.hsu-hh.de\/ivb\/wp-json\/wp\/v2\/types\/page"}],"author":[{"embeddable":true,"href":"https:\/\/www.hsu-hh.de\/ivb\/wp-json\/wp\/v2\/users\/26"}],"replies":[{"embeddable":true,"href":"https:\/\/www.hsu-hh.de\/ivb\/wp-json\/wp\/v2\/comments?post=73"}],"version-history":[{"count":156,"href":"https:\/\/www.hsu-hh.de\/ivb\/wp-json\/wp\/v2\/pages\/73\/revisions"}],"predecessor-version":[{"id":4530,"href":"https:\/\/www.hsu-hh.de\/ivb\/wp-json\/wp\/v2\/pages\/73\/revisions\/4530"}],"wp:attachment":[{"href":"https:\/\/www.hsu-hh.de\/ivb\/wp-json\/wp\/v2\/media?parent=73"}],"wp:term":[{"taxonomy":"category","embeddable":true,"href":"https:\/\/www.hsu-hh.de\/ivb\/wp-json\/wp\/v2\/categories?post=73"},{"taxonomy":"post_tag","embeddable":true,"href":"https:\/\/www.hsu-hh.de\/ivb\/wp-json\/wp\/v2\/tags?post=73"}],"curies":[{"name":"wp","href":"https:\/\/api.w.org\/{rel}","templated":true}]}}