{"id":619,"date":"2020-08-26T14:25:21","date_gmt":"2020-08-26T12:25:21","guid":{"rendered":"https:\/\/www.hsu-hh.de\/ivb\/?page_id=619"},"modified":"2021-03-03T15:49:44","modified_gmt":"2021-03-03T14:49:44","slug":"shk","status":"publish","type":"page","link":"https:\/\/www.hsu-hh.de\/ivb\/shk\/","title":{"rendered":"Freya Carius (SHK)"},"content":{"rendered":"\n<div class=\"wp-block-columns is-layout-flex wp-container-core-columns-is-layout-9d6595d7 wp-block-columns-is-layout-flex\">\n<div class=\"wp-block-column is-layout-flow wp-block-column-is-layout-flow\">\n<p><strong>Postanschrift<\/strong> <br>Helmut-Schmidt-Universit\u00e4t<br>Postfach 700822<br>22008 Hamburg<\/p>\n\n\n\n<p><strong>Besucheranschrift<\/strong> <br>Helmut-Schmidt-Universit\u00e4t<br>Geb\u00e4ude H4, Raum 224<br>Holstenhofweg 85<br>22043 Hamburg<\/p>\n<\/div>\n\n\n\n<div class=\"wp-block-column is-layout-flow wp-block-column-is-layout-flow\">\n<p><strong>E-Mail:<\/strong> cariusf@hsu-hh.de<\/p>\n<\/div>\n\n\n\n<div class=\"wp-block-column is-layout-flow wp-block-column-is-layout-flow\"><\/div>\n<\/div>\n\n\n<p> <h3>Zur Person<\/h3><br \/>Freya Carius, 23 Jahre, arbeitet seit vergangenem Jahr als studentische Hilfskraft f\u00fcr die Professur. Sie studiert im 5. Semester Erziehungs- und Bildungswissenschaften an der Universit\u00e4t Hamburg. Sie \u00fcbernimmt den Erstkontakt f\u00fcr die Redaktion des Ressorts &#8222;Interkulturelle P\u00e4dagogik&#8220; der EWR.\u00a0 <br \/><br \/><\/p>\n\n\n<p><\/p>\n","protected":false},"excerpt":{"rendered":"<p>Postanschrift Helmut-Schmidt-Universit\u00e4tPostfach 70082222008 Hamburg Besucheranschrift Helmut-Schmidt-Universit\u00e4tGeb\u00e4ude H4, Raum 224Holstenhofweg 8522043 Hamburg E-Mail: cariusf@hsu-hh.de Zur Person Freya Carius, 23 Jahre, arbeitet seit vergangenem Jahr als studentische Hilfskraft f\u00fcr die Professur. Sie [&hellip;]<\/p>\n","protected":false},"author":2599,"featured_media":0,"parent":0,"menu_order":0,"comment_status":"closed","ping_status":"closed","template":"","meta":{"footnotes":""},"categories":[4],"tags":[],"class_list":["post-619","page","type-page","status-publish","hentry","category-forschung"],"_links":{"self":[{"href":"https:\/\/www.hsu-hh.de\/ivb\/wp-json\/wp\/v2\/pages\/619","targetHints":{"allow":["GET"]}}],"collection":[{"href":"https:\/\/www.hsu-hh.de\/ivb\/wp-json\/wp\/v2\/pages"}],"about":[{"href":"https:\/\/www.hsu-hh.de\/ivb\/wp-json\/wp\/v2\/types\/page"}],"author":[{"embeddable":true,"href":"https:\/\/www.hsu-hh.de\/ivb\/wp-json\/wp\/v2\/users\/2599"}],"replies":[{"embeddable":true,"href":"https:\/\/www.hsu-hh.de\/ivb\/wp-json\/wp\/v2\/comments?post=619"}],"version-history":[{"count":7,"href":"https:\/\/www.hsu-hh.de\/ivb\/wp-json\/wp\/v2\/pages\/619\/revisions"}],"predecessor-version":[{"id":1830,"href":"https:\/\/www.hsu-hh.de\/ivb\/wp-json\/wp\/v2\/pages\/619\/revisions\/1830"}],"wp:attachment":[{"href":"https:\/\/www.hsu-hh.de\/ivb\/wp-json\/wp\/v2\/media?parent=619"}],"wp:term":[{"taxonomy":"category","embeddable":true,"href":"https:\/\/www.hsu-hh.de\/ivb\/wp-json\/wp\/v2\/categories?post=619"},{"taxonomy":"post_tag","embeddable":true,"href":"https:\/\/www.hsu-hh.de\/ivb\/wp-json\/wp\/v2\/tags?post=619"}],"curies":[{"name":"wp","href":"https:\/\/api.w.org\/{rel}","templated":true}]}}