{"id":3840,"date":"2025-03-03T15:17:42","date_gmt":"2025-03-03T14:17:42","guid":{"rendered":"https:\/\/www.hsu-hh.de\/ivb\/?page_id=3840"},"modified":"2025-03-04T11:09:52","modified_gmt":"2025-03-04T10:09:52","slug":"2019-2","status":"publish","type":"page","link":"https:\/\/www.hsu-hh.de\/ivb\/2019-2\/","title":{"rendered":"2019"},"content":{"rendered":"\n<p><strong>Bachelorarbeiten<\/strong><\/p>\n\n\n\n<p>Ahmad Abou-Daher: &#8222;Ein Vergleich der unterschiedlichen Einstellungen zwischen Ostdeutschen und Westdeutschen zur Integration und Akzeptanz von Migranten im \u00f6ffentlichen Diskurs&#8220;<\/p>\n\n\n\n<p>Max Berndt: &#8222;Rechtextremismus und Rassismus in staatlichen Organisationen&#8220;<\/p>\n\n\n\n<p>Thomas Bigge: &#8222;Die Neue Rechte als Herzausforderung f\u00fcr politische Bildungsarbeit in Deutschland&#8220;<\/p>\n\n\n\n<p>Marco Bonte: &#8222;Diskriminierung von Sch\u00fcler_innen mit Migrationshintergund an Schulen&#8220;<\/p>\n\n\n\n<p>Celine Breitfeld: &#8222;Inwiefern f\u00fchrt die Inklusion der Schulen, im Bereich der Chancengleichheit, f\u00fcr Sch\u00fcler und Sch\u00fclerinnen im Sonderschulwesen zu Ergebnissen?&#8220;<\/p>\n\n\n\n<p>Celine Breitfeld: &#8222;Inwiefern f\u00fchrte die Inklusion der Schulen, im Bereich der Chancengleichheit, f\u00fcr Sch\u00fcler und Sch\u00fclerinnen im Sonderschulwesen zu Ergebnissen?&#8220;<\/p>\n\n\n\n<p>Michelle Dahhan: &#8222;Diversity-Management in der Bundeswehr&#8220;<\/p>\n\n\n\n<p>Paulina Ender: &#8222;Migrationspanik und gruppenbezogene Menschenfeindlichkeit: &#8222;Welche Rolle spielen sie im Aufstieg von rechtspopulistischen Bewegungen in Deutschland?&#8220;<\/p>\n\n\n\n<p>Marius Engelmann: &#8222;Rechtspopulismus: Theorie, historische und gesellschaftliche Entwicklungen und p\u00e4dagogische Interventionsm\u00f6glichkeiten&#8220;<\/p>\n\n\n\n<p>Stefan Fischer: &#8222;Der NSU-Komplex als Z\u00e4sur in der politischen Bildung in staatlichen Sicherheitsbeh\u00f6rden?&#8220;<\/p>\n\n\n\n<p>Joshua Hausmann: &#8222;Neue musikalische Ausrichtung der rechten Bewegung in Deutschland und ihre Funktion f\u00fcr die rechte Bewegung am Beispiel rechtsradikal gepr\u00e4gter Hip Hop Musik&#8220;<\/p>\n\n\n\n<p>Jeannine Kr\u00fcger: &#8222;Umgang mit Flucht und Migration im Schulsystem in Deutschland nach 1945&#8220;<\/p>\n\n\n\n<p>Alicia K\u00fcster: &#8222;Interkulturelle Kompetenz als Dimension der Berufsbildung. Inwiefern kann die Interkulturelle Kompetenz die Eingliederungsm\u00f6glichkeiten von jugendlichen Migranten und Migrantinnen in das duale System der Berufsbildung in Deutschland verbessern?&#8220;<\/p>\n\n\n\n<p>Kenneth Lipp: &#8222;Integrationskonzepte und Integration von Fl\u00fcchtlingen im Fu\u00dfball&#8220;<\/p>\n\n\n\n<p>Bianca Silber: &#8222;Beeinflussung der Geschlechtsidentit\u00e4t in der fr\u00fchen Kindheit durch gesellschaftlich bestehende Vorurteile&#8220;<\/p>\n\n\n\n<p>Victoria Slupek: &#8222;Bietet die deutsche Schul- und Bildungspolitik ausreichende Integrati-onsma\u00dfnahmen f\u00fcr Kinder und Jugendliche mit Migrationshintergrund?&#8220;<\/p>\n\n\n\n<p>Hendrik Uppenkamp: &#8222;Vergleich von bildungspolitischen Reaktionen auf Neuzugewanderte in Deutschland und \u00d6sterreich&#8220;<\/p>\n\n\n\n<p>Kai Wardthuysen: &#8222;Wie werden Frauen aufgrund ihres Geschlechts im Sport diskriminiert? &#8211; Am Beispiel des Mannschaftssports Fu\u00dfball&#8220;<\/p>\n\n\n\n<p><strong>Masterarbeiten<\/strong><\/p>\n\n\n\n<p>Christina Bongartz: &#8222;Diskursanalyse. Eine Analyse von diskursiv gepr\u00e4gten Sch\u00f6nheitsidealen anhand von Beitr\u00e4gen der Social-Media-Plattform Instagram.\u201c<\/p>\n\n\n\n<p>Julia Sivota Stolz: &#8222;Neue Wege zur Lesef\u00f6rderung in sprachlich heterogenen Schulen: Das Potenzial au\u00dferschulischer Leseclubs&#8220;<\/p>\n","protected":false},"excerpt":{"rendered":"<p>Bachelorarbeiten Ahmad Abou-Daher: &#8222;Ein Vergleich der unterschiedlichen Einstellungen zwischen Ostdeutschen und Westdeutschen zur Integration und Akzeptanz von Migranten im \u00f6ffentlichen Diskurs&#8220; Max Berndt: &#8222;Rechtextremismus und Rassismus in staatlichen Organisationen&#8220; Thomas [&hellip;]<\/p>\n","protected":false},"author":3157,"featured_media":0,"parent":0,"menu_order":0,"comment_status":"closed","ping_status":"closed","template":"","meta":{"footnotes":""},"categories":[152],"tags":[142],"class_list":["post-3840","page","type-page","status-publish","hentry","category-lehre-studium","tag-bachelor-masterarbeiten"],"_links":{"self":[{"href":"https:\/\/www.hsu-hh.de\/ivb\/wp-json\/wp\/v2\/pages\/3840","targetHints":{"allow":["GET"]}}],"collection":[{"href":"https:\/\/www.hsu-hh.de\/ivb\/wp-json\/wp\/v2\/pages"}],"about":[{"href":"https:\/\/www.hsu-hh.de\/ivb\/wp-json\/wp\/v2\/types\/page"}],"author":[{"embeddable":true,"href":"https:\/\/www.hsu-hh.de\/ivb\/wp-json\/wp\/v2\/users\/3157"}],"replies":[{"embeddable":true,"href":"https:\/\/www.hsu-hh.de\/ivb\/wp-json\/wp\/v2\/comments?post=3840"}],"version-history":[{"count":1,"href":"https:\/\/www.hsu-hh.de\/ivb\/wp-json\/wp\/v2\/pages\/3840\/revisions"}],"predecessor-version":[{"id":3845,"href":"https:\/\/www.hsu-hh.de\/ivb\/wp-json\/wp\/v2\/pages\/3840\/revisions\/3845"}],"wp:attachment":[{"href":"https:\/\/www.hsu-hh.de\/ivb\/wp-json\/wp\/v2\/media?parent=3840"}],"wp:term":[{"taxonomy":"category","embeddable":true,"href":"https:\/\/www.hsu-hh.de\/ivb\/wp-json\/wp\/v2\/categories?post=3840"},{"taxonomy":"post_tag","embeddable":true,"href":"https:\/\/www.hsu-hh.de\/ivb\/wp-json\/wp\/v2\/tags?post=3840"}],"curies":[{"name":"wp","href":"https:\/\/api.w.org\/{rel}","templated":true}]}}

<p><strong>Bachelorarbeiten</strong></p>



<p>Ahmad Abou-Daher: &#8222;Ein Vergleich der unterschiedlichen Einstellungen zwischen Ostdeutschen und Westdeutschen zur Integration und Akzeptanz von Migranten im öffentlichen Diskurs&#8220;</p>



<p>Max Berndt: &#8222;Rechtextremismus und Rassismus in staatlichen Organisationen&#8220;</p>



<p>Thomas Bigge: &#8222;Die Neue Rechte als Herzausforderung für politische Bildungsarbeit in Deutschland&#8220;</p>



<p>Marco Bonte: &#8222;Diskriminierung von Schüler_innen mit Migrationshintergund an Schulen&#8220;</p>



<p>Celine Breitfeld: &#8222;Inwiefern führt die Inklusion der Schulen, im Bereich der Chancengleichheit, für Schüler und Schülerinnen im Sonderschulwesen zu Ergebnissen?&#8220;</p>



<p>Celine Breitfeld: &#8222;Inwiefern führte die Inklusion der Schulen, im Bereich der Chancengleichheit, für Schüler und Schülerinnen im Sonderschulwesen zu Ergebnissen?&#8220;</p>



<p>Michelle Dahhan: &#8222;Diversity-Management in der Bundeswehr&#8220;</p>



<p>Paulina Ender: &#8222;Migrationspanik und gruppenbezogene Menschenfeindlichkeit: &#8222;Welche Rolle spielen sie im Aufstieg von rechtspopulistischen Bewegungen in Deutschland?&#8220;</p>



<p>Marius Engelmann: &#8222;Rechtspopulismus: Theorie, historische und gesellschaftliche Entwicklungen und pädagogische Interventionsmöglichkeiten&#8220;</p>



<p>Stefan Fischer: &#8222;Der NSU-Komplex als Zäsur in der politischen Bildung in staatlichen Sicherheitsbehörden?&#8220;</p>



<p>Joshua Hausmann: &#8222;Neue musikalische Ausrichtung der rechten Bewegung in Deutschland und ihre Funktion für die rechte Bewegung am Beispiel rechtsradikal geprägter Hip Hop Musik&#8220;</p>



<p>Jeannine Krüger: &#8222;Umgang mit Flucht und Migration im Schulsystem in Deutschland nach 1945&#8220;</p>



<p>Alicia Küster: &#8222;Interkulturelle Kompetenz als Dimension der Berufsbildung. Inwiefern kann die Interkulturelle Kompetenz die Eingliederungsmöglichkeiten von jugendlichen Migranten und Migrantinnen in das duale System der Berufsbildung in Deutschland verbessern?&#8220;</p>



<p>Kenneth Lipp: &#8222;Integrationskonzepte und Integration von Flüchtlingen im Fußball&#8220;</p>



<p>Bianca Silber: &#8222;Beeinflussung der Geschlechtsidentität in der frühen Kindheit durch gesellschaftlich bestehende Vorurteile&#8220;</p>



<p>Victoria Slupek: &#8222;Bietet die deutsche Schul- und Bildungspolitik ausreichende Integrati-onsmaßnahmen für Kinder und Jugendliche mit Migrationshintergrund?&#8220;</p>



<p>Hendrik Uppenkamp: &#8222;Vergleich von bildungspolitischen Reaktionen auf Neuzugewanderte in Deutschland und Österreich&#8220;</p>



<p>Kai Wardthuysen: &#8222;Wie werden Frauen aufgrund ihres Geschlechts im Sport diskriminiert? &#8211; Am Beispiel des Mannschaftssports Fußball&#8220;</p>



<p><strong>Masterarbeiten</strong></p>



<p>Christina Bongartz: &#8222;Diskursanalyse. Eine Analyse von diskursiv geprägten Schönheitsidealen anhand von Beiträgen der Social-Media-Plattform Instagram.“</p>



<p>Julia Sivota Stolz: &#8222;Neue Wege zur Leseförderung in sprachlich heterogenen Schulen: Das Potenzial außerschulischer Leseclubs&#8220;</p>

<p>Bachelorarbeiten Ahmad Abou-Daher: &#8222;Ein Vergleich der unterschiedlichen Einstellungen zwischen Ostdeutschen und Westdeutschen zur Integration und Akzeptanz von Migranten im öffentlichen Diskurs&#8220; Max Berndt: &#8222;Rechtextremismus und Rassismus in staatlichen Organisationen&#8220; Thomas [&hellip;]</p>
