{"id":3545,"date":"2024-06-20T11:22:45","date_gmt":"2024-06-20T09:22:45","guid":{"rendered":"https:\/\/www.hsu-hh.de\/ivb\/?page_id=3545"},"modified":"2024-10-14T09:15:39","modified_gmt":"2024-10-14T07:15:39","slug":"prof-in-dr-ellen-kollender","status":"publish","type":"page","link":"https:\/\/www.hsu-hh.de\/ivb\/prof-in-dr-ellen-kollender\/","title":{"rendered":"Prof.&#8217;in Dr. Ellen Kollender (Ehemalige)"},"content":{"rendered":"\n<figure class=\"wp-block-image size-large is-resized\"><img loading=\"lazy\" decoding=\"async\" width=\"944\" height=\"1024\" src=\"https:\/\/www.hsu-hh.de\/ivb\/wp-content\/uploads\/sites\/843\/2020\/10\/DSC_4475_1-944x1024.jpg\" data-credit=\"Tural Nasibli\" alt=\"Ellen Kollender\" class=\"wp-image-1311\" style=\"width:213px;height:auto\" srcset=\"https:\/\/www.hsu-hh.de\/ivb\/wp-content\/uploads\/sites\/843\/2020\/10\/DSC_4475_1-944x1024.jpg 944w, https:\/\/www.hsu-hh.de\/ivb\/wp-content\/uploads\/sites\/843\/2020\/10\/DSC_4475_1-277x300.jpg 277w, https:\/\/www.hsu-hh.de\/ivb\/wp-content\/uploads\/sites\/843\/2020\/10\/DSC_4475_1-768x833.jpg 768w, https:\/\/www.hsu-hh.de\/ivb\/wp-content\/uploads\/sites\/843\/2020\/10\/DSC_4475_1-1417x1536.jpg 1417w, https:\/\/www.hsu-hh.de\/ivb\/wp-content\/uploads\/sites\/843\/2020\/10\/DSC_4475_1-1889x2048.jpg 1889w, https:\/\/www.hsu-hh.de\/ivb\/wp-content\/uploads\/sites\/843\/2020\/10\/DSC_4475_1-1100x1193.jpg 1100w\" sizes=\"auto, (max-width: 944px) 100vw, 944px\" \/><\/figure>\n\n\n\n<h2 class=\"wp-block-heading\">Zur Person<\/h2>\n\n\n\n<p><strong>Position:<\/strong> Professorin f\u00fcr Inklusion und Diversit\u00e4t am Institut f\u00fcr Sozialarbeit und Sozialp\u00e4dagogik, Leuphana Universit\u00e4t L\u00fcneburg.<\/p>\n\n\n\n<p><strong>Forschungsschwerpunkte:<\/strong><\/p>\n\n\n\n<ul class=\"wp-block-list\">\n<li>Rassismus, Intersektionalit\u00e4t und institutionelle Diskriminierung<\/li>\n\n\n\n<li>Bildungsprofessionalisierung in Migrationsgesellschaften<\/li>\n\n\n\n<li>Schulische Ver\u00e4nderungen im Kontext von Fluchtbewegungen<\/li>\n\n\n\n<li>Diskriminierungserfahrungen von Eltern in Schulen<\/li>\n\n\n\n<li>\u00d6konomische Prozesse im Bildungssystem<\/li>\n\n\n\n<li>Antidiskriminierung, Bildungsgerechtigkeit und demokratische Teilhabe<\/li>\n\n\n\n<li>Zivilgesellschaftlicher Widerstand und soziale Bewegungen<\/li>\n\n\n\n<li>Qualitative Sozialforschung<\/li>\n<\/ul>\n\n\n\n<p><strong>Beruflicher Werdegang:<\/strong><\/p>\n\n\n\n<ul class=\"wp-block-list\">\n<li>Seit 04\/2024: Professorin f\u00fcr Inklusion und Diversit\u00e4t, Leuphana Universit\u00e4t<\/li>\n\n\n\n<li>05\/2022 \u2013 03\/2024: Vertretungsprofessorin f\u00fcr Heterogenit\u00e4t, RPTU Kaiserslautern-Landau<\/li>\n\n\n\n<li>01\/2021 \u2013 04\/2022: Post-Doc, Helmut-Schmidt-Universit\u00e4t Hamburg<\/li>\n\n\n\n<li>09\/2019 \u2013 12\/2020: Mercator Fellow, Sabanc\u0131 University, Istanbul<\/li>\n\n\n\n<li>04\/2016 \u2013 08\/2019: Pre-Doc, Helmut-Schmidt-Universit\u00e4t Hamburg<\/li>\n\n\n\n<li>04\/2012 \u2013 03\/2016: Promotionsstipendium, Hans-B\u00f6ckler-Stiftung<\/li>\n<\/ul>\n\n\n\n<p><strong>Netzwerke und Kooperationen:<\/strong><\/p>\n\n\n\n<ul class=\"wp-block-list\">\n<li>Gender- und Diversit\u00e4tsforschungsnetzwerk, Leuphana Universit\u00e4t<\/li>\n\n\n\n<li>Netzwerk f\u00fcr Fl\u00fcchtlingsforschung<\/li>\n\n\n\n<li>Rat f\u00fcr Migration<\/li>\n\n\n\n<li>Deutsche Gesellschaft f\u00fcr Erziehungswissenschaft (DGfE)<\/li>\n\n\n\n<li>European Educational Research Association (EERA)<\/li>\n<\/ul>\n\n\n\n<p><strong>Beratende T\u00e4tigkeiten:<\/strong><\/p>\n\n\n\n<ul class=\"wp-block-list\">\n<li>Expertengruppe, MigrantenElternNetzwerk Niedersachsen<\/li>\n\n\n\n<li>Beratende T\u00e4tigkeiten f\u00fcr verschiedene Regierungs- und Bildungseinrichtungen in Deutschland<\/li>\n<\/ul>\n\n\n\n<p>Weitere Informationen finden Sie auf meinen Profilen bei der <a href=\"https:\/\/www.leuphana.de\/institute\/ifsp\/personen\/ellen-kollender.html\" rel='nofollow'>Leuphana Universit\u00e4t<\/a> und auf <a href=\"https:\/\/www.researchgate.net\/profile\/Ellen-Kollender\" rel='nofollow'>ResearchGate<\/a>.<\/p>\n","protected":false},"excerpt":{"rendered":"<p>Zur Person Position: Professorin f\u00fcr Inklusion und Diversit\u00e4t am Institut f\u00fcr Sozialarbeit und Sozialp\u00e4dagogik, Leuphana Universit\u00e4t L\u00fcneburg. Forschungsschwerpunkte: Beruflicher Werdegang: Netzwerke und Kooperationen: Beratende T\u00e4tigkeiten: Weitere Informationen finden Sie auf [&hellip;]<\/p>\n","protected":false},"author":3157,"featured_media":0,"parent":0,"menu_order":0,"comment_status":"closed","ping_status":"closed","template":"","meta":{"footnotes":""},"categories":[4],"tags":[57,47,55],"class_list":["post-3545","page","type-page","status-publish","hentry","category-forschung","tag-kollender","tag-mitarbeiter","tag-team"],"_links":{"self":[{"href":"https:\/\/www.hsu-hh.de\/ivb\/wp-json\/wp\/v2\/pages\/3545","targetHints":{"allow":["GET"]}}],"collection":[{"href":"https:\/\/www.hsu-hh.de\/ivb\/wp-json\/wp\/v2\/pages"}],"about":[{"href":"https:\/\/www.hsu-hh.de\/ivb\/wp-json\/wp\/v2\/types\/page"}],"author":[{"embeddable":true,"href":"https:\/\/www.hsu-hh.de\/ivb\/wp-json\/wp\/v2\/users\/3157"}],"replies":[{"embeddable":true,"href":"https:\/\/www.hsu-hh.de\/ivb\/wp-json\/wp\/v2\/comments?post=3545"}],"version-history":[{"count":6,"href":"https:\/\/www.hsu-hh.de\/ivb\/wp-json\/wp\/v2\/pages\/3545\/revisions"}],"predecessor-version":[{"id":3675,"href":"https:\/\/www.hsu-hh.de\/ivb\/wp-json\/wp\/v2\/pages\/3545\/revisions\/3675"}],"wp:attachment":[{"href":"https:\/\/www.hsu-hh.de\/ivb\/wp-json\/wp\/v2\/media?parent=3545"}],"wp:term":[{"taxonomy":"category","embeddable":true,"href":"https:\/\/www.hsu-hh.de\/ivb\/wp-json\/wp\/v2\/categories?post=3545"},{"taxonomy":"post_tag","embeddable":true,"href":"https:\/\/www.hsu-hh.de\/ivb\/wp-json\/wp\/v2\/tags?post=3545"}],"curies":[{"name":"wp","href":"https:\/\/api.w.org\/{rel}","templated":true}]}}