{"id":3507,"date":"2025-02-14T13:15:04","date_gmt":"2025-02-14T12:15:04","guid":{"rendered":"https:\/\/www.hsu-hh.de\/isk\/?page_id=3507"},"modified":"2026-01-07T15:09:23","modified_gmt":"2026-01-07T14:09:23","slug":"publications-dr-karpouchtsis","status":"publish","type":"page","link":"https:\/\/www.hsu-hh.de\/isk\/team\/ehemalige-teammitglieder\/dr-charalampos-babis-karpouchtsis\/publications-dr-karpouchtsis","title":{"rendered":"Publications Dr Karpouchtsis"},"content":{"rendered":"\n<div style=\"height:55px\" aria-hidden=\"true\" class=\"wp-block-spacer\"><\/div>\n\n\n\n<p>Karpouchtsis, C. B., 2025. Responsibility and Remembering: Conceptualizing WW2 legacy in the German-Greek paradigm.&nbsp;<em>S\u00fcdosteuropa Mitteilungen<\/em>, 65(2\u20133), pp.87\u201398.<\/p>\n\n\n\n<p>Karpouchtsis, C. B., 2025. Wahrheit nach Gewaltkonflikten \u2013 Wahrheitsfindung im Kontext von Transitional Justice und Vers\u00f6hnungsprozessen. <em>Ethik und Milit\u00e4r<\/em>, 2025(1), pp.14\u201323. Hamburg: ZEBIS.<\/p>\n\n\n\n<p>Karpouchtsis, C.B., 2025. Deutsche strategische Kultur in der Zeitenwende: Integrierte Sicherheit und demokratisches Narrativ. <em>ZfAS<\/em> 18, 333\u2013349 (2025). <a href=\"https:\/\/doi.org\/10.1007\/s12399-025-01041-w\" rel='nofollow'>https:\/\/doi.org\/10.1007\/s12399-025-01041-w<\/a><\/p>\n\n\n\n<p>Karpouchtsis, C. B., 2025. Truth after violent conflicts \u2013 Truth-seeking in the context of transitional justice and reconciliation processes.&nbsp;<em>Ethics and Armed Forces<\/em>, 2025(1), pp.12\u201321. Hamburg: ZEBIS.<\/p>\n\n\n\n<p>Karpouchtsis, C.B. Deutschlands Au\u00dfenpolitik im Wandel: Der lange Weg und die Grenzen der Vers\u00f6hnung mit Griechenland.&nbsp;<em>Z Au\u00dfen Sicherheitspolit<\/em>&nbsp;(2025). <a href=\"https:\/\/doi.org\/10.1007\/s12399-025-01017-w\" rel='nofollow'>https:\/\/doi.org\/10.1007\/s12399-025-01017-w<\/a><\/p>\n\n\n\n<p>Karpouchtsis, C.B. Deutschlands Au\u00dfenpolitik im Wandel: Der lange Weg und die Grenzen der Vers\u00f6hnung mit Griechenland.&nbsp;<em>Z Au\u00dfen Sicherheitspolit<\/em>&nbsp;(2025).&nbsp;<a href=\"https:\/\/doi.org\/10.1007\/s12399-025-01017-w\" target=\"_blank\" rel=\"noreferrer noopener\">https:\/\/doi.org\/10.1007\/s12399-025-01017-w<\/a><\/p>\n\n\n\n<p>Karpouchtsis, C. B. (2024). Die Gesellschaft mit K\u00fcnstlicher Intelligenz: Zwischen Hoffnung und Herausforderung. Au\u00dferschulische Bildung, 55(3), 4\u201310.&nbsp;<a href=\"https:\/\/fachzeitschrift.adb.de\/ausgabe\/kuenstliche-intelligenz\/\" target=\"_blank\" rel=\"noreferrer noopener\">https:\/\/fachzeitschrift.adb.de\/ausgabe\/kuenstliche-intelligenz\/<\/a><\/p>\n\n\n\n<p>Karpouchtsis, C. B. &amp; Lei\u00dfe, O. (2024). 20 Jahre EU-Mitgliedschaft Zyperns: Zwischen Konflikt und Integration. S\u00fcdosteuropa Mitteilungen, 64(4), 43\u201350.&nbsp;<a href=\"https:\/\/www.ceeol.com\/search\/article-detail?id=1054953\" target=\"_blank\" rel=\"noreferrer noopener\">https:\/\/www.ceeol.com\/search\/article-detail?id=1054953<\/a><\/p>\n\n\n\n<p>Lei\u00dfe, O. &amp;&nbsp;Karpouchtsis<strong>,<\/strong>&nbsp;C. B. (2024). Einf\u00fchrung: Vereint in Europa \u2013 geteilt auf der Insel? Zypern: R\u00fcck- und Ausblick. S\u00fcdosteuropa Mitteilungen, 64(4), 7\u201310.&nbsp;<a href=\"https:\/\/www.ceeol.com\/search\/article-detail?id=1054953\" target=\"_blank\" rel=\"noreferrer noopener\">https:\/\/www.ceeol.com\/search\/article-detail?id=1054953<\/a><\/p>\n\n\n\n<p>Karpouchtsis, C. B. (2024). \u201eCyprus is an Anchor of Peace and Stability in the Eastern Mediterranean\u201c: Interview with Maria Papakyriakou, Ambassador to Berlin \u2013 Republic of Cyprus.&nbsp;S\u00fcdosteuropa Mitteilungen, 64(4), 61\u201364.&nbsp;<a href=\"https:\/\/www.ceeol.com\/search\/article-detail?id=1054953\" target=\"_blank\" rel=\"noreferrer noopener\">https:\/\/www.ceeol.com\/search\/article-detail?id=1054953<\/a><\/p>\n\n\n\n<p>Karpouchtsis, C. B.(2024).German Foreign Policy and Greek Martyr Communities. Reconciliation policy for places of memory in Greece and the role of recognition. [S.l.]: Springer VS. <a href=\"https:\/\/link.springer.com\/book\/10.1007\/978-3-658-44370-2\" target=\"_blank\" rel=\"noreferrer noopener\">https:\/\/link.springer.com\/book\/10.1007\/978-3-658-44370-2<\/a><\/p>\n\n\n\n<p>Karpouchtsis, C. B. (2023): Im Zeichen aktueller Konflikte: (k)eine Zeitenwende f\u00fcr den deutsch-griechischen Vers\u00f6hnungsprozess? In: Hellenika (17\/18), 2023.<\/p>\n\n\n\n<p>Karpouchtsis, C. B., Schaal, G. S. (2023). \u201e\u0397 \u0393\u03b5\u03c1\u03bc\u03b1\u03bd\u03b9\u03ba\u03ae Zeitenwende. \u03a4\u03b1 \u03bc\u03b5\u03c4\u03b1\u03b2\u03b1\u03bb\u03bb\u03cc\u03bc\u03b5\u03bd\u03b1 \u03c0\u03c1\u03cc\u03c3\u03c9\u03c0\u03b1 \u03c4\u03b7\u03c2 \u03b3\u03b5\u03c1\u03bc\u03b1\u03bd\u03b9\u03ba\u03ae\u03c2 \u03c0\u03bf\u03bb\u03b9\u03c4\u03b9\u03ba\u03ae\u03c2 \u03b1\u03c3\u03c6\u03b1\u03bb\u03b5\u03af\u03b1\u03c2.\u201c <em>Foreign Affairs \u2013 The Hellenic Edition<\/em>, Aug \u2013 Sep 2023, (83).<\/p>\n\n\n\n<p>Karpouchtsis, C. B., Schaal, G. S. (2023). \u201eDie deutsche Zeitenwende. Die wechselnden Gesichter deutscher Sicherheitspolitik.\u201c <em>Foreign Affairs \u2013 The Hellenic Edition<\/em>, Aug \u2013 Sep 2023, (83).<\/p>\n\n\n\n<p>Ferrari, F., Baumert, S., <strong>Karpouchtsis,<\/strong> C., &amp; Schmolz, G. (Eds.) (2023). \u201eVers\u00f6hnung: Theologische Perspektiven. Festschrift f\u00fcr Martin Leiner.\u201c G\u00f6ttingen: V&amp;R.<\/p>\n\n\n\n<p>Sch\u00e4fer, P.J., Karpouchtsis, C.B., Schaal, G.S. (2023). \u201eBericht zur Konferenz Politische Kommunikation und KI \u2013 Chancen und Herausforderungen f\u00fcr die Regierungskommunikation.\u201c <em>Z Au\u00dfen Sicherheitspolit<\/em>. [DOI: 10.1007\/s12399-023-00945-9]<\/p>\n\n\n\n<p>Karpouchtsis, B.C., Schaal, G.S., Sch\u00e4fer, P. J. (2023) \u201eKI und politische Kommunikation.\u201c Research Report. Open <abbr title=\"Helmut Schmidt Universit\u00e4t\">HSU<\/abbr>. https:\/\/doi.org\/10.24405\/14980<\/p>\n\n\n\n<p>Karpouchtsis, B. C. (2022). \u201eGerman Foreign Policy of Reconciliation and Greek Martyr Communities. An Overview for the Period 2014-2019.\u201c S\u00fcdosteuropa Mitteilungen, 02\/2022, 62.<\/p>\n\n\n\n<p>Karpouchtsis, B. C. (2022). \u201eDeutsche Vers\u00f6hnungspolitik 2014-2019 und die Rolle der griechischen M\u00e4rtyrergemeinden (Opferd\u00f6rfer)\u201c in: Alexandros-Andreas Kyrtsis and Miltos Pechlivanos (Hg.), Compendium der deutsch-griechischen Verflechtungen, 03.03.2022<\/p>\n\n\n\n<p>Karpouchtsis, B. C. (2021). \u201eSilent Echoes of Good Deeds: The Example of Kalavryta\u201c in Corinna Dahlgr\u00fcn, Carolina Rehrmann, Andr\u00e9 Zempelburg (Eds.), Overcome evil with good. Interdisciplinary reflections from theology, conflict science, and the military. Darmstadt: wbg Academic, pp. 155\u2013180.<\/p>\n\n\n\n<p>Karpouchtsis, C. (2018). \u201eGreek Strategic Culture: Education, Symbols and Experiences\u201c in Zeitschrift f\u00fcr Au\u00dfen- und Sicherheitspolitik, 11(2), pp. 203\u2013215. DOI: 10.1007\/s12399-018-0698-5.<\/p>\n\n\n\n<p>Karpouchtsis, C., Rosa J.P., Simeoni G. (2018). \u201ePolicy Brief: Cultural and Civic Engagement in the European Union.\u201c *Social Cohesion \u2013 DIALOGUE ON EUROPE*, 9-12. Das Progressive Zentrum.<\/p>\n\n\n\n<p>Parasidis, V., Karpouchtsis, C. (2015). \u201eGriechenland-Seminar in der Georg-von-Vollmar-Akademie. \u201aVorsicht mit Empfehlungen, die man nicht selbst durchleben muss\u2018.\u201c <em>Z Au\u00dfen Sicherheitspolit<\/em>, 8, 589\u2013593. DOI: 10.1007\/s12399-015-0531-3.<\/p>\n","protected":false},"excerpt":{"rendered":"<p>Karpouchtsis, C. B., 2025. Responsibility and Remembering: Conceptualizing WW2 legacy in the German-Greek paradigm.&nbsp;S\u00fcdosteuropa Mitteilungen, 65(2\u20133), pp.87\u201398. Karpouchtsis, C. B., 2025. Wahrheit nach Gewaltkonflikten \u2013 Wahrheitsfindung im Kontext von Transitional [&hellip;]<\/p>\n","protected":false},"author":138,"featured_media":0,"parent":3463,"menu_order":0,"comment_status":"closed","ping_status":"closed","template":"","meta":{"footnotes":""},"categories":[4],"tags":[],"class_list":["post-3507","page","type-page","status-publish","hentry","category-forschung"],"_links":{"self":[{"href":"https:\/\/www.hsu-hh.de\/isk\/wp-json\/wp\/v2\/pages\/3507","targetHints":{"allow":["GET"]}}],"collection":[{"href":"https:\/\/www.hsu-hh.de\/isk\/wp-json\/wp\/v2\/pages"}],"about":[{"href":"https:\/\/www.hsu-hh.de\/isk\/wp-json\/wp\/v2\/types\/page"}],"author":[{"embeddable":true,"href":"https:\/\/www.hsu-hh.de\/isk\/wp-json\/wp\/v2\/users\/138"}],"replies":[{"embeddable":true,"href":"https:\/\/www.hsu-hh.de\/isk\/wp-json\/wp\/v2\/comments?post=3507"}],"version-history":[{"count":3,"href":"https:\/\/www.hsu-hh.de\/isk\/wp-json\/wp\/v2\/pages\/3507\/revisions"}],"predecessor-version":[{"id":3644,"href":"https:\/\/www.hsu-hh.de\/isk\/wp-json\/wp\/v2\/pages\/3507\/revisions\/3644"}],"up":[{"embeddable":true,"href":"https:\/\/www.hsu-hh.de\/isk\/wp-json\/wp\/v2\/pages\/3463"}],"wp:attachment":[{"href":"https:\/\/www.hsu-hh.de\/isk\/wp-json\/wp\/v2\/media?parent=3507"}],"wp:term":[{"taxonomy":"category","embeddable":true,"href":"https:\/\/www.hsu-hh.de\/isk\/wp-json\/wp\/v2\/categories?post=3507"},{"taxonomy":"post_tag","embeddable":true,"href":"https:\/\/www.hsu-hh.de\/isk\/wp-json\/wp\/v2\/tags?post=3507"}],"curies":[{"name":"wp","href":"https:\/\/api.w.org\/{rel}","templated":true}]}}