{"id":220,"date":"2017-11-06T17:24:02","date_gmt":"2017-11-06T16:24:02","guid":{"rendered":"https:\/\/www.hsu-hh.de\/isk\/?page_id=220"},"modified":"2022-07-18T11:10:43","modified_gmt":"2022-07-18T09:10:43","slug":"forschung","status":"publish","type":"page","link":"https:\/\/www.hsu-hh.de\/isk\/forschung","title":{"rendered":"Forschung"},"content":{"rendered":"<div id=\"category_content_PvuUpTsq\" class=\"hsu_category archive-page\"><article  id=\"post-3507\" class=\"category-list-item post-3507 post type-post status-publish format-standard hentry \"><a href=\"https:\/\/www.hsu-hh.de\/isk\/team\/ehemalige-teammitglieder\/dr-charalampos-babis-karpouchtsis\/publications-dr-karpouchtsis\" title=\"Publications Dr Karpouchtsis\" ><div class=\"hsu_category_article-content-wrap\"><div class=\"hsu_category_article-content-wrap-inner\"><div>\t<header class=\"entry-header\">\t\t<h3 class=\"entry-title\">Publications Dr Karpouchtsis\t\t<\/h3>\t<\/header><div class=\"entry-content-excerpt\">Karpouchtsis, C. B., 2025. Responsibility and Remembering: Conceptualizing WW2 legacy in the German-Greek paradigm.&nbsp;S\u00fcdosteuropa Mitteilungen, 65(2\u20133), pp.87\u201398. Karpouchtsis, C. B., 2025. Wahrheit nach Gewaltkonflikten \u2013 Wahrheitsfindung im Kontext von Transitional Justice und Vers\u00f6hnungsprozessen. Ethik und Milit\u00e4r, 2025(1), pp.14\u201323. Hamburg: ZEBIS. Karpouchtsis, C.B., 2025. Deutsche strategische Kultur in der Zeitenwende: Integrierte Sicherheit und demokratisches Narrativ. ZfAS...<\/div> <\/div><\/div><\/div><\/a><\/article><article  id=\"post-3504\" class=\"category-list-item post-3504 post type-post status-publish format-standard hentry \"><a href=\"https:\/\/www.hsu-hh.de\/isk\/publications-alexandra-m-friede\" title=\"Publications Dr Alexandra M. Friede\" ><div class=\"hsu_category_article-content-wrap\"><div class=\"hsu_category_article-content-wrap-inner\"><div>\t<header class=\"entry-header\">\t\t<h3 class=\"entry-title\">Publications Dr Alexandra M. Friede\t\t<\/h3>\t<\/header><div class=\"entry-content-excerpt\">Friede, A. M. (2024). \u201eSecurity, first of all, begins at home\u201c: How Finland, Latvia, and Germany prepare \u201eordinary people\u201c for crises. European Policy Analysis, 1\u201324. https:\/\/doi.org\/10.1002\/epa2.1229 Friede, A. M. (2024). Wie wir wehrhaft werden: Zu den Grenzen der Freiwilligkeit in Zeiten des Krieges. Aus Politik und Zeitgeschichte, 47-48\/2024, 11-16. Alexandra M. Friede (2022): In defence...<\/div> <\/div><\/div><\/div><\/a><\/article><article  id=\"post-3499\" class=\"category-list-item post-3499 post type-post status-publish format-standard hentry \"><a href=\"https:\/\/www.hsu-hh.de\/isk\/publikationen-alexandra-m-friede\" title=\"Publikationen Dr. Alexandra M. Friede\" ><div class=\"hsu_category_article-content-wrap\"><div class=\"hsu_category_article-content-wrap-inner\"><div>\t<header class=\"entry-header\">\t\t<h3 class=\"entry-title\">Publikationen Dr. Alexandra M. Friede\t\t<\/h3>\t<\/header><div class=\"entry-content-excerpt\">Friede, A. M. (2024). \u201eSecurity, first of all, begins at home\u201c: How Finland, Latvia, and Germany prepare \u201eordinary people\u201c for crises. European Policy Analysis, 1\u201324. https:\/\/doi.org\/10.1002\/epa2.1229 Friede, A. M. (2024). Wie wir wehrhaft werden: Zu den Grenzen der Freiwilligkeit in Zeiten des Krieges. Aus Politik und Zeitgeschichte, 47-48\/2024, 11-16. Alexandra M. Friede (2022): In defence...<\/div> <\/div><\/div><\/div><\/a><\/article><article  id=\"post-2276\" class=\"category-list-item post-2276 post type-post status-publish format-standard hentry \"><a href=\"https:\/\/www.hsu-hh.de\/isk\/dfg-project-recasting-the-role-of-citizens-in-foreign-and-security-policy-democratic-innovations-and-changing-patterns-of-interaction-between-european-executives-and-citizens\" title=\"DFG-Project \u201cRecasting the role of citizens in foreign and security policy? Democratic innovations and changing patterns of interaction between European executives and citizens\u201d\" ><div class=\"hsu_category_article-content-wrap\"><div class=\"hsu_category_article-content-wrap-inner\"><div>\t<header class=\"entry-header\">\t\t<h3 class=\"entry-title\">DFG-Project \u201cRecasting the role of citizens in foreign and security policy? Democratic innovations and changing patterns of interaction between European executives and citizens\u201d\t\t<\/h3>\t<\/header><div class=\"entry-content-excerpt\">Participatory-deliberative processes in foreign and security policy: understandings, processes &amp; ramifications Project team: Anna Geis \/ Hanna Pfeifer \/ Christian Opitz Funding: German Research Foundation (DFG), June 2022-May 2025 For more information on our DFG-funded research project on democratic innovations in foreign and security policy, please visit the website citizens-in-foreign-policy.com. This DFG-project expands and deepens...<\/div> <\/div><\/div><\/div><\/a><\/article><article  id=\"post-1519\" class=\"category-list-item post-1519 post type-post status-publish format-standard hentry \"><a href=\"https:\/\/www.hsu-hh.de\/isk\/lff-projekt-democratising-security-in-turbulent-times\" title=\"LFF Graduiertenkolleg: Democratising Security in Turbulent Times\" ><div class=\"hsu_category_article-content-wrap\"><div class=\"hsu_category_article-content-wrap-inner\"><div>\t<header class=\"entry-header\">\t\t<h3 class=\"entry-title\">LFF Graduiertenkolleg: Democratising Security in Turbulent Times\t\t<\/h3>\t<\/header><div class=\"entry-content-excerpt\">F\u00f6rderzeitraum: 1.10.2020- 31.3.2024 Finanzierung: Landesforschungsf\u00f6rderung der Freien und Hansestadt Hamburg Coordinated by Universit\u00e4t Hamburg, the programme is an interdisciplinary collaboration between researchers from Universit\u00e4t Hamburg (UHH), Helmut-Schmidt-University\/University of the Federal Armed Forces Hamburg (HSU), Institute for Peace Research and Security Policy at Universit\u00e4t Hamburg (IFSH) and the German Institute for Global and Area Studies (GIGA)....<\/div> <\/div><\/div><\/div><\/a><\/article><article  id=\"post-324\" class=\"category-list-item post-324 post type-post status-publish format-standard hentry \"><a href=\"https:\/\/www.hsu-hh.de\/isk\/dfg-projekt-overlapping-spheres-of-authority\" title=\"DFG-Projekt \"Overlapping Spheres of Authority\" (Geis\/Moe\/Pollmann)\" ><div class=\"hsu_category_article-content-wrap\"><div class=\"hsu_category_article-content-wrap-inner\"><div>\t<header class=\"entry-header\">\t\t<h3 class=\"entry-title\">DFG-Projekt \"Overlapping Spheres of Authority\" (Geis\/Moe\/Pollmann)\t\t<\/h3>\t<\/header><div class=\"entry-content-excerpt\">DFG-Forschergruppe \u201cOverlapping Spheres of Authority and Interface Conflicts in the Global Order\u201d (OSAIC) Projektbearbeiter\/-innen: Dr. Louise Wiuff Moe (bis 31.3.2020), Stephanie J\u00e4nsch M.A. (1.5.-31.12.2020), Dr. Christian Opitz (1.11.2019-30.6.2020) und Lena Pollmann M.A. F\u00f6rderzeitraum: 2017-2020 Das Projekt startete am 1. Juni 2017. Eine ausf\u00fchrliche Beschreibung des Projekts findet sich hier. The research group, funded by the...<\/div> <\/div><\/div><\/div><\/a><\/article><article  id=\"post-1039\" class=\"category-list-item post-1039 post type-post status-publish format-standard hentry \"><a href=\"https:\/\/www.hsu-hh.de\/isk\/non-recognition-of-armed-non-state-actors-risks-and-opportunities-for-conflict-transformation-projekt-geis-clement-pfeifer\" title=\"DSF-Projekt \u201c(Non-)Recognition of Armed Non-State Actors: Risks and Opportunities for Conflict Transformation\u201d (Geis\/Cl\u00e9ment\/Pfeifer)\" ><div class=\"hsu_category_article-content-wrap\"><div class=\"hsu_category_article-content-wrap-inner\"><div>\t<header class=\"entry-header\">\t\t<h3 class=\"entry-title\">DSF-Projekt \u201c(Non-)Recognition of Armed Non-State Actors: Risks and Opportunities for Conflict Transformation\u201d (Geis\/Cl\u00e9ment\/Pfeifer)\t\t<\/h3>\t<\/header><div class=\"entry-content-excerpt\">Projektstart im M\u00e4rz 2017. F\u00f6rderung einer internationalen Konferenz durch die Deutsche Stiftung Friedensforschung. Diese fand im Juni 2018 an der HSU statt. Derzeit ist ein Sammelband zu den Ergebnissen der Tagung in Vorbereitung. Ein Bericht zur Veranstaltung findet sich hier. Organisatorinnen: Anna Geis, Ma\u00e9va Cl\u00e9ment und Hanna Pfeifer Die sozialwissenschaftliche Forschung zu \u201cAnerkennung\u201d (recognition), \u201everkennende...<\/div> <\/div><\/div><\/div><\/a><\/article><article  id=\"post-534\" class=\"category-list-item post-534 post type-post status-publish format-standard hentry \"><a href=\"https:\/\/www.hsu-hh.de\/isk\/beteiligung-in-der-aussen-und-sicherheitspolitik-projekt-geis-pfeifer\" title=\"IFF-Projekt \"B\u00fcrgerbeteiligung in der Au\u00dfen- und Sicherheitspolitik\" (abgeschlossen)\" ><div class=\"hsu_category_article-content-wrap\"><div class=\"hsu_category_article-content-wrap-inner\"><div>\t<header class=\"entry-header\">\t\t<h3 class=\"entry-title\">IFF-Projekt \"B\u00fcrgerbeteiligung in der Au\u00dfen- und Sicherheitspolitik\" (abgeschlossen)\t\t<\/h3>\t<\/header><div class=\"entry-content-excerpt\">Bu\u0308rgerbeteiligung in der Au\u00dfen- und Sicherheitspolitik: Motivation, Prozesse, Ergebnisse Projektteam: Anna Geis \/ Hanna Pfeifer \/ Christian Opitz Finanzierung: HSU Interne Forschungsf\u00f6rderung (IFF), Juli 2018-Juni 2019 \u00a0 Die Au\u00dfen- und Sicherheitspolitik (ASP) in Demokratien wurde lange als \u201eDoma\u0308ne\u201c der Exekutive betrachtet, die einer partizipativen O\u0308ffnung jenseits der vorgeschriebenen parlamentarischen repra\u0308sentativen Verfahren kaum zuga\u0308nglich sei. In...<\/div> <\/div><\/div><\/div><\/a><\/article><article  id=\"post-333\" class=\"category-list-item post-333 post type-post status-publish format-standard hentry \"><a href=\"https:\/\/www.hsu-hh.de\/isk\/dfg-forscherinnen-netwerk-visualitaet-und-weltpolitik\" title=\"DFG-Forscher*innen-Netwerk \"Visualit\u00e4t und Weltpolitik\"\" ><div class=\"hsu_category_article-content-wrap\"><div class=\"hsu_category_article-content-wrap-inner\"><div>\t<header class=\"entry-header\">\t\t<h3 class=\"entry-title\">DFG-Forscher*innen-Netwerk \"Visualit\u00e4t und Weltpolitik\"\t\t<\/h3>\t<\/header><div class=\"entry-content-excerpt\">DFG-Forscher*innen-Netwerk &#8222;Visualit\u00e4t und Weltpolitik&#8220; Antragstellerin und Koordinatorin: Dr. Gabi Schlag Institut f\u00fcr Internationale Politik, Helmut Schmidt-Universit\u00e4t Hamburg (zus. mit Dr. Axel Heck, Universit\u00e4t Kiel) F\u00f6rderzeitraum: 2016-2018 Jeden Tag erreichen uns Bilder, Fotos und Videos \u00fcber Kriege, Konflikte und Krisenherde, die unsere Vorstellung und unser (vermeintliches) Wissen \u00fcber \u201eWeltpolitik\u201c pr\u00e4gen und strukturieren. Die sprichw\u00f6rtliche \u201eMacht der...<\/div> <\/div><\/div><\/div><\/a><\/article><article  id=\"post-311\" class=\"category-list-item post-311 post type-post status-publish format-standard hentry \"><a href=\"https:\/\/www.hsu-hh.de\/isk\/dsf-projekt-screening-transitional-justice-in-serbia\" title=\"DSF-Projekt \"'Screening' Transitional Justice in Serbia\"\" ><div class=\"hsu_category_article-content-wrap\"><div class=\"hsu_category_article-content-wrap-inner\"><div>\t<header class=\"entry-header\">\t\t<h3 class=\"entry-title\">DSF-Projekt \"'Screening' Transitional Justice in Serbia\"\t\t<\/h3>\t<\/header><div class=\"entry-content-excerpt\">&#8222;Screening&#8220; Transitional Justice in Serbia. ICTY Representations and the Memory of War Crimes in Serb Television\u201c Vollst\u00e4ndiger DSF Reasearch Report hier verf\u00fcgbar F\u00f6rderer: Deutsche Stiftung Friedensforschung (DSF) Projektleiterin: Prof. Dr. Anna Geis, Institut f\u00fcr Internationale Politik, Helmut-Schmidt-Universit\u00e4t Hamburg Projektbearbeiterin: Dr. Katarina Risti\u0107, in Kooperation mit Dr. Vladmir Petrovi\u0107 (Institute for Contemporary History in Belgrade) F\u00f6rderzeitraum:...<\/div> <\/div><\/div><\/div><\/a><\/article><article  id=\"post-220\" class=\"category-list-item post-220 post type-post status-publish format-standard hentry \"><a href=\"https:\/\/www.hsu-hh.de\/isk\/forschung\" title=\"Forschung\" ><div class=\"hsu_category_article-content-wrap\"><div class=\"hsu_category_article-content-wrap-inner\"><div>\t<header class=\"entry-header\">\t\t<h3 class=\"entry-title\">Forschung\t\t<\/h3>\t<\/header><div class=\"entry-content-excerpt\"><\/div> <\/div><\/div><\/div><\/a><\/article><\/div>\n","protected":false},"excerpt":{"rendered":"","protected":false},"author":117,"featured_media":0,"parent":0,"menu_order":0,"comment_status":"closed","ping_status":"closed","template":"","meta":{"footnotes":""},"categories":[4],"tags":[],"class_list":["post-220","page","type-page","status-publish","hentry","category-forschung"],"_links":{"self":[{"href":"https:\/\/www.hsu-hh.de\/isk\/wp-json\/wp\/v2\/pages\/220","targetHints":{"allow":["GET"]}}],"collection":[{"href":"https:\/\/www.hsu-hh.de\/isk\/wp-json\/wp\/v2\/pages"}],"about":[{"href":"https:\/\/www.hsu-hh.de\/isk\/wp-json\/wp\/v2\/types\/page"}],"author":[{"embeddable":true,"href":"https:\/\/www.hsu-hh.de\/isk\/wp-json\/wp\/v2\/users\/117"}],"replies":[{"embeddable":true,"href":"https:\/\/www.hsu-hh.de\/isk\/wp-json\/wp\/v2\/comments?post=220"}],"version-history":[{"count":3,"href":"https:\/\/www.hsu-hh.de\/isk\/wp-json\/wp\/v2\/pages\/220\/revisions"}],"predecessor-version":[{"id":235,"href":"https:\/\/www.hsu-hh.de\/isk\/wp-json\/wp\/v2\/pages\/220\/revisions\/235"}],"wp:attachment":[{"href":"https:\/\/www.hsu-hh.de\/isk\/wp-json\/wp\/v2\/media?parent=220"}],"wp:term":[{"taxonomy":"category","embeddable":true,"href":"https:\/\/www.hsu-hh.de\/isk\/wp-json\/wp\/v2\/categories?post=220"},{"taxonomy":"post_tag","embeddable":true,"href":"https:\/\/www.hsu-hh.de\/isk\/wp-json\/wp\/v2\/tags?post=220"}],"curies":[{"name":"wp","href":"https:\/\/api.w.org\/{rel}","templated":true}]}}