{"id":1713,"date":"2020-12-02T10:09:08","date_gmt":"2020-12-02T09:09:08","guid":{"rendered":"https:\/\/www.hsu-hh.de\/isk\/?page_id=1713"},"modified":"2025-07-02T10:51:48","modified_gmt":"2025-07-02T08:51:48","slug":"dr-christoph-harig","status":"publish","type":"page","link":"https:\/\/www.hsu-hh.de\/isk\/en\/team-2\/former-team-members\/dr-christoph-harig","title":{"rendered":"Dr. Christoph Harig"},"content":{"rendered":"\n<p><\/p>\n\n\n\n<h2 class=\"wp-block-heading\"><strong>CV<\/strong><\/h2>\n\n\n\n<ul class=\"wp-block-list\">\n<li>04\/2018 &#8211; 09\/2021&nbsp;&nbsp;&nbsp;&nbsp;   Postdoctoral Research Fellow, Helmut-Schmidt-Universit\u00e4t \u2013 University of the Federal Armed Forces Hamburg<\/li>\n\n\n\n<li>05\/2017 \u2013 03\/2018 &nbsp;&nbsp;&nbsp;&nbsp;&nbsp; Academic Skills Advisor, University of Chichester<\/li>\n\n\n\n<li>10\/2013 \u2013 11\/2017 &nbsp;&nbsp;&nbsp;&nbsp;&nbsp; PhD in Security Studies, King\u2019s Brazil Institute, King\u2019s College London<\/li>\n\n\n\n<li>09\/2016 \u2013 12\/2016 &nbsp;&nbsp;&nbsp;&nbsp;&nbsp; Graduate Teaching Assistant, Department of International Development, King\u2019s College London<\/li>\n\n\n\n<li>10\/2011 \u2013 09\/2013&nbsp;&nbsp;&nbsp;&nbsp;&nbsp;&nbsp; MA Research Training Programme in Social Sciences, Humboldt Universit\u00e4t zu Berlin<\/li>\n\n\n\n<li>10\/2006 \u2013 09\/2010&nbsp;&nbsp;&nbsp;&nbsp;&nbsp;&nbsp; Magister Artium (MA), Political Science and Spanish Philology, Universit\u00e4t Potsdam<br><br><br>&#8212;&#8212;&#8212;&#8212;&#8212;&#8212;&#8212;&#8212;&#8212;&#8212;&#8212;&#8212;&#8212;&#8212;&#8212;&#8212;&#8212;&#8212;&#8212;&#8212;&#8212;&#8212;&#8212;&#8212;&#8212;&#8212;&#8212;&#8212;&#8212;&#8212;&#8212;&#8212;&#8212;&#8212;&#8212;&#8212;&#8212;&#8212;&#8212;&#8212;&#8212;&#8212;&#8212;&#8212;&#8212;<br><br><\/li>\n<\/ul>\n\n\n\n<h2 class=\"wp-block-heading\">Publications<\/h2>\n\n\n\n<p><strong>Peer-reviewed articles<\/strong><\/p>\n\n\n\n<p><a href=\"https:\/\/onlinelibrary.wiley.com\/doi\/full\/10.1111\/blar.13289\" rel='nofollow'>Militarisation by Popular Demand? Explaining the Politics of Internal Military Roles in Brazil<\/a>, Bulletin of Latin American Research, 2021<\/p>\n\n\n\n<p><a href=\"https:\/\/www.tandfonline.com\/doi\/abs\/10.1080\/10439463.2019.1650745\" rel='nofollow'>Soldiers in police roles<\/a>, in: Policing and Society, 30\/9, 2020, 1097-1114<\/p>\n\n\n\n<p><a href=\"https:\/\/www.tandfonline.com\/doi\/abs\/10.1080\/14702436.2019.1704177\" rel='nofollow'>Learning to fight in UN peacekeeping<\/a>, in: <em>Defence Studies, <\/em>20\/1, 2020, 39-60<\/p>\n\n\n\n<p><a href=\"https:\/\/www.tandfonline.com\/doi\/full\/10.1080\/13533312.2018.1554442\" rel='nofollow'>Re-Importing the \u2018Robust Turn\u2019 in UN Peacekeeping: Internal Public Security Missions of Brazil\u2019s Military<\/a>, in: International Peacekeeping, 26\/2, 2019, 137-164.<\/p>\n\n\n\n<p><a href=\"https:\/\/academic.oup.com\/ia\/article\/93\/3\/625\/3798249\" rel='nofollow'>Are rising powers consistent or ambiguous foreign policy actors? Brazil, humanitarian intervention and the \u2018graduation dilemma\u2019<\/a>, in: International Affairs 93\/3, 2017, 625-641 (with Kai-Michael Kenkel)<\/p>\n\n\n\n<p><a href=\"https:\/\/www.hsu-hh.de\/ibreg\/wp-content\/uploads\/sites\/787\/2018\/05\/Synergy-effects-between-MINUSTAH-and-public-security-in-Brazil_2015.pdf\">Synergy effects between MINUSTAH and public security in Brazil<\/a>, in: Brasiliana \u2013 Journal for Brazilian Studies 3\/2, 2015, 142-168<\/p>\n\n\n\n<p><em><strong>Contributions to edited volumes<\/strong><\/em><\/p>\n\n\n\n<p>\u201cO Haiti \u00e9 aqui\u201d \u2013 Legados da MINUSTAH para a seguran\u00e7a p\u00fablica no Brasil, in: Barbosa dos Santos, Fabio Luis\/ Perruso, Marco Antonio\/ Oliveira, Marinalva Silva (eds.): <em>O p\u00e2nico como pol\u00edtica &#8211; o Brasil no imagin\u00e1rio do lulismo em crise<\/em>, Rio de Janeiro: Mauad Editora, 2020, 407-416<\/p>\n\n\n\n<p><a href=\"https:\/\/link.springer.com\/chapter\/10.1007\/978-3-658-13435-8_13\" rel='nofollow'>Sicherheitsproduktion in Brasilien zwischen Reformen der militarisierten Polizei und parapolizeilichem Einsatz des Milit\u00e4rs<\/a>, in: Frevel, Bernhard\/Wendekamm, Michaela (eds.): Sicherheitsproduktion zwischen Staat, Markt und Zivilgesellschaft, Wiesbaden: Springer VS, 2017, 269-291<\/p>\n\n\n\n<p><strong>Book review<\/strong><\/p>\n\n\n\n<p><a href=\"https:\/\/www.cambridge.org\/core\/journals\/journal-of-latin-american-studies\/article\/julio-riosfigueroa-constitutional-courts-as-mediators-armed-conflict-civilmilitary-relations-and-the-rule-of-law-in-latin-america-new-york-and-cambridge-uk-cambridge-university-press-2016-pp-xv-238-11000-6999-hb\/8021BFEDA71499E8AB19377C11B04190\" rel='nofollow'>Julio R\u00edos-Figueroa, Constitutional Courts as Mediators. Armed Conflict, Civil-Military Relations and the Rule of Law in Latin America<\/a> (New York and Cambridge: Cambridge University Press, 2016), in: Journal of Latin American Studies 50\/1, 2018, 234-236<\/p>\n\n\n\n<p><strong>Policy Papers<\/strong><\/p>\n\n\n\n<p><a href=\"https:\/\/www.hsu-hh.de\/ibreg\/wp-content\/uploads\/sites\/787\/2018\/05\/Brasilien-als-Emerging-Donor-Politische-Distanz-und-operative-N\u00e4he-zu-den-traditionellen-Gebern_2012.pdf\">Brasilien als \u00bbEmerging Donor\u00ab: Politische Distanz und operative N\u00e4he zu den traditionellen Gebern<\/a>, Berlin, Stiftung Wissenschaft und Politik, SWP \u2013 Studie 7, M\u00e4rz 2012 (with Claudia Zilla)<\/p>\n\n\n\n<p><a href=\"https:\/\/www.hsu-hh.de\/ibreg\/wp-content\/uploads\/sites\/787\/2018\/05\/Machtgewinn-des-Milit\u00e4rs-im-Innern-Problematische-Entwicklung-zivil-milit\u00e4rischer-Beziehungen-in-S\u00fcdamerika_2010.pdf\">Machtgewinn des Milit\u00e4rs im Innern: Problematische Entwicklung zivil-milit\u00e4rischer Beziehungen in S\u00fcdamerika<\/a>, Berlin, Stiftung Wissenschaft und Politik, SWP \u2013 Aktuell 86, Dezember 2010 (with Claudia Zilla)<\/p>\n\n\n\n<p> &#8212;&#8212;&#8212;&#8212;&#8212;&#8212;&#8212;&#8212;&#8212;&#8212;&#8212;&#8212;&#8212;&#8212;&#8212;&#8212;&#8212;&#8212;&#8212;&#8212;&#8212;&#8212;&#8212;&#8212;&#8212;&#8212;&#8212;&#8212;&#8212;&#8212;&#8212;&#8212;&#8212;&#8212;&#8212;&#8212;&#8212;&#8212;&#8212;&#8212;&#8212;&#8212;&#8212;&#8212;&#8212;&#8211;&nbsp;<\/p>\n\n\n\n<h2 class=\"wp-block-heading\">Research interests<\/h2>\n\n\n\n<ul class=\"wp-block-list\">\n<li>Implications of the \u2018robust turn\u2019 in UN Peacekeeping<\/li>\n\n\n\n<li>Civil-military relations<\/li>\n\n\n\n<li>Military sociology<\/li>\n\n\n\n<li>Foreign and security policy<\/li>\n<\/ul>\n","protected":false},"excerpt":{"rendered":"<p>CV Publications Peer-reviewed articles Militarisation by Popular Demand? Explaining the Politics of Internal Military Roles in Brazil, Bulletin of Latin American Research, 2021 Soldiers in police roles, in: Policing and [&hellip;]<\/p>\n","protected":false},"author":138,"featured_media":0,"parent":1135,"menu_order":0,"comment_status":"closed","ping_status":"closed","template":"","meta":{"footnotes":""},"categories":[9],"tags":[],"class_list":["post-1713","page","type-page","status-publish","hentry","category-team-en"],"_links":{"self":[{"href":"https:\/\/www.hsu-hh.de\/isk\/wp-json\/wp\/v2\/pages\/1713","targetHints":{"allow":["GET"]}}],"collection":[{"href":"https:\/\/www.hsu-hh.de\/isk\/wp-json\/wp\/v2\/pages"}],"about":[{"href":"https:\/\/www.hsu-hh.de\/isk\/wp-json\/wp\/v2\/types\/page"}],"author":[{"embeddable":true,"href":"https:\/\/www.hsu-hh.de\/isk\/wp-json\/wp\/v2\/users\/138"}],"replies":[{"embeddable":true,"href":"https:\/\/www.hsu-hh.de\/isk\/wp-json\/wp\/v2\/comments?post=1713"}],"version-history":[{"count":37,"href":"https:\/\/www.hsu-hh.de\/isk\/wp-json\/wp\/v2\/pages\/1713\/revisions"}],"predecessor-version":[{"id":3620,"href":"https:\/\/www.hsu-hh.de\/isk\/wp-json\/wp\/v2\/pages\/1713\/revisions\/3620"}],"up":[{"embeddable":true,"href":"https:\/\/www.hsu-hh.de\/isk\/wp-json\/wp\/v2\/pages\/1135"}],"wp:attachment":[{"href":"https:\/\/www.hsu-hh.de\/isk\/wp-json\/wp\/v2\/media?parent=1713"}],"wp:term":[{"taxonomy":"category","embeddable":true,"href":"https:\/\/www.hsu-hh.de\/isk\/wp-json\/wp\/v2\/categories?post=1713"},{"taxonomy":"post_tag","embeddable":true,"href":"https:\/\/www.hsu-hh.de\/isk\/wp-json\/wp\/v2\/tags?post=1713"}],"curies":[{"name":"wp","href":"https:\/\/api.w.org\/{rel}","templated":true}]}}