{"id":143,"date":"2017-10-19T16:59:35","date_gmt":"2017-10-19T14:59:35","guid":{"rendered":"https:\/\/www.hsu-hh.de\/isk\/?page_id=143"},"modified":"2024-12-10T10:00:04","modified_gmt":"2024-12-10T09:00:04","slug":"publikationen-pfeifer","status":"publish","type":"page","link":"https:\/\/www.hsu-hh.de\/isk\/team\/ehemalige-teammitglieder\/dr-hanna-pfeifer\/publikationen-pfeifer","title":{"rendered":"Publikationen Pfeifer"},"content":{"rendered":"<p><strong>Monographie<\/strong><\/p>\n<ul>\n<li>2017: Discursive Struggles over World Order. Exploring Encounters between Islamists and the West, Hamburg: Helmut Schmidt University (Dissertationsschrift).<br \/>\n<a href=\"https:\/\/www.hsu-hh.de\/isk\/wp-content\/uploads\/sites\/682\/2018\/07\/Contents.pdf\">Contents<\/a><\/li>\n<\/ul>\n<p><strong>Herausgeberschaften<\/strong><\/p>\n<ul>\n<li>**2020 (mit Geis, A.\/Cl\u00e9ment, M.) Armed Non-state Actors and the Politics of Recognition, Manchester: Manchester University Press (unter Vertrag).<\/li>\n<li>2013 (mit \u00a0Reder, M.\/Cojocaru, M.-D., <abbr title=\"Herausgeber\">Hrsg.<\/abbr>) 2013: Was h\u00e4lt Gesellschaften zusammen? Der gef\u00e4hrdete Umgang mit Pluralit\u00e4t, Stuttgart: Kohlhammer.<br \/>\n<em>Rezensionen<\/em><br \/>\n<em> Berg, W. 2013: Review (28.11.2013), in: socialnet Rezensionen, <a href=\"http:\/\/www.socialnet.de\/rezensionen\/15838.php\" rel='nofollow'>online verf\u00fcgbar<\/a>, 22.10.2017.<\/em><br \/>\n<em> Lemke, M.: Review (26.09.2013), in: Portal f\u00fcr Politikwissenschaft, <a href=\"http:\/\/pw-portal.de\/rezension\/36229-was-haelt-gesellschaften-zusammen_44274\" rel='nofollow'>online verf\u00fcgbar<\/a>, 22.10.2017.<\/em><\/li>\n<li>2012 (mit Reder, M., <abbr title=\"Herausgeber\">Hrsg.<\/abbr>) 2012: Kampf um Ressourcen. Weltordnung zwischen Konkurrenz und Kooperation, Stuttgart: Kohlhammer.<br \/>\n<em>Rezension<\/em><br \/>\n<em> Mysorekar, S. 2013: To Whom Belong the Bounties of the World, in: D+C Development and Cooperation (3), 92, <a href=\"https:\/\/www.dandc.eu\/en\/article\/scramble-resources-poses-many-ethical-questions-and-cooperation-anything-unusual\" rel='nofollow'>online verf\u00fcgbar<\/a>, 22.10.2017.<br \/>\n<\/em><\/li>\n<\/ul>\n<p><strong>Zeitschriftenartikel (**begutachtet)<\/strong><\/p>\n<ul>\n<li>**2020 (mit Opitz, C.\/Geis, A.) Deliberating Foreign Policy: Perceptions and Effects of Citizen Participation in German Foreign Policy, in: German Politics. Online verf\u00fcgbar: <a href=\"https:\/\/www.tandfonline.com\/doi\/full\/10.1080\/09644008.2020.1786058\" rel='nofollow'>https:\/\/www.tandfonline.com\/doi\/full\/10.1080\/09644008.2020.1786058<\/a>.<\/li>\n<li>**2019 The Normative Power of Secularism. Tunisian Ennahda\u2019s Discourse on Religion, Politics, and the State (2011-2016), Politics and Religion (12:3), 478-500.<\/li>\n<li>**2019 (with Spencer, A.) Once Upon a Time. Western Genres and Narrative Constructions of a Romantic Jihad, in: Journal of Language and Politics (18:1), 21\u201339.<\/li>\n<li>2018: Narrativanalyse und Kritik oder: Wer erz\u00e4hlt hier welche Terrorgeschichte? Replik auf \u201eWar on Terror revisited? Das War on Terror-Narrativ als Legitimationsquelle des Syrieneinsatzes im bundesdeutschen Diskurs nach den Terroranschl\u00e4gen von Paris\u201c, in: Zeitschrift f\u00fcr Friedens- und Konfliktforschung (7:2), 278-286.<\/li>\n<li>**2017 (mit Geis, A.): Deutsche Verantwortung in der \u201eMitte der Gesellschaft\u201c aushandeln? \u00dcber Politisierung und Entpolitisierung der deutschen Au\u00dfenpolitik, in: Politische Vierteljahresschrift Special Issue (52), 219-244.<\/li>\n<li>**2017 (mit Reder, M.): \u201eIch schw\u00f6re euch, dieses Land in Syrien ist barakah, Segen pur\u201c. Postmodernes Nachdenken \u00fcber Religion und d\u0101\u02bfish-Bekennervideos, in: Zeitschrift f\u00fcr Internationale Beziehungen (24:2), 36-66.<\/li>\n<li>**2017 Islamisten und die Politik des S\u00e4kularismus in \u00c4gypten und Tunesien. Autokratische Stabilit\u00e4t und das demokratische Moment der a-s\u00e4kularen Arabellion, in: Leviathan Special Issue (31), 193-217.<\/li>\n<li>2014 (mit Spandler, K.): Komplexit\u00e4t aufbauen statt abbauen. Wider eine Politik der neuen deutschen Verantwortung, in: Osnabr\u00fccker Jahrbuch Frieden und Wissenschaft (21), 185-188.<br \/>\n<em>Ebenfalls erschienen in der <a href=\"http:\/\/www.huffingtonpost.de\/hanna-pfeifer-\/komplexitat-aufbauen-statt-abbauen---wider-eine-politik-der-neuen-deutschen-verantwortung_b_5994608.html\" rel='nofollow'>Huffington Post<\/a> (16.10.2014) sowie bei <a href=\"http:\/\/www.review2014.de\/de\/wettbewerb\/essay-wettbewerb\/inhalte\/article\/komplexitaet-aufbauen-statt-abbauen-wider-eine-politik-der-neuen-deutschen-verantwortung\/show-entry\/show\/controller\/Challenge.html\" rel='nofollow'>Review 2014 &#8211; Au\u00dfenpolitik Weiter Denken <\/a>des Ausw\u00e4rtigen Amtes (17.07.2014). Bericht \u00fcber ein Treffen mit Au\u00dfenminister Steinmeier zu diesem Papier in den <a href=\"http:\/\/n-land.de\/news\/altdorf\/kaffee-beim-aussenminister\" rel='nofollow'>N\u00fcrnberger Nachrichten<\/a> (12.10.2014), 05.11.2017.<\/em><\/li>\n<li>2014 (mit Spandler, K.): The Responsibility to Be Responsible. \u00dcber Verantwortung und Au\u00dfenpolitik, in: Wissenschaft und Frieden (4), 36-39.<\/li>\n<\/ul>\n<p><strong>Handbuchartikel<\/strong><\/p>\n<ul>\n<li>2016 (mit Reder, M.): Governance im Spannungsfeld von Frieden und Gerechtigkeit, in: Werkner, I.-J.\/Ebeling, K. (<abbr title=\"Herausgeber\">Hrsg.<\/abbr>): Handbuch Friedensethik, Wiesbaden: Springer VS, 651-662.<\/li>\n<\/ul>\n<p><strong>Beitr\u00e4ge in Sammelb\u00e4nden (**begutachtet)<\/strong><\/p>\n<ul>\n<li>**2020 Recognition Dynamics and Lebanese Hezbollah\u2019s Role in Regional Conflicts, in: Geis, A.\/ Cl\u00e9ment, M.\/Pfeifer H. (<abbr title=\"Herausgeber\">Hrsg.<\/abbr>.): Armed Non-state Actors and the Politics of Recognition, Manchester: Manchester University Press (unter Vertrag).<\/li>\n<li>**2020 (with Cl\u00e9ment, M.\/Geis, A.) Introduction, in: Geis, A.\/Cl\u00e9ment, M.\/Pfeifer H. (eds.): Armed Non-state Actors and the Politics of Recognition, Manchester: Manchester University Press (unter Vertrag).<\/li>\n<li>**2020 (with G\u00fcnther, C.) ISIS und die Inszenierung von Kulturg\u00fcterzerst\u00f6rung f\u00fcr ein globales Publikum, in: Heck, A. and Schlag, G. (<abbr title=\"Herausgeber\">Hrsg.<\/abbr>): Visualit\u00e4t und Weltpolitik. Praktiken des Zeigens und Sehens in den Internationalen Beziehungen, Wiesbaden: Springer VS, 151-179.<\/li>\n<li>**2018 Beyond Terrorism and Disorder. Assessing Islamist Constructions of World Order, in: Adiong, N.M\/Mauriello, R.\/Abdelkader, D. (eds.): Islam in International Affairs. Politics and Paradigms, Abingdon\/New York, NY: Routledge, 100-123.<\/li>\n<li>2018 (mit Spencer, A.): Krieg der Erz\u00e4hlungen. Westliche Genres und Romantische Narrative des Jihad, in: Schellh\u00f6h, J.\/Reichertz, J.\/Heins, V.M.\/Flender, A. (eds.): Gro\u00dferz\u00e4hlungen des Extremen, Bielefeld: transcript, 195-210.<\/li>\n<li>**2018 (mit Reder, M.): Liberale Signaturen der Rede \u00fcber Religion und der Islamismus. Kritische Perspektiven entlang der Dekonstruktion Jacques Derridas, in: Hidalgo, O. \/ Zapf, H. \/ Hildmann, P. W. (eds.): Das Narrativ von der Wiederkehr der Religionen, Wiesbaden: Springer VS, 133-154.<\/li>\n<li>2014 Das liberale Metanarrativ und Identit\u00e4tskonflikte. Wider den liberalen Gerechten Frieden als Skript f\u00fcr die L\u00f6sung des israelisch-pal\u00e4stinensischen Konfliktes, in: Gadinger, F.\/Jarzebski, S.\/Yildiz, T. (<abbr title=\"Herausgeber\">Hrsg.<\/abbr>): Politische Narrative, Wiesbaden: Springer VS, 259-283.<\/li>\n<li>2013 Gef\u00e4hrdete Pluralit\u00e4t und Kandidaten f\u00fcr den gesellschaftlichen Zusammenhalt, in: Reder, M.\/Pfeifer, H.\/Cojocaru, M.-D. (<abbr title=\"Herausgeber\">Hrsg.<\/abbr>): Was h\u00e4lt Gesellschaften zusammen? Der gef\u00e4hrdete Umgang mit Pluralit\u00e4t, Stuttgart: Kohlhammer, 127-138.<\/li>\n<li>2013 (mit Reder, M.\/Cojocaru, M.-D.) : Was h\u00e4lt Gesellschaften zusammen? Eine Einf\u00fchrung, in: Reder, M.\/Pfeifer, H.\/Cojocaru, M.-D. (<abbr title=\"Herausgeber\">Hrsg.<\/abbr>): Was h\u00e4lt Gesellschaften zusammen? Der gef\u00e4hrdete Umgang mit Pluralit\u00e4t, Stuttgart: Kohlhammer, 7-29.<\/li>\n<li>2013 (mit Wallacher, J.): Ressourcenmanagement im Spannungsfeld von Versorgungssicherheit, globaler und \u00f6kologischer Gerechtigkeit, in: Hoff, G. M. (<abbr title=\"Herausgeber\">Hrsg.<\/abbr>): Konflikte um Ressourcen \u2013 Kriege um Wahrheit, Freiburg: Verlag Karl Alber, 221-253.<\/li>\n<li>2012 Effektives und gerechtes Ressourcenmanagement. Hindernisse und Perspektiven in der Diskussion, in: Reder, M.\/Pfeifer, H. (<abbr title=\"Herausgeber\">Hrsg.<\/abbr>): Kampf um Ressourcen: Weltordnung zwischen Konkurrenz und Kooperation, Stuttgart: Kohlhammer, 159-165.<\/li>\n<li>2012 (mit Reder, M.): Einleitung, in: Reder, M.\/Pfeifer, H. (<abbr title=\"Herausgeber\">Hrsg.<\/abbr>): Kampf um Ressourcen: Weltordnung zwischen Konkurrenz und Kooperation, Stuttgart: Kohlhammer, VII-X.\n<p><strong>Sonstige Beitr\u00e4ge<\/strong><\/li>\n<li>2016 The Idea of a World Parliament. Democratisation of Global Politics or Perpetuation of the Hegemonic Order?, in: Diplomatisches Magazin (12), 54-55.<\/li>\n<li>2014 Responsibility: To Whom, For What and For Whom? German Foreign Policy in the Israeli-Palestinian Conflict, in: Diplomatisches Magazin (12), 32-33.<br \/>\n<em>Bericht \u00fcber die dem Beitrag zu Grunde liegende Veranstaltung und den Verein <a href=\"http:\/\/www.ifair.eu\/\" rel='nofollow'>IFAIR<\/a> e.V. in der <a href=\"http:\/\/jungeleute.sueddeutsche.de\/post\/101755862986\/diplomatie-ist-alles\" rel='nofollow'>SZ<\/a> (04.11.2014), 05.11.2017.<\/em><\/li>\n<li>2014 (mit Oppold, M.): Den Dialog immer wieder suchen, in: IFAIR. Young Initiative on Foreign Affairs and International Relations (03.11.2014), <a href=\"http:\/\/ifair.eu\/intern\/den-dialog-immer-wieder-suchen\/\" rel='nofollow'>online verf\u00fcgbar<\/a>, 05.11.2017.<br \/>\n<em>Ebenfalls erschienen bei <a href=\"http:\/\/www.review2014.de\/de\/blog\/show\/article\/den-dialog-immer-wieder-suchen.html\" rel='nofollow'>Review 2014 \u2013 Au\u00dfenpolitik Weiter Denken des Ausw\u00e4rtigen Amte<\/a>s (06.11.2014), 13.10.2017.<\/em><\/li>\n<li>2012 Die Muslimbruderschaft in \u00c4gypten \u2013 gef\u00fcrchtete Islamisten oder konservative Kraft?, in: Diplomatisches Magazin (8), 40-41, <a href=\"http:\/\/www.diplomatisches-magazin.de\/international-relations-08-2012-en\/A2\/\" rel='nofollow'>online verf\u00fcgbar<\/a>, 05.11.2017.<\/li>\n<li>2012 Dilemmata wertegebundener Au\u00dfenpolitik am Beispiel der deutsch-israelischen Beziehungen. Eine Betrachtung des Gazakrieges, in: Geschwister-Scholl-Institut (<abbr title=\"Herausgeber\">Hrsg.<\/abbr>): M\u00fcnchner Beitr\u00e4ge zur Politikwissenschaft, M\u00fcnchen, 1-121, <a href=\"https:\/\/epub.ub.uni-muenchen.de\/12811\/\" rel='nofollow'>online verf\u00fcgbar<\/a>, 03.11.2017.<\/li>\n<li>2011 Die Vers\u00f6hnung von Hamas und Fatah \u2013 Chance oder Risiko?, in: IFAIR \u2013 Young Initiative on Foreign Affairs and International Relations, <a href=\"http:\/\/ifair.eu\/en\/think\/die-versohnung-von-hamas-und-fatah-chance-oder-risiko\/\" rel='nofollow'>online verf\u00fcgbar<\/a>, 12.10.2017.<\/li>\n<\/ul>\n","protected":false},"excerpt":{"rendered":"<p>Monographie 2017: Discursive Struggles over World Order. Exploring Encounters between Islamists and the West, Hamburg: Helmut Schmidt University (Dissertationsschrift). Contents Herausgeberschaften **2020 (mit Geis, A.\/Cl\u00e9ment, M.) Armed Non-state Actors and [&hellip;]<\/p>\n","protected":false},"author":117,"featured_media":0,"parent":1101,"menu_order":0,"comment_status":"closed","ping_status":"closed","template":"","meta":{"footnotes":""},"categories":[41],"tags":[],"class_list":["post-143","page","type-page","status-publish","hentry","category-publikationen"],"_links":{"self":[{"href":"https:\/\/www.hsu-hh.de\/isk\/wp-json\/wp\/v2\/pages\/143","targetHints":{"allow":["GET"]}}],"collection":[{"href":"https:\/\/www.hsu-hh.de\/isk\/wp-json\/wp\/v2\/pages"}],"about":[{"href":"https:\/\/www.hsu-hh.de\/isk\/wp-json\/wp\/v2\/types\/page"}],"author":[{"embeddable":true,"href":"https:\/\/www.hsu-hh.de\/isk\/wp-json\/wp\/v2\/users\/117"}],"replies":[{"embeddable":true,"href":"https:\/\/www.hsu-hh.de\/isk\/wp-json\/wp\/v2\/comments?post=143"}],"version-history":[{"count":21,"href":"https:\/\/www.hsu-hh.de\/isk\/wp-json\/wp\/v2\/pages\/143\/revisions"}],"predecessor-version":[{"id":3336,"href":"https:\/\/www.hsu-hh.de\/isk\/wp-json\/wp\/v2\/pages\/143\/revisions\/3336"}],"up":[{"embeddable":true,"href":"https:\/\/www.hsu-hh.de\/isk\/wp-json\/wp\/v2\/pages\/1101"}],"wp:attachment":[{"href":"https:\/\/www.hsu-hh.de\/isk\/wp-json\/wp\/v2\/media?parent=143"}],"wp:term":[{"taxonomy":"category","embeddable":true,"href":"https:\/\/www.hsu-hh.de\/isk\/wp-json\/wp\/v2\/categories?post=143"},{"taxonomy":"post_tag","embeddable":true,"href":"https:\/\/www.hsu-hh.de\/isk\/wp-json\/wp\/v2\/tags?post=143"}],"curies":[{"name":"wp","href":"https:\/\/api.w.org\/{rel}","templated":true}]}}