{"id":1382,"date":"2019-11-04T08:51:59","date_gmt":"2019-11-04T07:51:59","guid":{"rendered":"https:\/\/www.hsu-hh.de\/isk\/?page_id=1382"},"modified":"2026-03-17T13:18:27","modified_gmt":"2026-03-17T12:18:27","slug":"hannah-schnier","status":"publish","type":"page","link":"https:\/\/www.hsu-hh.de\/isk\/team\/hannah-schnier","title":{"rendered":"Hannah Schnier M.Sc."},"content":{"rendered":"<div class=\"ansprechparter-container\">\n<div class=\"row ansprechpartner-item ansprechparter-header\">\n<div class=\"col-md-4 col-lg-3 col-xs-4 ansprechpartner-item floatright img-circle center-block\" style=\"margin-bottom: 30px\">\n<div><\/div>\n<div class=\"img-responsive-wrapper\"><a href=\"https:\/\/www.hsu-hh.de\/isk\/wp-content\/uploads\/sites\/682\/2020\/05\/4-2.jpg\"><img loading=\"lazy\" decoding=\"async\" class=\"img-circle img-responsive center-block alignnone wp-image-1465 size-thumbnail\" src=\"https:\/\/www.hsu-hh.de\/isk\/wp-content\/uploads\/sites\/682\/2020\/05\/4-2-150x150.jpg\" alt=\"HS\" width=\"150\" height=\"150\" data-credit=\"hs\" \/><\/a><\/div>\n<\/div>\n<div class=\"col-md-12 col-lg-3 col-xs-12 ansprechpartner-item kontakt floatright\" style=\"margin-bottom: 30px\">\n<div class=\"row\">\n<div class=\"col-xs-12 col-sm-6 col-lg-12\">\n<div class=\"row\">\n<div class=\"col-xs-12 col-lg-4 row-text bold\">Raum:<\/div>\n<div class=\"col-xs-12 col-lg-8 row-text\">1394b<\/div>\n<\/div>\n<\/div>\n<div class=\"col-xs-12 col-sm-6 col-lg-12\">\n<div class=\"row\">\n<div class=\"col-xs-12 col-lg-4 row-text bold\">Telefon:<\/div>\n<div class=\"col-xs-12 col-lg-8 row-text\">(040) 6541-3720<\/div>\n<\/div>\n<\/div>\n<div class=\"col-xs-12 col-sm-6 col-lg-12\">\n<div class=\"row\">\n<div class=\"col-xs-12 col-md-12 row-text bold\">E-Mail:<\/div>\n<div class=\"col-xs-12 col-md-12 row-text\"><a href=\"mailto:hannah.schnier@hsu.hamburg\" rel='nofollow'>hannah.schnier@hsu.hamburg<\/a><\/div>\n<\/div>\n<\/div>\n<\/div>\n<\/div>\n<div class=\"col-md-6 col-lg-3 col-xs-12 ansprechpartner-item anschrift floatright\">\n<div class=\"row-headline\">Besucheranschrift<\/div>\n<div class=\"row-text\">Helmut-Schmidt-Universit\u00e4t<\/div>\n<div class=\"row-text\">Geb\u00e4ude H1<\/div>\n<div class=\"row-text\">Holstenhofweg 85<\/div>\n<div class=\"row-text\">22043 Hamburg<\/div>\n<\/div>\n<div class=\"col-md-6 col-lg-3 col-xs-12 ansprechpartner-item anschrift floatright\">\n<div class=\"row-headline\">Postanschrift<\/div>\n<p>Helmut-Schmidt-Universit\u00e4t<br \/>\nFakult\u00e4t f\u00fcr Wirtschafts- und Sozialwissenschaften<br \/>\nInternationale Politik<br \/>\nPostfach 70 08 22<br \/>\n22008 Hamburg<\/p>\n<\/div>\n<\/div>\n<\/div>\n<div class=\"clearfix\"><\/div>\n<p>Lebenslauf<\/p>\n<p>Hannah Schnier arbeitet seit November 2019 an der Helmut Schmidt Universit\u00e4t als Wissenschaftliche Mitarbeiterin. Davor arbeitete sie als Beraterin f\u00fcr das Bundesministerium der Verteidigung und der Bundeswehr, nachdem sie ihr Studium an der Universit\u00e4t Kopenhagen (<abbr title=\"Master of Science\">M.Sc.<\/abbr> Security Risk Management) und an der Universit\u00e4t Hamburg (B.A. Politikwissenschaft) absolvierte.<\/p>\n<p>Schwerpunkte in der Lehre und Forschung:<\/p>\n<ul>\n<li>(Mitgliedstaaten der) NATO<\/li>\n<li>transatlantische und internationale Beziehungen<\/li>\n<li>europ\u00e4ische Sicherheits- und Verteidigungspolitik<\/li>\n<li>Sicherheitsakteure und Identit\u00e4tspolitik<\/li>\n<li>Milit\u00e4rethik und Ausbildung von Streitkr\u00e4ften<\/li>\n<\/ul>\n<p>Forschung<\/p>\n","protected":false},"excerpt":{"rendered":"<p>Raum: 1394b Telefon: (040) 6541-3720 E-Mail: hannah.schnier@hsu.hamburg Besucheranschrift Helmut-Schmidt-Universit\u00e4t Geb\u00e4ude H1 Holstenhofweg 85 22043 Hamburg Postanschrift Helmut-Schmidt-Universit\u00e4t Fakult\u00e4t f\u00fcr Wirtschafts- und Sozialwissenschaften Internationale Politik Postfach 70 08 22 22008 Hamburg [&hellip;]<\/p>\n","protected":false},"author":138,"featured_media":0,"parent":119,"menu_order":0,"comment_status":"closed","ping_status":"closed","template":"","meta":{"footnotes":""},"categories":[8],"tags":[241,239,245],"class_list":["post-1382","page","type-page","status-publish","hentry","category-team","tag-geis","tag-hsu","tag-schnier"],"_links":{"self":[{"href":"https:\/\/www.hsu-hh.de\/isk\/wp-json\/wp\/v2\/pages\/1382","targetHints":{"allow":["GET"]}}],"collection":[{"href":"https:\/\/www.hsu-hh.de\/isk\/wp-json\/wp\/v2\/pages"}],"about":[{"href":"https:\/\/www.hsu-hh.de\/isk\/wp-json\/wp\/v2\/types\/page"}],"author":[{"embeddable":true,"href":"https:\/\/www.hsu-hh.de\/isk\/wp-json\/wp\/v2\/users\/138"}],"replies":[{"embeddable":true,"href":"https:\/\/www.hsu-hh.de\/isk\/wp-json\/wp\/v2\/comments?post=1382"}],"version-history":[{"count":12,"href":"https:\/\/www.hsu-hh.de\/isk\/wp-json\/wp\/v2\/pages\/1382\/revisions"}],"predecessor-version":[{"id":3767,"href":"https:\/\/www.hsu-hh.de\/isk\/wp-json\/wp\/v2\/pages\/1382\/revisions\/3767"}],"up":[{"embeddable":true,"href":"https:\/\/www.hsu-hh.de\/isk\/wp-json\/wp\/v2\/pages\/119"}],"wp:attachment":[{"href":"https:\/\/www.hsu-hh.de\/isk\/wp-json\/wp\/v2\/media?parent=1382"}],"wp:term":[{"taxonomy":"category","embeddable":true,"href":"https:\/\/www.hsu-hh.de\/isk\/wp-json\/wp\/v2\/categories?post=1382"},{"taxonomy":"post_tag","embeddable":true,"href":"https:\/\/www.hsu-hh.de\/isk\/wp-json\/wp\/v2\/tags?post=1382"}],"curies":[{"name":"wp","href":"https:\/\/api.w.org\/{rel}","templated":true}]}}