{"id":340,"date":"2017-12-15T08:32:49","date_gmt":"2017-12-15T07:32:49","guid":{"rendered":"https:\/\/www.hsu-hh.de\/isa\/?page_id=340"},"modified":"2025-09-10T17:35:05","modified_gmt":"2025-09-10T15:35:05","slug":"modulhandbuch","status":"publish","type":"page","link":"https:\/\/www.hsu-hh.de\/isa\/modulhandbuch","title":{"rendered":"Modulhandbuch"},"content":{"rendered":"\n<p>Das <a href=\"https:\/\/www.hsu-hh.de\/isa\/wp-content\/uploads\/sites\/716\/2025\/09\/Modulhandbuch_ISAO_11.06.2015_Stand_07_2016_mAnmAvS_2016-09-09_SN_August_2025.pdf\">Modulhandbuch<\/a> enth\u00e4lt die Beschreibungen s\u00e4mtlicher ISA-Module. Eine Auswahl dieser Module wird in jedem Trimester zur Belegung angeboten.<\/p>\n\n\n\n<p>Die Module sind nach Inhaltsbereichen gegliedert.<\/p>\n\n\n\n<p>Dar\u00fcber hinaus sind in der aktuellen Fassung Module enthalten, die ausschlie\u00dflich f\u00fcr ausl\u00e4ndische Gaststudierende belegbar sind (siehe \u00a7 7 <a href=\"https:\/\/www.hsu-hh.de\/isa\/wp-content\/uploads\/sites\/716\/2020\/08\/ISA-O_2015_Stand_-2020.pdf\">ISA-Ordnung<\/a>).<\/p>\n","protected":false},"excerpt":{"rendered":"<p>Das Modulhandbuch enth\u00e4lt die Beschreibungen s\u00e4mtlicher ISA-Module. Eine Auswahl dieser Module wird in jedem Trimester zur Belegung angeboten. Die Module sind nach Inhaltsbereichen gegliedert. Dar\u00fcber hinaus sind in der aktuellen [&hellip;]<\/p>\n","protected":false},"author":1146,"featured_media":0,"parent":0,"menu_order":0,"comment_status":"closed","ping_status":"closed","template":"","meta":{"footnotes":""},"categories":[4],"tags":[],"class_list":["post-340","page","type-page","status-publish","hentry","category-forschung"],"_links":{"self":[{"href":"https:\/\/www.hsu-hh.de\/isa\/wp-json\/wp\/v2\/pages\/340","targetHints":{"allow":["GET"]}}],"collection":[{"href":"https:\/\/www.hsu-hh.de\/isa\/wp-json\/wp\/v2\/pages"}],"about":[{"href":"https:\/\/www.hsu-hh.de\/isa\/wp-json\/wp\/v2\/types\/page"}],"author":[{"embeddable":true,"href":"https:\/\/www.hsu-hh.de\/isa\/wp-json\/wp\/v2\/users\/1146"}],"replies":[{"embeddable":true,"href":"https:\/\/www.hsu-hh.de\/isa\/wp-json\/wp\/v2\/comments?post=340"}],"version-history":[{"count":39,"href":"https:\/\/www.hsu-hh.de\/isa\/wp-json\/wp\/v2\/pages\/340\/revisions"}],"predecessor-version":[{"id":775,"href":"https:\/\/www.hsu-hh.de\/isa\/wp-json\/wp\/v2\/pages\/340\/revisions\/775"}],"wp:attachment":[{"href":"https:\/\/www.hsu-hh.de\/isa\/wp-json\/wp\/v2\/media?parent=340"}],"wp:term":[{"taxonomy":"category","embeddable":true,"href":"https:\/\/www.hsu-hh.de\/isa\/wp-json\/wp\/v2\/categories?post=340"},{"taxonomy":"post_tag","embeddable":true,"href":"https:\/\/www.hsu-hh.de\/isa\/wp-json\/wp\/v2\/tags?post=340"}],"curies":[{"name":"wp","href":"https:\/\/api.w.org\/{rel}","templated":true}]}}