{"id":803,"date":"2018-03-07T11:25:49","date_gmt":"2018-03-07T10:25:49","guid":{"rendered":"https:\/\/www.hsu-hh.de\/ipa\/?page_id=803"},"modified":"2024-11-26T11:20:49","modified_gmt":"2024-11-26T10:20:49","slug":"univ-prof-dr-wenzel-matiaske","status":"publish","type":"page","link":"https:\/\/www.hsu-hh.de\/ipa\/univ-prof-dr-wenzel-matiaske","title":{"rendered":"Prof. Dr. Wenzel Matiaske"},"content":{"rendered":"\n<div class=\"wp-block-columns is-layout-flex wp-container-core-columns-is-layout-9d6595d7 wp-block-columns-is-layout-flex\">\n<div class=\"wp-block-column is-layout-flow wp-block-column-is-layout-flow\">\n<p>Professurvertretung<\/p>\n\n\n\n<p>Helmut-Schmidt-Universit\u00e4t<br>Fakult\u00e4t f\u00fcr Wirtschafts- und Sozialwissenschaften<br>Institut f\u00fcr Personal und Arbeit<br>Holstenhofweg 85<br>22043 Hamburg<\/p>\n<\/div>\n\n\n\n<div class=\"wp-block-column is-layout-flow wp-block-column-is-layout-flow\">\n<p><\/p>\n\n\n\n<p><strong>Geb\u00e4ude<\/strong>: H 1, <strong>Raum:<\/strong> 2132<br><strong>Telefon<\/strong>: +4940 6541 3800<br><strong>Fax<\/strong>: +4940 6541 3522<br><strong>E-Mail:<\/strong> matiaske@hsu-hh.de<\/p>\n<\/div>\n\n\n\n<div class=\"wp-block-column is-layout-flow wp-block-column-is-layout-flow\">\n<figure class=\"wp-block-image size-full\"><img loading=\"lazy\" decoding=\"async\" width=\"542\" height=\"791\" src=\"https:\/\/www.hsu-hh.de\/ipa\/wp-content\/uploads\/sites\/683\/2019\/03\/Wenzel-Matiaske_2018.jpg\" data-credit=\"Matiaske\" alt=\"\" class=\"wp-image-1657\" srcset=\"https:\/\/www.hsu-hh.de\/ipa\/wp-content\/uploads\/sites\/683\/2019\/03\/Wenzel-Matiaske_2018.jpg 542w, https:\/\/www.hsu-hh.de\/ipa\/wp-content\/uploads\/sites\/683\/2019\/03\/Wenzel-Matiaske_2018-206x300.jpg 206w\" sizes=\"auto, (max-width: 542px) 100vw, 542px\" \/><\/figure>\n<\/div>\n<\/div>\n\n\n\n<p><strong>Derzeit keine Sprechstunde.<\/strong><\/p>\n\n\n\n<hr class=\"wp-block-separator has-alpha-channel-opacity\" \/>\n\n\n\n<p><strong>Kurzbiographie:<\/strong> Studium der Soziologie, der Volkswirtschaftslehre und der Politikwissenschaften an der Philipps-Universit\u00e4t Marburg sowie der Verwaltungswissenschaften an der Deutschen Universit\u00e4t f\u00fcr Verwaltungswissenschaften Speyer. Wissenschaftlicher Mitarbeiter an den Universit\u00e4ten Paderborn und Mainz und wissenschaftlicher Assistent an der <abbr title=\"Technische Universit\u00e4t\">TU<\/abbr> Berlin (1992-1998; Habilitation 1999). Vertretungsprofessur f\u00fcr Betriebswirtschaftslehre an der Universit\u00e4t Paderborn (1999). Professor f\u00fcr Betriebswirtschaftslehre am Internationalen Institut f\u00fcr Management der Universit\u00e4t Flensburg (2000-2008). Seit 2008 Professor an der Helmut-Schmidt-Universit\u00e4t\/Uni BW Hamburg und Research Fellow des DIW\/SOEP Berlin. Rufe f\u00fcr Betriebswirtschaftslehre an die Frankfurt School of Finance &amp; Management und die Universit\u00e4ten Flensburg, Siegen, WU Wien, Kassel und <abbr title=\"Helmut Schmidt Universit\u00e4t\">HSU<\/abbr> Hamburg sowie f\u00fcr Soziologie an die Universit\u00e4t Duisburg-Essen.<\/p>\n\n\n\n<p><strong>Forschungsschwerpunkte:<\/strong> (Neue) Organisationsformen von Arbeit, Wandel der Arbeitswerte und (international) vergleichende Studien der Arbeitsbeziehungen.<\/p>\n\n\n\n<p><a href=\"http:\/\/hermes.hsu-hh.de\/~wm\/cv-matiaske.pdf\" rel='nofollow'>Curriculum Vitae und Ver\u00f6ffentlichungen<\/a><\/p>\n","protected":false},"excerpt":{"rendered":"<p>Professurvertretung Helmut-Schmidt-Universit\u00e4tFakult\u00e4t f\u00fcr Wirtschafts- und SozialwissenschaftenInstitut f\u00fcr Personal und ArbeitHolstenhofweg 8522043 Hamburg Geb\u00e4ude: H 1, Raum: 2132Telefon: +4940 6541 3800Fax: +4940 6541 3522E-Mail: matiaske@hsu-hh.de Derzeit keine Sprechstunde. Kurzbiographie: Studium der [&hellip;]<\/p>\n","protected":false},"author":1331,"featured_media":0,"parent":0,"menu_order":0,"comment_status":"closed","ping_status":"closed","template":"","meta":{"footnotes":""},"categories":[8],"tags":[],"class_list":["post-803","page","type-page","status-publish","hentry","category-team"],"_links":{"self":[{"href":"https:\/\/www.hsu-hh.de\/ipa\/wp-json\/wp\/v2\/pages\/803","targetHints":{"allow":["GET"]}}],"collection":[{"href":"https:\/\/www.hsu-hh.de\/ipa\/wp-json\/wp\/v2\/pages"}],"about":[{"href":"https:\/\/www.hsu-hh.de\/ipa\/wp-json\/wp\/v2\/types\/page"}],"author":[{"embeddable":true,"href":"https:\/\/www.hsu-hh.de\/ipa\/wp-json\/wp\/v2\/users\/1331"}],"replies":[{"embeddable":true,"href":"https:\/\/www.hsu-hh.de\/ipa\/wp-json\/wp\/v2\/comments?post=803"}],"version-history":[{"count":25,"href":"https:\/\/www.hsu-hh.de\/ipa\/wp-json\/wp\/v2\/pages\/803\/revisions"}],"predecessor-version":[{"id":4386,"href":"https:\/\/www.hsu-hh.de\/ipa\/wp-json\/wp\/v2\/pages\/803\/revisions\/4386"}],"wp:attachment":[{"href":"https:\/\/www.hsu-hh.de\/ipa\/wp-json\/wp\/v2\/media?parent=803"}],"wp:term":[{"taxonomy":"category","embeddable":true,"href":"https:\/\/www.hsu-hh.de\/ipa\/wp-json\/wp\/v2\/categories?post=803"},{"taxonomy":"post_tag","embeddable":true,"href":"https:\/\/www.hsu-hh.de\/ipa\/wp-json\/wp\/v2\/tags?post=803"}],"curies":[{"name":"wp","href":"https:\/\/api.w.org\/{rel}","templated":true}]}}