{"id":2934,"date":"2021-09-09T10:27:09","date_gmt":"2021-09-09T08:27:09","guid":{"rendered":"https:\/\/www.hsu-hh.de\/ipa\/?page_id=2934"},"modified":"2024-07-03T11:39:33","modified_gmt":"2024-07-03T09:39:33","slug":"claudia-meister-scheytt-dr","status":"publish","type":"page","link":"https:\/\/www.hsu-hh.de\/ipa\/claudia-meister-scheytt-dr","title":{"rendered":"Dr. Claudia Meister-Scheytt"},"content":{"rendered":"\n<p>Wissenschaftliche Mitarbeiterin<\/p>\n\n\n\n<div class=\"wp-block-columns is-layout-flex wp-container-core-columns-is-layout-9d6595d7 wp-block-columns-is-layout-flex\">\n<div class=\"wp-block-column is-layout-flow wp-block-column-is-layout-flow\">\n<p>Helmut-Schmidt-Universit\u00e4t<br>Fakult\u00e4t f\u00fcr Wirtschafts- und Sozialwissenschaften<br>Institut f\u00fcr Personal und Arbeit<br>Holstenhofweg 85<br>22043 Hamburg<\/p>\n<\/div>\n\n\n\n<div class=\"wp-block-column is-layout-flow wp-block-column-is-layout-flow\">\n<p>Geb\u00e4ude H1, Raum 2227<br>Tel. +49 (0)40 \u2013 65 41 41 17<br>Fax +49 (0)40 \u2013 65 41 35 22<br>E-Mail: <a href=\"mailto:dumkow@hsu-hh.de\" rel='nofollow'><\/a><a href=\"mailto:meisterc@hsu-hh.de\" rel='nofollow'>meisterc@hsu-hh.de<\/a><\/p>\n<\/div>\n\n\n\n<div class=\"wp-block-column is-layout-flow wp-block-column-is-layout-flow\"><div class=\"wp-block-image\">\n<figure class=\"aligncenter size-large\"><img loading=\"lazy\" decoding=\"async\" width=\"1024\" height=\"1001\" src=\"https:\/\/www.hsu-hh.de\/ipa\/wp-content\/uploads\/sites\/683\/2021\/09\/Foto-Meister-Scheytt-003-1024x1001.jpg\" data-credit=\"Claudia Meister-Scheytt\" alt=\"Claudia Meister-Scheytt\" class=\"wp-image-2936\" srcset=\"https:\/\/www.hsu-hh.de\/ipa\/wp-content\/uploads\/sites\/683\/2021\/09\/Foto-Meister-Scheytt-003-1024x1001.jpg 1024w, https:\/\/www.hsu-hh.de\/ipa\/wp-content\/uploads\/sites\/683\/2021\/09\/Foto-Meister-Scheytt-003-300x293.jpg 300w, https:\/\/www.hsu-hh.de\/ipa\/wp-content\/uploads\/sites\/683\/2021\/09\/Foto-Meister-Scheytt-003-768x751.jpg 768w, https:\/\/www.hsu-hh.de\/ipa\/wp-content\/uploads\/sites\/683\/2021\/09\/Foto-Meister-Scheytt-003-1536x1501.jpg 1536w, https:\/\/www.hsu-hh.de\/ipa\/wp-content\/uploads\/sites\/683\/2021\/09\/Foto-Meister-Scheytt-003-1100x1075.jpg 1100w, https:\/\/www.hsu-hh.de\/ipa\/wp-content\/uploads\/sites\/683\/2021\/09\/Foto-Meister-Scheytt-003.jpg 1859w\" sizes=\"auto, (max-width: 1024px) 100vw, 1024px\" \/><\/figure>\n<\/div><\/div>\n<\/div>\n\n\n\n<p><strong>Sprechstunde:<\/strong> Nach Vereinbarung (per <a href=\"mailto:meisterc@hsu-hh.de\" rel='nofollow'>Mail<\/a>)<\/p>\n\n\n\n<hr class=\"wp-block-separator has-alpha-channel-opacity\" \/>\n\n\n\n<p><strong>Kurzbiographie:<\/strong> Ausbildung zur Industriekauffrau; Studium der Betriebswirtschaftslehre an der Johann-Wolfgang-Goethe-Universit\u00e4t Frankfurt\/M. und&nbsp;der Wirtschaftswissenschaften an der private Universit\u00e4t Witten\/Herdecke gGmbH; wissenschaftliche Mitarbeiterin am Institut f\u00fcr Organisation und Lernen der Sozial- und Wirtschaftswissenschaftlichen Fakult\u00e4t der Universit\u00e4t Innsbruck (1996-2011); Elternzeit (2011-2012); wissenschaftliche Mitarbeiterin am Institut f\u00fcr Controlling und Unternehmensrechnung der Helmut-Schmidt-Universit\u00e4t (2012-2020); seit 2021 wissenschaftliche Mitarbeiterin am Institut f\u00fcr Personal und Arbeit an der Helmut-Schmidt-Universit\u00e4t Hamburg.<\/p>\n\n\n\n<p><a href=\"https:\/\/www.hsu-hh.de\/ipa\/wp-content\/uploads\/sites\/683\/2021\/11\/Veroeffentlichungen_Meister-Scheytt-Stand-2021.pdf\">Vortr\u00e4ge und Ver\u00f6ffentlichungen<\/a><\/p>\n","protected":false},"excerpt":{"rendered":"<p>Wissenschaftliche Mitarbeiterin Helmut-Schmidt-Universit\u00e4tFakult\u00e4t f\u00fcr Wirtschafts- und SozialwissenschaftenInstitut f\u00fcr Personal und ArbeitHolstenhofweg 8522043 Hamburg Geb\u00e4ude H1, Raum 2227Tel. +49 (0)40 \u2013 65 41 41 17Fax +49 (0)40 \u2013 65 41 35 [&hellip;]<\/p>\n","protected":false},"author":1331,"featured_media":0,"parent":0,"menu_order":0,"comment_status":"closed","ping_status":"closed","template":"","meta":{"footnotes":""},"categories":[8],"tags":[],"class_list":["post-2934","page","type-page","status-publish","hentry","category-team"],"_links":{"self":[{"href":"https:\/\/www.hsu-hh.de\/ipa\/wp-json\/wp\/v2\/pages\/2934","targetHints":{"allow":["GET"]}}],"collection":[{"href":"https:\/\/www.hsu-hh.de\/ipa\/wp-json\/wp\/v2\/pages"}],"about":[{"href":"https:\/\/www.hsu-hh.de\/ipa\/wp-json\/wp\/v2\/types\/page"}],"author":[{"embeddable":true,"href":"https:\/\/www.hsu-hh.de\/ipa\/wp-json\/wp\/v2\/users\/1331"}],"replies":[{"embeddable":true,"href":"https:\/\/www.hsu-hh.de\/ipa\/wp-json\/wp\/v2\/comments?post=2934"}],"version-history":[{"count":7,"href":"https:\/\/www.hsu-hh.de\/ipa\/wp-json\/wp\/v2\/pages\/2934\/revisions"}],"predecessor-version":[{"id":4287,"href":"https:\/\/www.hsu-hh.de\/ipa\/wp-json\/wp\/v2\/pages\/2934\/revisions\/4287"}],"wp:attachment":[{"href":"https:\/\/www.hsu-hh.de\/ipa\/wp-json\/wp\/v2\/media?parent=2934"}],"wp:term":[{"taxonomy":"category","embeddable":true,"href":"https:\/\/www.hsu-hh.de\/ipa\/wp-json\/wp\/v2\/categories?post=2934"},{"taxonomy":"post_tag","embeddable":true,"href":"https:\/\/www.hsu-hh.de\/ipa\/wp-json\/wp\/v2\/tags?post=2934"}],"curies":[{"name":"wp","href":"https:\/\/api.w.org\/{rel}","templated":true}]}}