{"id":108,"date":"2017-09-01T14:29:29","date_gmt":"2017-09-01T12:29:29","guid":{"rendered":"https:\/\/www.hsu-hh.de\/ipa\/?page_id=108"},"modified":"2025-01-03T11:02:49","modified_gmt":"2025-01-03T10:02:49","slug":"archiv","status":"publish","type":"page","link":"https:\/\/www.hsu-hh.de\/ipa\/archiv","title":{"rendered":"Archiv"},"content":{"rendered":"\n<h3 class=\"wp-block-heading\"><a href=\"https:\/\/www.hsu-hh.de\/ipa\/ehemalige-mitarbeiter-und-doktoranden\" target=\"_blank\" rel=\"noopener\">Ehemalige Mitarbeiter und Doktoranden<\/a><\/h3>\n\n\n\n<hr class=\"wp-block-separator has-alpha-channel-opacity\" \/>\n\n\n\n<h3 class=\"wp-block-heading\"><a href=\"https:\/\/www.hsu-hh.de\/ipa\/gaeste\" target=\"_blank\" rel=\"noreferrer noopener\">G\u00e4ste<\/a><\/h3>\n\n\n\n<hr class=\"wp-block-separator has-alpha-channel-opacity\" \/>\n\n\n\n<h3 class=\"wp-block-heading\"><a href=\"https:\/\/www.hsu-hh.de\/ipa\/ehemalige-studentische-hilfskraefte\" target=\"_blank\" rel=\"noreferrer noopener\">Ehemalige Studentische Hilfskr\u00e4fte<\/a><\/h3>\n\n\n\n<hr class=\"wp-block-separator has-alpha-channel-opacity\" \/>\n\n\n\n<h3 class=\"wp-block-heading\"><a href=\"https:\/\/www.hsu-hh.de\/ipa\/doktorandenseminare-und-workshops\" target=\"_blank\" rel=\"noreferrer noopener\">Doktorandenseminare und -workshops<\/a><\/h3>\n\n\n\n<hr class=\"wp-block-separator has-alpha-channel-opacity\" \/>\n\n\n\n<p><a href=\"https:\/\/www.hsu-hh.de\/ipa\/dissertationen-2\" target=\"_blank\" rel=\"noreferrer noopener\">Dissertationen<\/a><\/p>\n\n\n\n<hr class=\"wp-block-separator has-alpha-channel-opacity\" \/>\n\n\n\n<h3 class=\"wp-block-heading\"><a href=\"https:\/\/www.hsu-hh.de\/ipa\/gastvortraege\" target=\"_blank\" rel=\"noreferrer noopener\">Gastvortr\u00e4ge<\/a><\/h3>\n\n\n\n<hr class=\"wp-block-separator has-alpha-channel-opacity\" \/>\n\n\n\n<h3 class=\"wp-block-heading\"><a href=\"https:\/\/www.hsu-hh.de\/ipa\/konferenzen-und-workshops\" target=\"_blank\" rel=\"noreferrer noopener\">Konferenzen und Workshops<\/a><\/h3>\n\n\n\n<p><\/p>\n","protected":false},"excerpt":{"rendered":"<p>Ehemalige Mitarbeiter und Doktoranden G\u00e4ste Ehemalige Studentische Hilfskr\u00e4fte Doktorandenseminare und -workshops Dissertationen Gastvortr\u00e4ge Konferenzen und Workshops<\/p>\n","protected":false},"author":42,"featured_media":0,"parent":0,"menu_order":0,"comment_status":"closed","ping_status":"closed","template":"","meta":{"footnotes":""},"categories":[42],"tags":[],"class_list":["post-108","page","type-page","status-publish","hentry","category-archiv"],"_links":{"self":[{"href":"https:\/\/www.hsu-hh.de\/ipa\/wp-json\/wp\/v2\/pages\/108","targetHints":{"allow":["GET"]}}],"collection":[{"href":"https:\/\/www.hsu-hh.de\/ipa\/wp-json\/wp\/v2\/pages"}],"about":[{"href":"https:\/\/www.hsu-hh.de\/ipa\/wp-json\/wp\/v2\/types\/page"}],"author":[{"embeddable":true,"href":"https:\/\/www.hsu-hh.de\/ipa\/wp-json\/wp\/v2\/users\/42"}],"replies":[{"embeddable":true,"href":"https:\/\/www.hsu-hh.de\/ipa\/wp-json\/wp\/v2\/comments?post=108"}],"version-history":[{"count":229,"href":"https:\/\/www.hsu-hh.de\/ipa\/wp-json\/wp\/v2\/pages\/108\/revisions"}],"predecessor-version":[{"id":4500,"href":"https:\/\/www.hsu-hh.de\/ipa\/wp-json\/wp\/v2\/pages\/108\/revisions\/4500"}],"wp:attachment":[{"href":"https:\/\/www.hsu-hh.de\/ipa\/wp-json\/wp\/v2\/media?parent=108"}],"wp:term":[{"taxonomy":"category","embeddable":true,"href":"https:\/\/www.hsu-hh.de\/ipa\/wp-json\/wp\/v2\/categories?post=108"},{"taxonomy":"post_tag","embeddable":true,"href":"https:\/\/www.hsu-hh.de\/ipa\/wp-json\/wp\/v2\/tags?post=108"}],"curies":[{"name":"wp","href":"https:\/\/api.w.org\/{rel}","templated":true}]}}