{"id":1003,"date":"2018-03-09T10:21:32","date_gmt":"2018-03-09T09:21:32","guid":{"rendered":"https:\/\/www.hsu-hh.de\/ipa\/?page_id=1003"},"modified":"2022-02-21T12:38:17","modified_gmt":"2022-02-21T11:38:17","slug":"wissenschaftliches-arbeiten","status":"publish","type":"page","link":"https:\/\/www.hsu-hh.de\/ipa\/wissenschaftliches-arbeiten","title":{"rendered":"Wissenschaftliches Arbeiten"},"content":{"rendered":"<p>Hier finden Sie wichtige Hinweise und Leitf\u00e4den zur Erstellung von wissenschaftlichen Arbeiten und Bearbeitung von Klausuren<\/p>\n<p>Hinweise zu Schl\u00fcsselbegriffen in Klausurfragen (<abbr title=\"zum Beispiel\">z.B.<\/abbr>&#8222;Benennen Sie&#8230;&#8220;, &#8222;Erkl\u00e4ren Sie&#8230;&#8220; finden Sie hier: <a href=\"https:\/\/www.hsu-hh.de\/ipa\/wp-content\/uploads\/sites\/683\/2017\/09\/Operatoren-HSU.pdf\">Operatoren HSU<\/a><\/p>\n<p>F\u00fcr Abschlussarbeiten steht Ihnen dieser Leitfaden zur Verf\u00fcgung: <a href=\"https:\/\/www.hsu-hh.de\/ipa\/wp-content\/uploads\/sites\/683\/2022\/02\/Hinweise-zum-Expose-und-zur-wissenschaftlichen-Arbeit.pdf\">Hinweise zum Expos\u00e9 und wissenschaftlichen Arbeiten<\/a><\/p>\n<p>Zudem noch Hinweise f\u00fcr eine geschlechtergerechte Schreibweise: <a href=\"https:\/\/www.hsu-hh.de\/ipa\/wp-content\/uploads\/sites\/683\/2017\/09\/Destatis_Leitfaden-sprachliche-Gleichbehandlung-von-Frauen.pdf\">Destatis_Leitfaden sprachliche Gleichbehandlung von Frauen<\/a><\/p>\n","protected":false},"excerpt":{"rendered":"<p>Hier finden Sie wichtige Hinweise und Leitf\u00e4den zur Erstellung von wissenschaftlichen Arbeiten und Bearbeitung von Klausuren Hinweise zu Schl\u00fcsselbegriffen in Klausurfragen (z.B.&#8222;Benennen Sie&#8230;&#8220;, &#8222;Erkl\u00e4ren Sie&#8230;&#8220; finden Sie hier: Operatoren HSU [&hellip;]<\/p>\n","protected":false},"author":1331,"featured_media":0,"parent":0,"menu_order":0,"comment_status":"closed","ping_status":"closed","template":"","meta":{"footnotes":""},"categories":[4],"tags":[],"class_list":["post-1003","page","type-page","status-publish","hentry","category-forschung"],"_links":{"self":[{"href":"https:\/\/www.hsu-hh.de\/ipa\/wp-json\/wp\/v2\/pages\/1003","targetHints":{"allow":["GET"]}}],"collection":[{"href":"https:\/\/www.hsu-hh.de\/ipa\/wp-json\/wp\/v2\/pages"}],"about":[{"href":"https:\/\/www.hsu-hh.de\/ipa\/wp-json\/wp\/v2\/types\/page"}],"author":[{"embeddable":true,"href":"https:\/\/www.hsu-hh.de\/ipa\/wp-json\/wp\/v2\/users\/1331"}],"replies":[{"embeddable":true,"href":"https:\/\/www.hsu-hh.de\/ipa\/wp-json\/wp\/v2\/comments?post=1003"}],"version-history":[{"count":8,"href":"https:\/\/www.hsu-hh.de\/ipa\/wp-json\/wp\/v2\/pages\/1003\/revisions"}],"predecessor-version":[{"id":3275,"href":"https:\/\/www.hsu-hh.de\/ipa\/wp-json\/wp\/v2\/pages\/1003\/revisions\/3275"}],"wp:attachment":[{"href":"https:\/\/www.hsu-hh.de\/ipa\/wp-json\/wp\/v2\/media?parent=1003"}],"wp:term":[{"taxonomy":"category","embeddable":true,"href":"https:\/\/www.hsu-hh.de\/ipa\/wp-json\/wp\/v2\/categories?post=1003"},{"taxonomy":"post_tag","embeddable":true,"href":"https:\/\/www.hsu-hh.de\/ipa\/wp-json\/wp\/v2\/tags?post=1003"}],"curies":[{"name":"wp","href":"https:\/\/api.w.org\/{rel}","templated":true}]}}