{"id":579,"date":"2017-11-09T15:07:33","date_gmt":"2017-11-09T14:07:33","guid":{"rendered":"https:\/\/www.hsu-hh.de\/ioek\/?page_id=579"},"modified":"2023-02-08T13:17:48","modified_gmt":"2023-02-08T12:17:48","slug":"forschung","status":"publish","type":"page","link":"https:\/\/www.hsu-hh.de\/ioek\/forschung","title":{"rendered":"Forschung"},"content":{"rendered":"<ul>\n<li>\u00d6konomik digitaler M\u00e4rkte<\/li>\n<li>Industrie\u00f6konomik<\/li>\n<li>Regulierungs\u00f6konomik<\/li>\n<li>Wettbewerbstheorie<\/li>\n<li>Wettbewerbspolitik und Wettbewerbsrecht<\/li>\n<li>Empirische Wettbewerbsanalyse<\/li>\n<li>Netz\u00f6konomik<\/li>\n<li>Medien- und Telekommunikations\u00f6konomik<\/li>\n<li>Sport\u00f6konomie<\/li>\n<li>\u00d6konomische Analyse des Rechts<\/li>\n<li>Neue Politische \u00d6konomie<\/li>\n<\/ul>\n<p><strong>Aktuelle Forschungsprojekte<\/strong><\/p>\n<ul>\n<li>Platform economics: endogenous network effects<\/li>\n<li>EU Merger Control<\/li>\n<li>Politische \u00d6konomie\/Media Bias<\/li>\n<li>Endogene Netzeffekte<\/li>\n<li>Algorithmische Preissetzung<\/li>\n<li>Analyse von Benzinpreisen<\/li>\n<\/ul>\n<p><a href=\"https:\/\/www.hsu-hh.de\/hfm\/\" target=\"_blank\" rel=\"noopener\">Hamburger Forum Medien\u00f6konomie<\/a><\/p>\n<p><a href=\"https:\/\/www.hsu-hh.de\/ioek\/hohenheimer-oberseminar\" target=\"_blank\" rel=\"noopener\">Hohenheimer Oberseminar<\/a><\/p>\n","protected":false},"excerpt":{"rendered":"<p>\u00d6konomik digitaler M\u00e4rkte Industrie\u00f6konomik Regulierungs\u00f6konomik Wettbewerbstheorie Wettbewerbspolitik und Wettbewerbsrecht Empirische Wettbewerbsanalyse Netz\u00f6konomik Medien- und Telekommunikations\u00f6konomik Sport\u00f6konomie \u00d6konomische Analyse des Rechts Neue Politische \u00d6konomie Aktuelle Forschungsprojekte Platform economics: endogenous network effects [&hellip;]<\/p>\n","protected":false},"author":37,"featured_media":0,"parent":0,"menu_order":0,"comment_status":"closed","ping_status":"closed","template":"","meta":{"footnotes":""},"categories":[4],"tags":[],"class_list":["post-579","page","type-page","status-publish","hentry","category-forschung"],"_links":{"self":[{"href":"https:\/\/www.hsu-hh.de\/ioek\/wp-json\/wp\/v2\/pages\/579","targetHints":{"allow":["GET"]}}],"collection":[{"href":"https:\/\/www.hsu-hh.de\/ioek\/wp-json\/wp\/v2\/pages"}],"about":[{"href":"https:\/\/www.hsu-hh.de\/ioek\/wp-json\/wp\/v2\/types\/page"}],"author":[{"embeddable":true,"href":"https:\/\/www.hsu-hh.de\/ioek\/wp-json\/wp\/v2\/users\/37"}],"replies":[{"embeddable":true,"href":"https:\/\/www.hsu-hh.de\/ioek\/wp-json\/wp\/v2\/comments?post=579"}],"version-history":[{"count":31,"href":"https:\/\/www.hsu-hh.de\/ioek\/wp-json\/wp\/v2\/pages\/579\/revisions"}],"predecessor-version":[{"id":1406,"href":"https:\/\/www.hsu-hh.de\/ioek\/wp-json\/wp\/v2\/pages\/579\/revisions\/1406"}],"wp:attachment":[{"href":"https:\/\/www.hsu-hh.de\/ioek\/wp-json\/wp\/v2\/media?parent=579"}],"wp:term":[{"taxonomy":"category","embeddable":true,"href":"https:\/\/www.hsu-hh.de\/ioek\/wp-json\/wp\/v2\/categories?post=579"},{"taxonomy":"post_tag","embeddable":true,"href":"https:\/\/www.hsu-hh.de\/ioek\/wp-json\/wp\/v2\/tags?post=579"}],"curies":[{"name":"wp","href":"https:\/\/api.w.org\/{rel}","templated":true}]}}