{"id":1386,"date":"2023-02-08T12:42:15","date_gmt":"2023-02-08T11:42:15","guid":{"rendered":"https:\/\/www.hsu-hh.de\/ioek\/?page_id=1386"},"modified":"2025-01-15T11:26:51","modified_gmt":"2025-01-15T10:26:51","slug":"kruse","status":"publish","type":"page","link":"https:\/\/www.hsu-hh.de\/ioek\/kruse","title":{"rendered":"Emeritus Prof. Dr. J\u00f6rn Kruse"},"content":{"rendered":"<div class=\"wp-block-image is-style-rounded\">\n<figure class=\"alignright\"><img loading=\"lazy\" decoding=\"async\" width=\"188\" height=\"250\" src=\"https:\/\/www.hsu-hh.de\/ioek\/wp-content\/uploads\/sites\/520\/2017\/08\/Kruse_mK.jpg\" data-credit=\"\" alt=\"Kruse\" class=\"wp-image-391\" \/><\/figure>\n<\/div>\n\n\n<p>Emeritus: <abbr title=\"Professor\">Prof.<\/abbr> <abbr title=\"Doktor\">Dr.<\/abbr> J\u00f6rn Kruse&#8220;]<\/p>\n\n\n\n<p><em>Forschungsgebiete<br><\/em>Telekommunikation und Internet<br>Demokratie, Politik, Institutionen, Verfassung<br>Medien und&nbsp;Sport<br>Ordnungspolitik, Regulierung &#8230;<\/p>\n\n\n\n<h3 class=\"wp-block-heading\">Publikationen abrufbar unter:&nbsp;<a href=\"http:\/\/krusejoern.de\/\" rel='nofollow'>http:\/\/krusejoern.de\/<\/a><\/h3>\n\n\n\n<h3 class=\"wp-block-heading\">Politische Angelegenheiten:&nbsp;<a href=\"http:\/\/krusepolitik.de\/\" rel='nofollow'>http:\/\/krusepolitik.de\/<\/a><\/h3>\n\n\n\n<p><strong>Lebenslauf<\/strong><\/p>\n\n\n\n<p>1969 bis 1974:<br>Studium der Volkswirtschaftslehre an der Universit\u00e4t Hamburg, Diplom-Volkswirt<\/p>\n\n\n\n<p>1978:<br>Promotion zum <abbr title=\"Doktor\">Dr.<\/abbr> <abbr title=\"rerum\">rer.<\/abbr> <abbr title=\"politicarum\">pol.<\/abbr> an der Universit\u00e4t Hamburg<\/p>\n\n\n\n<p>1985:<br>Habilitation f\u00fcr Volkswirtschaftslehre am Fachbereich Wirtschaftswissenschaften der Universit\u00e4t Hamburg, Venia legendi f\u00fcr Volkswirtschaftslehre<\/p>\n\n\n\n<p>1974 bis 1985:<br>Wissenschaftlicher Assistent und Hochschulassistent bei <abbr title=\"Professor\">Prof.<\/abbr> <abbr title=\"Doktor\">Dr.<\/abbr> Erhard Kantzenbach am Fachbereich Wirtschaftswissenschaften der Universit\u00e4t Hamburg (mit Unterbrechung 1979\/80)<\/p>\n\n\n\n<p>1979 bis 1980:<br>Visiting Associate am California Institute of Technology in Pasadena, USA, als Stipendiat des ACLS<\/p>\n\n\n\n<p>1985 bis 1989:<br>Professor an der Universit\u00e4t Hamburg<\/p>\n\n\n\n<p>1989 bis 1992:<br>Lehrstuhl-Vertretungen an den Universit\u00e4ten Hamburg und Hohenheim (Stuttgart)<\/p>\n\n\n\n<p>1992 bis 1998:<br>Lehrstuhl f\u00fcr Wirtschaftspolitik, <abbr title=\"insbesondere\">insb.<\/abbr> Ordnungs- und Strukturpolitik, an der Fakult\u00e4t Wirtschafts- und Sozialwissenschaften der Universit\u00e4t Hohenheim<\/p>\n\n\n\n<p>1998 bis 2013:<br>Lehrstuhl f\u00fcr Wirtschaftspolitik, am der Fakult\u00e4t Wirtschafts- und Sozialwissenschaften der Helmut-Schmidt-Universit\u00e4t, Universit\u00e4t der Bundeswehr Hamburg<\/p>\n\n\n\n<p>Au\u00dferuniversit\u00e4re, fachbezogene Positionen (Auswahl):<\/p>\n\n\n\n<p>1988 bis 1989:<br>Mitarbeiter im &#8222;Lenkungsausschuss Mobilfunk&#8220; zur Einf\u00fchrung des GSM-Mobilfunksystems und zur D2-Lizenzierung beim BMPT (Bundesminister f\u00fcr Post und Telekommunikation, Bonn)<\/p>\n\n\n\n<p>seit 1991:<br>Mitglied der &#8222;Academic Advisory Group for Mergers&#8220; bei der Kommission der Europ\u00e4ischen Gemeinschaften, Generaldirektion Wettbewerb, Br\u00fcssel<\/p>\n\n\n\n<p>1992 und 1996<br>Mitglied der Zentralgruppe zur E1- und zur E2-Lizenzierung beim BMPT<\/p>\n\n\n\n<p>seit 1994:<br>Mitglied (seit 1998) Vorsitzender des Wissenschaftlichen Beirats des WIK (Wissenschaftliches Institut f\u00fcr Kommunikationsdienste), Bad Honnef<\/p>\n\n\n\n<p>seit 2001<br>Mitglied der Economic Advisory Group on Telecommunication Competition Policy, DG Competition, EU-Kommission Br\u00fcssel<\/p>\n\n\n\n<p><a href=\"https:\/\/www.hsu-hh.de\/ioek\/wp-content\/uploads\/sites\/520\/2017\/08\/Kruse-Publikationen-13m\u00e4rz13.pdf\">Literaturliste<\/a><\/p>\n\n\n\n<p>Bei Interesse an einer Publikation, schicken Sie bitte eine E-Mail an <a href=\"mailto:katrin.peemoeller@hsu-hh.de\" rel='nofollow'>katrin.peemoeller@hsu-hh.de<\/a><\/p>\n","protected":false},"excerpt":{"rendered":"<p>Emeritus: Prof. Dr. J\u00f6rn Kruse&#8220;] ForschungsgebieteTelekommunikation und InternetDemokratie, Politik, Institutionen, VerfassungMedien und&nbsp;SportOrdnungspolitik, Regulierung &#8230; Publikationen abrufbar unter:&nbsp;http:\/\/krusejoern.de\/ Politische Angelegenheiten:&nbsp;http:\/\/krusepolitik.de\/ Lebenslauf 1969 bis 1974:Studium der Volkswirtschaftslehre an der Universit\u00e4t Hamburg, Diplom-Volkswirt [&hellip;]<\/p>\n","protected":false},"author":37,"featured_media":0,"parent":0,"menu_order":0,"comment_status":"closed","ping_status":"closed","template":"","meta":{"footnotes":""},"categories":[8],"tags":[],"class_list":["post-1386","page","type-page","status-publish","hentry","category-team"],"_links":{"self":[{"href":"https:\/\/www.hsu-hh.de\/ioek\/wp-json\/wp\/v2\/pages\/1386","targetHints":{"allow":["GET"]}}],"collection":[{"href":"https:\/\/www.hsu-hh.de\/ioek\/wp-json\/wp\/v2\/pages"}],"about":[{"href":"https:\/\/www.hsu-hh.de\/ioek\/wp-json\/wp\/v2\/types\/page"}],"author":[{"embeddable":true,"href":"https:\/\/www.hsu-hh.de\/ioek\/wp-json\/wp\/v2\/users\/37"}],"replies":[{"embeddable":true,"href":"https:\/\/www.hsu-hh.de\/ioek\/wp-json\/wp\/v2\/comments?post=1386"}],"version-history":[{"count":3,"href":"https:\/\/www.hsu-hh.de\/ioek\/wp-json\/wp\/v2\/pages\/1386\/revisions"}],"predecessor-version":[{"id":1437,"href":"https:\/\/www.hsu-hh.de\/ioek\/wp-json\/wp\/v2\/pages\/1386\/revisions\/1437"}],"wp:attachment":[{"href":"https:\/\/www.hsu-hh.de\/ioek\/wp-json\/wp\/v2\/media?parent=1386"}],"wp:term":[{"taxonomy":"category","embeddable":true,"href":"https:\/\/www.hsu-hh.de\/ioek\/wp-json\/wp\/v2\/categories?post=1386"},{"taxonomy":"post_tag","embeddable":true,"href":"https:\/\/www.hsu-hh.de\/ioek\/wp-json\/wp\/v2\/tags?post=1386"}],"curies":[{"name":"wp","href":"https:\/\/api.w.org\/{rel}","templated":true}]}}