{"id":245,"date":"2018-01-22T13:37:36","date_gmt":"2018-01-22T12:37:36","guid":{"rendered":"https:\/\/www.hsu-hh.de\/infi\/?page_id=245"},"modified":"2026-01-25T13:59:13","modified_gmt":"2026-01-25T12:59:13","slug":"aktuelles","status":"publish","type":"page","link":"https:\/\/www.hsu-hh.de\/infi\/aktuelles","title":{"rendered":"Aktuelles"},"content":{"rendered":"\n<p><strong>Klausur Finanzierung und Investition vom 22.12.2025<\/strong><\/p>\n\n\n\n<p>Die Ergebnisse der <strong>Klausur Finanzierung und Investition vom 22.12.2025<\/strong> sind jetzt im CMS online einsehbar. Die Einsicht in den Teil Finanzierung findet am 18.02.2026 von 13:45 \u2013 14:30 Uhr in Raum 2207 (H1) statt. Eine vorherige formlose Anmeldung per e-mail bei Herrn <abbr title=\"Doktor\">Dr.<\/abbr> D\u00f6nch (doenchd@hsu-hh.de) bis Freitag, den 13. Februar ist <strong>zwingend erforderlich<\/strong>.<\/p>\n\n\n\n<p>________________________________________________________________________________________________________________________________________________________<\/p>\n\n\n\n<h2 class=\"wp-block-heading\">Master-Seminar Internationales Management und Risikomanagement im <abbr title=\"Herbsttrimester\">HT<\/abbr> 2025<\/h2>\n\n\n\n<p>F\u00fcr das Herbsttrimester 2025 bietet der Lehrstuhl f\u00fcr ABWL und Internationale Finanzierung ein Seminar f\u00fcr die Master-Schwerpunkte Internationales Management und Risikomanagement an.<\/p>\n\n\n\n<p>Nach Ma\u00dfgabe Ihres Studienplans sind die Themen ab Vorlesungsende im <abbr title=\"Fr\u00fchjahrstrimester\">FT<\/abbr> \u00fcber die Sommermonate hinweg zu bearbeiten. Es ist daher unerl\u00e4sslich, dass Sie sich bei Interesse bitte <strong><u>bis sp\u00e4testens Montag, 16. Juni 2025<\/u><\/strong> \u00fcber <em><u>ILIAS<\/u><\/em> zum Seminar auf die Anmeldeliste setzen. Bitte geben Sie dazu unbedingt Ihren <em><u>Studienschwerpunkt<\/u><\/em> mit an!<\/p>\n\n\n\n<p>Die <strong>Themenvergabe und einf\u00fchrende Informationen<\/strong> erfolgen in der <strong>Woche vom<\/strong> <strong>23.&nbsp;Juni 2025<\/strong>. Damit beginnt die Bearbeitungszeit. Eine sp\u00e4tere Aufnahme in das Seminar ist nach Ma\u00dfgabe Ihres Studienplans nicht m\u00f6glich! Die Zahl der Teilnehmenden ist begrenzt.<\/p>\n\n\n\n<p>Das Seminar widmet sich inhaltlich dem <strong>Kernthema Behavioral Finance.<\/strong> Die Themenliste k\u00f6nnen Sie nach Ablauf der Anmeldefrist bei ILIAS einsehen.<\/p>\n\n\n\n<p>Es gelten die Richtlinien des Lehrstuhls (homepage beachten).<\/p>\n\n\n\n<p>Die Abgabe der Seminararbeiten erfolgt bis sp\u00e4testens 03. Oktober 2025.<\/p>\n\n\n\n<p>Das Seminar selbst findet als Blockveranstaltung zu noch festzulegenden Terminen statt.<\/p>\n\n\n\n<p>Aufgrund der Betreuungskapazit\u00e4t am Lehrstuhl k\u00f6nnen vor. im Anschluss an das Masterseminar nicht alle Teilnehmenden auch ihre Masterthesis bei uns verfassen. Bitte ber\u00fccksichtigen Sie dies bei der Wahl Ihres Seminars.<\/p>\n\n\n\n<p>16.05.2025&nbsp;&nbsp;&nbsp;&nbsp;&nbsp;&nbsp;&nbsp;&nbsp;&nbsp;&nbsp;&nbsp;&nbsp;&nbsp;&nbsp;&nbsp;&nbsp;&nbsp;&nbsp;&nbsp;&nbsp;&nbsp;&nbsp;&nbsp;&nbsp;&nbsp;&nbsp;&nbsp;&nbsp;&nbsp;&nbsp;&nbsp;&nbsp;&nbsp;&nbsp;&nbsp;&nbsp;&nbsp;&nbsp;&nbsp;&nbsp;&nbsp;&nbsp;&nbsp;&nbsp;&nbsp;&nbsp;&nbsp;&nbsp;&nbsp;&nbsp;&nbsp;&nbsp;&nbsp;&nbsp;&nbsp;&nbsp;&nbsp;&nbsp;&nbsp;&nbsp;&nbsp;&nbsp;&nbsp;&nbsp;&nbsp;&nbsp;&nbsp;&nbsp;&nbsp;&nbsp;&nbsp; gez. <abbr title=\"Doktor\">Dr.<\/abbr> D. D\u00f6nch<\/p>\n\n\n\n<p>______________________________________________________________________________________<\/p>\n\n\n\n<p><strong>Lehrveranstaltung Multinational Business Finance im <abbr title=\"Fr\u00fchjahrstrimester\">FT<\/abbr> 2025<\/strong><\/p>\n\n\n\n<p>Ab sofort bis einschlie\u00dflich zum 21.04.2025 k\u00f6nnen Sie eigenst\u00e4ndig auf der ILIAS Seite der Professur auf alle relevanten Vorlesungsfolien und Informationen zugreifen. Nach Ablauf dieser Frist ist ein formloser Antrag auf Aufnahme in den Kurs zu stellen.<\/p>\n\n\n\n<p><a href=\"https:\/\/ilias.hsu-hh.de\/goto.php?target=crs_344506&amp;client_id=unibw\" rel='nofollow'>https:\/\/ilias.hsu-hh.de\/goto.php?target=crs_344506&amp;client_id=unibw<\/a><\/p>\n\n\n\n<p><\/p>\n\n\n\n<p>__________________________________________________________<\/p>\n\n\n\n<p><strong>Klausur Finanzierung und Investition WDH vom 28.02.2025<\/strong><\/p>\n\n\n\n<p>Die Ergebnisse der <strong>Klausur Finanzierung und Investition WDH vom 28.02.2025<\/strong> sind jetzt im CMS online einsehbar. Die Einsicht in den Teil Finanzierung findet am 08.04.2025 von 10:00 &#8211; 10:45 Uhr in Raum 2207 (H1) statt. Eine vorherige formlose Anmeldung per e-mail bei Herrn <abbr title=\"Doktor\">Dr.<\/abbr> D\u00f6nch (doenchd@hsu-hh.de) bis Freitag, den 04. April ist <strong>zwingend erforderlich<\/strong>.<\/p>\n\n\n\n<p class=\"has-text-align-center\">_______________________________________________________________________<\/p>\n\n\n\n<p><\/p>\n\n\n\n<p><\/p>\n\n\n\n<p><\/p>\n\n\n\n<p class=\"has-text-align-center\"><\/p>\n\n\n\n<p><\/p>\n\n\n\n<h2 class=\"wp-block-heading\"><\/h2>\n\n\n\n<p class=\"has-text-align-center\"><\/p>\n\n\n\n<p><\/p>\n\n\n\n<p><\/p>\n\n\n\n<h3 class=\"wp-block-heading\"><\/h3>\n\n\n\n<h3 class=\"wp-block-heading\"><\/h3>\n\n\n\n<h3 class=\"wp-block-heading\"><\/h3>\n\n\n\n<p><\/p>\n","protected":false},"excerpt":{"rendered":"<p>Klausur Finanzierung und Investition vom 22.12.2025 Die Ergebnisse der Klausur Finanzierung und Investition vom 22.12.2025 sind jetzt im CMS online einsehbar. Die Einsicht in den Teil Finanzierung findet am 18.02.2026 [&hellip;]<\/p>\n","protected":false},"author":724,"featured_media":0,"parent":0,"menu_order":0,"comment_status":"closed","ping_status":"closed","template":"","meta":{"footnotes":""},"categories":[4],"tags":[],"class_list":["post-245","page","type-page","status-publish","hentry","category-forschung"],"_links":{"self":[{"href":"https:\/\/www.hsu-hh.de\/infi\/wp-json\/wp\/v2\/pages\/245","targetHints":{"allow":["GET"]}}],"collection":[{"href":"https:\/\/www.hsu-hh.de\/infi\/wp-json\/wp\/v2\/pages"}],"about":[{"href":"https:\/\/www.hsu-hh.de\/infi\/wp-json\/wp\/v2\/types\/page"}],"author":[{"embeddable":true,"href":"https:\/\/www.hsu-hh.de\/infi\/wp-json\/wp\/v2\/users\/724"}],"replies":[{"embeddable":true,"href":"https:\/\/www.hsu-hh.de\/infi\/wp-json\/wp\/v2\/comments?post=245"}],"version-history":[{"count":127,"href":"https:\/\/www.hsu-hh.de\/infi\/wp-json\/wp\/v2\/pages\/245\/revisions"}],"predecessor-version":[{"id":655,"href":"https:\/\/www.hsu-hh.de\/infi\/wp-json\/wp\/v2\/pages\/245\/revisions\/655"}],"wp:attachment":[{"href":"https:\/\/www.hsu-hh.de\/infi\/wp-json\/wp\/v2\/media?parent=245"}],"wp:term":[{"taxonomy":"category","embeddable":true,"href":"https:\/\/www.hsu-hh.de\/infi\/wp-json\/wp\/v2\/categories?post=245"},{"taxonomy":"post_tag","embeddable":true,"href":"https:\/\/www.hsu-hh.de\/infi\/wp-json\/wp\/v2\/tags?post=245"}],"curies":[{"name":"wp","href":"https:\/\/api.w.org\/{rel}","templated":true}]}}