{"id":3130,"date":"2026-03-02T14:15:11","date_gmt":"2026-03-02T13:15:11","guid":{"rendered":"https:\/\/www.hsu-hh.de\/imb\/?page_id=3130"},"modified":"2026-04-06T12:15:45","modified_gmt":"2026-04-06T10:15:45","slug":"maschinelles-lernen","status":"publish","type":"page","link":"https:\/\/www.hsu-hh.de\/imb\/maschinelles-lernen","title":{"rendered":"Maschinelles Lernen"},"content":{"rendered":"\n<p>Kontakt: Alexander Windmann<\/p>\n\n\n\n<p>Cyber-physische Systeme erzeugen gro\u00dfe Mengen Daten unter wechselnden Betriebsbedingungen. Rein datengetriebene Verfahren sind dabei oft nicht robust genug und lassen sich nur eingeschr\u00e4nkt auf neue Anwendungen \u00fcbertragen. Unser Forschungsprogramm verbindet maschinelles Lernen mit physikalischem Systemwissen, um Methoden zu entwickeln, die in der industriellen Praxis verl\u00e4sslich und \u00fcbertragbar sind. Die sechs Themenfelder reichen von der \u00dcberwachung und Analyse technischer Systeme \u00fcber die physikalisch fundierte Modellierung bis hin zur Automatisierung von Entwurfs- und Arbeitsprozessen.<\/p>\n\n\n\n<p class=\"has-medium-font-size\"><strong>1) Robustes und verl\u00e4ssliches Maschinelles Lernen f\u00fcr cyber-physische Systeme<\/strong><\/p>\n\n\n\n<figure class=\"wp-block-image size-full is-resized\"><img loading=\"lazy\" decoding=\"async\" width=\"1408\" height=\"627\" src=\"https:\/\/www.hsu-hh.de\/imb\/wp-content\/uploads\/sites\/677\/2026\/04\/T1.jpg\" data-credit=\" hsu-hh\" alt=\"\" class=\"wp-image-3545\" style=\"aspect-ratio:2.0530747095811575;width:862px;height:auto\" srcset=\"https:\/\/www.hsu-hh.de\/imb\/wp-content\/uploads\/sites\/677\/2026\/04\/T1.jpg 1408w, https:\/\/www.hsu-hh.de\/imb\/wp-content\/uploads\/sites\/677\/2026\/04\/T1-300x134.jpg 300w, https:\/\/www.hsu-hh.de\/imb\/wp-content\/uploads\/sites\/677\/2026\/04\/T1-1024x456.jpg 1024w, https:\/\/www.hsu-hh.de\/imb\/wp-content\/uploads\/sites\/677\/2026\/04\/T1-768x342.jpg 768w, https:\/\/www.hsu-hh.de\/imb\/wp-content\/uploads\/sites\/677\/2026\/04\/T1-1100x490.jpg 1100w\" sizes=\"auto, (max-width: 1408px) 100vw, 1408px\" \/><\/figure>\n\n\n\n<p>Maschinelles Lernen f\u00fcr cyber-physische Systeme muss auch unter realistischen St\u00f6rungen verl\u00e4sslich funktionieren. In diesem Themenfeld werden Lernverfahren untersucht, die mit Rauschen, Drift, fehlenden Werten und ver\u00e4nderten Betriebsbedingungen umgehen k\u00f6nnen. Ziel ist nicht nur eine hohe Leistung im Labor, sondern ein stabiles Verhalten im industriellen Einsatz.<\/p>\n\n\n\n<p>Ein weiterer Schwerpunkt ist die systematische Bewertung von Robustheit. Dazu geh\u00f6ren belastbare Benchmarks, reproduzierbare Versuchsaufbauten und die Analyse, wie sich Modellierungsentscheidungen auf die Verl\u00e4sslichkeit in der Praxis auswirken. Robustheit wird damit als messbare technische Eigenschaft verstanden, die gezielt bewertet und verbessert werden kann.<\/p>\n\n\n\n<p><strong>Zugeh\u00f6rige Ver\u00f6ffentlichungen<\/strong><\/p>\n\n\n\n<ul class=\"wp-block-list\">\n<li>Alexander Windmann, Henrik Steude, Daniel Boschmann, Oliver Niggemann: <em>Quantifying Robustness: A Benchmarking Framework for Deep Learning Forecasting in Cyber-Physical Systems<\/em>, 30th IEEE International Conference on Emerging Technologies and Factory Automation (ETFA), Porto, Portugal, 2025. <a href=\"https:\/\/doi.org\/10.1109\/ETFA65518.2025.11205527\" rel='nofollow'>https:\/\/doi.org\/10.1109\/ETFA65518.2025.11205527<\/a><\/li>\n\n\n\n<li>Joshua Schraven, Alexander Windmann, Oliver Niggemann: <em>MAWIFlow Benchmark: Realistic Flow-Based Evaluation for Network Intrusion Detection<\/em>, 12th International Conference on Information Systems Security and Privacy, Marbella, Spanien, 2026. <a href=\"https:\/\/arxiv.org\/abs\/2506.17041\" rel='nofollow'>https:\/\/arxiv.org\/abs\/2506.17041<\/a><\/li>\n\n\n\n<li>Daniel Vranje\u0161, Jonas Ehrhardt, Ren\u00e9 Heesch, Lukas Moddemann, Henrik Steude, Oliver Niggemann: <em>Design Principles for Falsifiable, Replicable and Reproducible Empirical Machine Learning Research<\/em>, The 35th International Conference on Principles of Diagnosis and Resilient Systems, Wien, \u00d6sterreich, 2024 <a href=\"https:\/\/doi.org\/10.4230\/OASIcs.DX.2024.7\" rel='nofollow'>https:\/\/doi.org\/10.4230\/OASIcs.DX.2024.7<\/a><\/li>\n<\/ul>\n\n\n\n<p><strong>2) Zustands\u00fcberwachung, Anomalieerkennung und Ursachenanalyse<\/strong><\/p>\n\n\n\n<figure class=\"wp-block-image size-large is-resized\"><img loading=\"lazy\" decoding=\"async\" width=\"1024\" height=\"416\" src=\"https:\/\/www.hsu-hh.de\/imb\/wp-content\/uploads\/sites\/677\/2026\/04\/T2-1024x416.jpg\" data-credit=\"hsu-hh\" alt=\"\" class=\"wp-image-3553\" style=\"width:989px;height:auto\" srcset=\"https:\/\/www.hsu-hh.de\/imb\/wp-content\/uploads\/sites\/677\/2026\/04\/T2-1024x416.jpg 1024w, https:\/\/www.hsu-hh.de\/imb\/wp-content\/uploads\/sites\/677\/2026\/04\/T2-300x122.jpg 300w, https:\/\/www.hsu-hh.de\/imb\/wp-content\/uploads\/sites\/677\/2026\/04\/T2-768x312.jpg 768w, https:\/\/www.hsu-hh.de\/imb\/wp-content\/uploads\/sites\/677\/2026\/04\/T2-1100x447.jpg 1100w, https:\/\/www.hsu-hh.de\/imb\/wp-content\/uploads\/sites\/677\/2026\/04\/T2.jpg 1408w\" sizes=\"auto, (max-width: 1024px) 100vw, 1024px\" \/><\/figure>\n\n\n\n<p>Cyber-physische Systeme erzeugen im laufenden Betrieb gro\u00dfe Mengen heterogener Prozess- und Sensordaten. In diesem Themenfeld werden lernbasierte Verfahren zur Zustands\u00fcberwachung und Anomalieerkennung entwickelt, die ungew\u00f6hnliches Verhalten fr\u00fchzeitig erkennen und den zuverl\u00e4ssigen Betrieb komplexer technischer Systeme unterst\u00fctzen. Im Mittelpunkt stehen Ans\u00e4tze, die auch unter realistischen Einsatzbedingungen belastbare Ergebnisse liefern.<\/p>\n\n\n\n<p>Ein zentrales Anliegen ist die engere Verbindung von Anomalieerkennung und Diagnose. Anomalien sollen nicht nur gemeldet, sondern in aussagekr\u00e4ftige Symptome \u00fcberf\u00fchrt und f\u00fcr eine ursachenorientierte Analyse nutzbar gemacht werden. So entsteht ein durchg\u00e4ngiger Weg von Rohdaten aus der Anlage hin zu verwertbarem Systemverst\u00e4ndnis.<\/p>\n\n\n\n<p><strong>Zugeh\u00f6rige Ver\u00f6ffentlichungen<\/strong><\/p>\n\n\n\n<ul class=\"wp-block-list\">\n<li>Lukas Moddemann, Henrik Sebastian Steude, Alexander Diedrich, Ingo Pill, Oliver Niggemann: <em>Extracting Knowledge using Machine Learning for Anomaly Detection and Root-Cause Diagnosis<\/em>, 29th IEEE International Conference on Emerging Technologies and Factory Automation (ETFA), Padova, Italien, 2024. <a href=\"https:\/\/doi.org\/10.1109\/ETFA61755.2024.10710647\" rel='nofollow'>https:\/\/doi.org\/10.1109\/ETFA61755.2024.10710647<\/a><\/li>\n\n\n\n<li>Henrik Sebastian Steude, Lukas Moddemann, Alexander Diedrich, Jonas Ehrhardt, Oliver Niggemann: <em>Diagnosis driven Anomaly Detection for Cyber-Physical Systems<\/em>, 12th IFAC Symposium on Fault Detection, Supervision and Safety for Technical Processes (SAFEPROCESS), Ferrara, Italien, 2024. <a href=\"https:\/\/doi.org\/10.1016\/j.ifacol.2024.07.186\" rel='nofollow'>https:\/\/doi.org\/10.1016\/j.ifacol.2024.07.186<\/a><\/li>\n\n\n\n<li>Mark Tappe, Lukas Moddemann, Henrik Steude et al.: <em>A supervised AI-based toolchain for anomaly detection, diagnosis, and reconfiguration for the life-support system of the COLUMBUS module of the ISS<\/em>, CEAS Space Journal, 2025.&nbsp; <a href=\"https:\/\/doi.org\/10.1007\/s12567-025-00654-3\" rel='nofollow'>https:\/\/doi.org\/10.1007\/s12567-025-00654-3<\/a><\/li>\n<\/ul>\n\n\n\n<p><strong>3) Strukturbewusstes Lernen und virtuelle Sensorik<\/strong><\/p>\n\n\n\n<figure class=\"wp-block-image size-large is-resized\"><img loading=\"lazy\" decoding=\"async\" width=\"1024\" height=\"429\" src=\"https:\/\/www.hsu-hh.de\/imb\/wp-content\/uploads\/sites\/677\/2026\/04\/T3-1024x429.jpg\" data-credit=\"hsu-hh\" alt=\"\" class=\"wp-image-3563\" style=\"aspect-ratio:2.3869965139233065;width:914px;height:auto\" srcset=\"https:\/\/www.hsu-hh.de\/imb\/wp-content\/uploads\/sites\/677\/2026\/04\/T3-1024x429.jpg 1024w, https:\/\/www.hsu-hh.de\/imb\/wp-content\/uploads\/sites\/677\/2026\/04\/T3-300x126.jpg 300w, https:\/\/www.hsu-hh.de\/imb\/wp-content\/uploads\/sites\/677\/2026\/04\/T3-768x322.jpg 768w, https:\/\/www.hsu-hh.de\/imb\/wp-content\/uploads\/sites\/677\/2026\/04\/T3-1100x461.jpg 1100w, https:\/\/www.hsu-hh.de\/imb\/wp-content\/uploads\/sites\/677\/2026\/04\/T3.jpg 1408w\" sizes=\"auto, (max-width: 1024px) 100vw, 1024px\" \/><\/figure>\n\n\n\n<p>Technische Systeme sind modular aufgebaut, hierarchisch organisiert und durch zahlreiche Abh\u00e4ngigkeiten zwischen Komponenten und Signalen gepr\u00e4gt. In diesem Themenfeld werden Lernverfahren entwickelt, die diese Struktur gezielt nutzen. Dadurch entstehen Modelle, die besser zu realen Anlagen passen, leichter verst\u00e4ndlich sind und sich gezielter f\u00fcr industrielle Analyseaufgaben einsetzen lassen.<\/p>\n\n\n\n<p>Dazu geh\u00f6ren auch Verfahren, die fehlende Informationen aus verwandten Messgr\u00f6\u00dfen rekonstruieren und virtuelle Sensoren aus vorhandenen Signalen ableiten. Solche Ans\u00e4tze verbessern die Beobachtbarkeit technischer Systeme und erh\u00f6hen die Belastbarkeit datenbasierter Analysen bei unvollst\u00e4ndiger oder gest\u00f6rter Sensorik.<\/p>\n\n\n\n<p><strong>Zugeh\u00f6rige Ver\u00f6ffentlichungen<\/strong><\/p>\n\n\n\n<ul class=\"wp-block-list\">\n<li>Jonas Ehrhardt, Phillip Overl\u00f6per, Dainel Vranjes, Henrik Sebastian Steude, Alexander Diedrich, Oliver Niggemann: <em>Using Modular Neural Networks for Anomaly Detection in Cyber-Physical Systems<\/em>, 29th IEEE International Conference on Emerging Technologies and Factory Automation (ETFA), Padova, Italien, 2024. <a href=\"https:\/\/doi.org\/10.1109\/ETFA61755.2024.10711115\" rel='nofollow'>https:\/\/doi.org\/10.1109\/ETFA61755.2024.10711115<\/a><\/li>\n\n\n\n<li>Phillip Overl\u00f6per, Lukas Moddemann, Nemanja Hranisavljevic, Alexander Windmann, Oliver Niggemann: <em>Discretization of CPS Time Series with Neural Networks<\/em>, 29th IEEE International Conference on Emerging Technologies and Factory Automation (ETFA), Padova, Italien, 2024. <a href=\"https:\/\/doi.org\/10.1109\/ETFA61755.2024.10710901\" rel='nofollow'>https:\/\/doi.org\/10.1109\/ETFA61755.2024.10710901<\/a><\/li>\n\n\n\n<li>Bj\u00f6rn Ludwig, Jonas Ehrhardt, Oliver Niggemann: <em>Creating Virtual Sensors Using Neural Networks<\/em>, 30th IEEE International Conference on Emerging Technologies and Factory Automation (ETFA), Porto, Portugal, 2025. <a href=\"https:\/\/doi.org\/10.1109\/ETFA65518.2025.11205672\" rel='nofollow'>https:\/\/doi.org\/10.1109\/ETFA65518.2025.11205672<\/a><\/li>\n<\/ul>\n\n\n\n<p><strong>4) Maschinelles Lernen f\u00fcr dynamische Systeme<\/strong><\/p>\n\n\n\n<figure class=\"wp-block-image size-large is-resized\"><img loading=\"lazy\" decoding=\"async\" width=\"1024\" height=\"470\" src=\"https:\/\/www.hsu-hh.de\/imb\/wp-content\/uploads\/sites\/677\/2026\/04\/T4-1024x470.jpg\" data-credit=\"hsu-hh\" alt=\"\" class=\"wp-image-3566\" style=\"width:926px;height:auto\" srcset=\"https:\/\/www.hsu-hh.de\/imb\/wp-content\/uploads\/sites\/677\/2026\/04\/T4-1024x470.jpg 1024w, https:\/\/www.hsu-hh.de\/imb\/wp-content\/uploads\/sites\/677\/2026\/04\/T4-300x138.jpg 300w, https:\/\/www.hsu-hh.de\/imb\/wp-content\/uploads\/sites\/677\/2026\/04\/T4-768x352.jpg 768w, https:\/\/www.hsu-hh.de\/imb\/wp-content\/uploads\/sites\/677\/2026\/04\/T4-1100x505.jpg 1100w, https:\/\/www.hsu-hh.de\/imb\/wp-content\/uploads\/sites\/677\/2026\/04\/T4.jpg 1408w\" sizes=\"auto, (max-width: 1024px) 100vw, 1024px\" \/><\/figure>\n\n\n\n<p>Viele technische Prozesse sind durch kontinuierliche Dynamiken, \u00e4u\u00dfere Einfl\u00fcsse und nichtlineare zeitliche Verl\u00e4ufe gepr\u00e4gt. In diesem Themenfeld werden Lernverfahren entwickelt, die diese Eigenschaften gezielt modellieren, etwa mit kontinuierlichen Ans\u00e4tzen, neuronalen Differentialgleichungen und verwandten Modellen f\u00fcr technische Systeme.<\/p>\n\n\n\n<p>Ein zentrales Ziel ist die Verbindung datengetriebener Verfahren mit Vorwissen \u00fcber das Systemverhalten. Dadurch entstehen Modelle, die besser verallgemeinern, leichter interpretierbar bleiben und sich f\u00fcr Analyse, Simulation und Vorhersage in ingenieurwissenschaftlichen Anwendungen eignen.<\/p>\n\n\n\n<p><strong>Zugeh\u00f6rige Ver\u00f6ffentlichungen<\/strong><\/p>\n\n\n\n<ul class=\"wp-block-list\">\n<li>Bernd Zimmering, Cecilia Coelho, Vaibhav Gupta, Maria Maleshkova, Oliver Niggemann: <em>Breaking Free: Decoupling Forced Systems with Laplace Neural Networks<\/em>, European Conference on Machine Learning and Principles and Practice of Knowledge Discovery in Databases (ECML PKDD), Porto, Portugal, 2025.&nbsp; <a href=\"https:\/\/doi.org\/10.1007\/978-3-032-06109-6_15\" rel='nofollow'>https:\/\/doi.org\/10.1007\/978-3-032-06109-6_15<\/a><\/li>\n\n\n\n<li>Bernd Zimmering, Jan-Philipp Roche, Oliver Niggemann: <em>Enhancing Nonlinear Electrical Circuit Modeling with Prior Knowledge-Infused Neural ODEs<\/em>, 29th IEEE International Conference on Emerging Technologies and Factory Automation (ETFA), Padova, Italien, 2024.&nbsp; <a href=\"https:\/\/doi.org\/10.1109\/ETFA61755.2024.10711112\" rel='nofollow'>https:\/\/doi.org\/10.1109\/ETFA61755.2024.10711112<\/a><\/li>\n\n\n\n<li>Sebastian Eilermann, Lisa L\u00fcddecke, Michael Hohmann, Bernd Zimmering, Mario Oertel, Oliver Niggemann: <em>A Neural Ordinary Differential Equations Approach for 2D Flow Properties Analysis of Hydraulic Structures<\/em>, 1st ECAI Workshop on Machine Learning Meets Differential Equations: From Theory to Applications, Santiago de Compostela, Spanien, 2024. <a href=\"https:\/\/proceedings.mlr.press\/v255\/eilermann24a.html\" rel='nofollow'>https:\/\/proceedings.mlr.press\/v255\/eilermann24a.html<\/a><\/li>\n<\/ul>\n\n\n\n<p><strong>5) Sprachmodelle und multimodale KI-Modelle f\u00fcr technische Arbeitsabl\u00e4ufe<\/strong><\/p>\n\n\n\n<p>Gro\u00dfe Sprachmodelle und verwandte KI-Modelle er\u00f6ffnen neue M\u00f6glichkeiten f\u00fcr technische Arbeitsabl\u00e4ufe. In diesem Themenfeld wird untersucht, wie gut solche Modelle bei realistischen ingenieurwissenschaftlichen Aufgaben abschneiden und in welchen Bereichen sie Dokumentation, Anleitungserstellung und wissensintensive Assistenz unterst\u00fctzen k\u00f6nnen.<\/p>\n\n\n\n<p>Im Vordergrund steht der praktische Nutzen im technischen Kontext und nicht die allgemeine Leistung eines Chatbots. Dazu geh\u00f6ren aufgabenbezogene Bewertungen, dom\u00e4nenspezifische Problemstellungen und die Kombination sprachbasierter Verfahren mit weiteren KI-Methoden, wenn dies in realen Arbeitsabl\u00e4ufen einen erkennbaren Mehrwert schafft.<\/p>\n\n\n\n<p><strong>Zugeh\u00f6rige Ver\u00f6ffentlichungen<\/strong><\/p>\n\n\n\n<ul class=\"wp-block-list\">\n<li>Ren\u00e9 Heesch, Sebastian Eilermann, Alexander Windmann, Alexander Diedrich, Oliver Niggemann: <em>Evaluating Large Language Models for Real-World Engineering Tasks<\/em>, Australasian Joint Conference on Artificial Intelligence 2025, Canberra, Australien, 2025.&nbsp; <a href=\"https:\/\/doi.org\/10.1007\/978-981-95-4969-6_5\" rel='nofollow'>https:\/\/doi.org\/10.1007\/978-981-95-4969-6_5<\/a><\/li>\n\n\n\n<li>Frederic Meyer, Lennart Freitag, Sven Hinrichsen, Oliver Niggemann: <em>Potentials of Large Language Models for Generating Assembly Instructions<\/em>, 29th IEEE International Conference on Emerging Technologies and Factory Automation (ETFA), Padova, Italien, 2024.&nbsp; <a href=\"https:\/\/doi.org\/10.1109\/ETFA61755.2024.10710806\" rel='nofollow'>https:\/\/doi.org\/10.1109\/ETFA61755.2024.10710806<\/a><\/li>\n\n\n\n<li>Niklas Widulle, Frederic Meyer, Oliver Niggemann: <em>Generating Assembly Instructions Using Reinforcement Learning in Combination with Large Language Models<\/em>, 22nd IEEE International Conference on Industrial Informatics (INDIN), Beijing, China, 2024.&nbsp; <a href=\"https:\/\/doi.org\/10.1109\/INDIN58382.2024.10774545\" rel='nofollow'>https:\/\/doi.org\/10.1109\/INDIN58382.2024.10774545<\/a><\/li>\n<\/ul>\n\n\n\n<p><strong>6) KI f\u00fcr Entwurfsautomatisierung und 3D-Modellierung<\/strong><\/p>\n\n\n\n<p>Maschinelles Lernen kann den technischen Entwurf unterst\u00fctzen, indem es Varianten unter Randbedingungen erzeugt, Entwurfsr\u00e4ume erschlie\u00dft und geometrische Repr\u00e4sentationen mit funktionalen Anforderungen verkn\u00fcpft. In diesem Themenfeld werden generative Verfahren mit Entwurfsautomatisierung und 3D-Modellierung f\u00fcr technische Anwendungen verbunden.<\/p>\n\n\n\n<p>Ziel ist nicht die reine Formgenerierung, sondern die Unterst\u00fctzung strukturierter Entwicklungsprozesse. Dadurch wird KI-gest\u00fctzte Entwurfsunterst\u00fctzung f\u00fcr Anwendungen relevant, in denen Geometrie, Randbedingungen und Herstellbarkeit gemeinsam ber\u00fccksichtigt werden m\u00fcssen.<\/p>\n\n\n\n<p><strong>Zugeh\u00f6rige Ver\u00f6ffentlichungen<\/strong><\/p>\n\n\n\n<ul class=\"wp-block-list\">\n<li>Michael Hohmann, Sebastian Eilermann, Willi Gro\u00dfmann, Oliver Niggemann: <em>Design Automation: A Conditional VAE Approach to 3D Object Generation under Conditions<\/em>, 29th IEEE International Conference on Emerging Technologies and Factory Automation (ETFA), Padova, Italien, 2024.&nbsp; <a href=\"https:\/\/doi.org\/10.1109\/ETFA61755.2024.10710828\" rel='nofollow'>https:\/\/doi.org\/10.1109\/ETFA61755.2024.10710828<\/a><\/li>\n\n\n\n<li>Michael Hohmann, Adili Yiming, Lars Penter, Steffen Ihlenfeldt, Oliver Niggemann: <em>A Data-Driven Approach for Automating the Design Process of Deep Drawing Tools<\/em>, The 13th International Conference and Workshop on Numerical Simulation of 3D Sheet Metal Forming Process (NUMISHEET), M\u00fcnchen, Deutschland, 2025. <a href=\"https:\/\/doi.org\/10.1088\/1742-6596\/3104\/1\/012061\" rel='nofollow'>https:\/\/doi.org\/10.1088\/1742-6596\/3104\/1\/012061<\/a><\/li>\n\n\n\n<li>Sebastian Eilermann, Ren\u00e9 Heesch, Oliver Niggemann: <em>ConTiCoM-3D: A Continuous-Time Consistency Model for 3D Point Cloud Generation<\/em>, International Conference on 3D Vision 2026, Vancouver, Kanada.&nbsp; <a href=\"https:\/\/arxiv.org\/abs\/2509.01492\" rel='nofollow'>https:\/\/arxiv.org\/abs\/2509.01492<\/a><\/li>\n<\/ul>\n\n\n\n<p><strong>Auswahl an aktuellen Projekten<\/strong><\/p>\n\n\n\n<p><strong>dtec.bw: SmartShip \u2013 Digitale Zwillinge f\u00fcr intelligente Schiffe und Schiffsflotten<\/strong><br>SmartShip erforscht, wie digitale Zwillinge sowie Methoden der k\u00fcnstlichen Intelligenz und des maschinellen Lernens maritime Eins\u00e4tze unterst\u00fctzen k\u00f6nnen. Dazu werden heterogene Datenquellen wie Navigations-, Kamera- und Maschinendaten zusammengef\u00fchrt, um Schiffsbetrieb und Flottenverhalten besser zu analysieren, Anomalien fr\u00fchzeitig zu erkennen und datenbasierte Entscheidungen zu unterst\u00fctzen.<\/p>\n\n\n\n<p><strong>dtec.bw: KIPro \u2013 KI-basierte Assistenzsystemplattform f\u00fcr komplexe Produktionsprozesse im Maschinen- und Anlagenbau<\/strong><br>KIPro entwickelt KI-basierte Assistenzsysteme, die Besch\u00e4ftigte entlang des gesamten Arbeitsprozesses bedarfsgerecht unterst\u00fctzen. Dazu geh\u00f6ren die automatische Anpassung von Anlagenkonfigurationen, die fr\u00fchzeitige Fehlererkennung sowie eine flexible Produktionsunterst\u00fctzung, die Qualifikationen und Arbeitsaufkommen ber\u00fccksichtig<\/p>\n\n\n\n<p><strong>DFG: Datenbasierte Werkzeugeinarbeitung in der Blechumformung<\/strong><br>Dieses Projekt entwickelt Verfahren des maschinellen Lernens f\u00fcr die datenbasierte Werkzeugeinarbeitung in der Blechumformung. Ziel ist es, die Gestaltung von Werkzeugaktivfl\u00e4chen und Maschinenparametern aus Daten zu erlernen und die bislang stark erfahrungsbasierte Werkzeugeinarbeitung gezielt zu unterst\u00fctzen und schrittweise zu automatisieren.<\/p>\n\n\n\n<p><strong>BMFTR: BioMLAgrar-2 \u2013 Biodiversit\u00e4t, Maschinelles Lernen und Agrarwirtschaft<\/strong><br>BioMLAgrar-2 untersucht, wie datengetriebene Analyse- und Prognosemodelle zur Unterst\u00fctzung des Biodiversit\u00e4tsmanagements in der Landwirtschaft eingesetzt werden k\u00f6nnen. Ein besonderer Schwerpunkt liegt auf ML-Verfahren, die auch bei begrenzter Datenlage belastbare Modelle erm\u00f6glichen und fachliches Expertenwissen in die Modellbildung einbeziehen.<\/p>\n\n\n\n<p><\/p>\n","protected":false},"excerpt":{"rendered":"<p>Kontakt: Alexander Windmann Cyber-physische Systeme erzeugen gro\u00dfe Mengen Daten unter wechselnden Betriebsbedingungen. Rein datengetriebene Verfahren sind dabei oft nicht robust genug und lassen sich nur eingeschr\u00e4nkt auf neue Anwendungen \u00fcbertragen. [&hellip;]<\/p>\n","protected":false},"author":2852,"featured_media":0,"parent":0,"menu_order":0,"comment_status":"closed","ping_status":"closed","template":"","meta":{"footnotes":""},"categories":[4],"tags":[],"class_list":["post-3130","page","type-page","status-publish","hentry","category-forschung"],"_links":{"self":[{"href":"https:\/\/www.hsu-hh.de\/imb\/wp-json\/wp\/v2\/pages\/3130","targetHints":{"allow":["GET"]}}],"collection":[{"href":"https:\/\/www.hsu-hh.de\/imb\/wp-json\/wp\/v2\/pages"}],"about":[{"href":"https:\/\/www.hsu-hh.de\/imb\/wp-json\/wp\/v2\/types\/page"}],"author":[{"embeddable":true,"href":"https:\/\/www.hsu-hh.de\/imb\/wp-json\/wp\/v2\/users\/2852"}],"replies":[{"embeddable":true,"href":"https:\/\/www.hsu-hh.de\/imb\/wp-json\/wp\/v2\/comments?post=3130"}],"version-history":[{"count":33,"href":"https:\/\/www.hsu-hh.de\/imb\/wp-json\/wp\/v2\/pages\/3130\/revisions"}],"predecessor-version":[{"id":3567,"href":"https:\/\/www.hsu-hh.de\/imb\/wp-json\/wp\/v2\/pages\/3130\/revisions\/3567"}],"wp:attachment":[{"href":"https:\/\/www.hsu-hh.de\/imb\/wp-json\/wp\/v2\/media?parent=3130"}],"wp:term":[{"taxonomy":"category","embeddable":true,"href":"https:\/\/www.hsu-hh.de\/imb\/wp-json\/wp\/v2\/categories?post=3130"},{"taxonomy":"post_tag","embeddable":true,"href":"https:\/\/www.hsu-hh.de\/imb\/wp-json\/wp\/v2\/tags?post=3130"}],"curies":[{"name":"wp","href":"https:\/\/api.w.org\/{rel}","templated":true}]}}