{"id":2762,"date":"2025-07-27T11:44:16","date_gmt":"2025-07-27T09:44:16","guid":{"rendered":"https:\/\/www.hsu-hh.de\/imb\/?page_id=2762"},"modified":"2025-07-27T11:55:24","modified_gmt":"2025-07-27T09:55:24","slug":"bmftr-biomlagrar-2-biodiversity-machine-learning-and-agriculture","status":"publish","type":"page","link":"https:\/\/www.hsu-hh.de\/imb\/en\/projects\/bmftr-biomlagrar-2-biodiversity-machine-learning-and-agriculture","title":{"rendered":"BMFTR: BioMLAgrar-2 &#8211; Biodiversity, Machine Learning and Agriculture"},"content":{"rendered":"\n<p>Agriculture can make a significant contribution to biodiversity management through digitalization approaches such as precision and smart farming with the data it collects and collects, its areas and an evaluation supported by machine learning (ML). The main objective of this project is to make use of this contribution. So far, the potentials of supporting biodiversity management through information from the agricultural sector have not been sufficiently analysed and exploited. <\/p>\n\n\n\n<p>The project aims to address this deficit with a combination of innovative and established approaches both on the data provision side and on the data analysis and forecasting model side. A particular challenge arises in biodiversity issues due to the comparatively small number of data sets. The generation of the highest possible number of data sets and the application of ML algorithms, which allow the integration of expert knowledge in order to generate meaningful models and forecasts despite a small data volume, are therefore also central questions of the project.<\/p>\n\n\n\n<p><strong>Projectduration:<\/strong> 01.01.2025 &#8211; 31.12.2027<\/p>\n\n\n\n<p><strong>Projektpartner<\/strong><\/p>\n\n\n\n<p>Technische Hochschule Ostwestfalen-Lippe<\/p>\n\n\n\n<p>Helmut Schmidt Universit\u00e4t \/ Universit\u00e4t der Bundeswehr Hamburg<\/p>\n\n\n\n<p>Institut f\u00fcr Agrar\u00f6kologie und Biodiversit\u00e4t (IFAB)<\/p>\n\n\n\n<figure class=\"wp-block-image size-full is-resized\"><img loading=\"lazy\" decoding=\"async\" width=\"850\" height=\"567\" src=\"https:\/\/www.hsu-hh.de\/imb\/wp-content\/uploads\/sites\/677\/2025\/06\/BMFTR_en_DTP_CMYK_gef_durch.jpg\" data-credit=\"BMFTR\" alt=\"\" class=\"wp-image-2689\" style=\"width:400px\" srcset=\"https:\/\/www.hsu-hh.de\/imb\/wp-content\/uploads\/sites\/677\/2025\/06\/BMFTR_en_DTP_CMYK_gef_durch.jpg 850w, https:\/\/www.hsu-hh.de\/imb\/wp-content\/uploads\/sites\/677\/2025\/06\/BMFTR_en_DTP_CMYK_gef_durch-300x200.jpg 300w, https:\/\/www.hsu-hh.de\/imb\/wp-content\/uploads\/sites\/677\/2025\/06\/BMFTR_en_DTP_CMYK_gef_durch-768x512.jpg 768w\" sizes=\"auto, (max-width: 850px) 100vw, 850px\" \/><\/figure>\n","protected":false},"excerpt":{"rendered":"<p>Agriculture can make a significant contribution to biodiversity management through digitalization approaches such as precision and smart farming with the data it collects and collects, its areas and an evaluation [&hellip;]<\/p>\n","protected":false},"author":2355,"featured_media":0,"parent":242,"menu_order":0,"comment_status":"closed","ping_status":"closed","template":"","meta":{"footnotes":""},"categories":[7],"tags":[],"class_list":["post-2762","page","type-page","status-publish","hentry","category-research"],"_links":{"self":[{"href":"https:\/\/www.hsu-hh.de\/imb\/wp-json\/wp\/v2\/pages\/2762","targetHints":{"allow":["GET"]}}],"collection":[{"href":"https:\/\/www.hsu-hh.de\/imb\/wp-json\/wp\/v2\/pages"}],"about":[{"href":"https:\/\/www.hsu-hh.de\/imb\/wp-json\/wp\/v2\/types\/page"}],"author":[{"embeddable":true,"href":"https:\/\/www.hsu-hh.de\/imb\/wp-json\/wp\/v2\/users\/2355"}],"replies":[{"embeddable":true,"href":"https:\/\/www.hsu-hh.de\/imb\/wp-json\/wp\/v2\/comments?post=2762"}],"version-history":[{"count":4,"href":"https:\/\/www.hsu-hh.de\/imb\/wp-json\/wp\/v2\/pages\/2762\/revisions"}],"predecessor-version":[{"id":2772,"href":"https:\/\/www.hsu-hh.de\/imb\/wp-json\/wp\/v2\/pages\/2762\/revisions\/2772"}],"up":[{"embeddable":true,"href":"https:\/\/www.hsu-hh.de\/imb\/wp-json\/wp\/v2\/pages\/242"}],"wp:attachment":[{"href":"https:\/\/www.hsu-hh.de\/imb\/wp-json\/wp\/v2\/media?parent=2762"}],"wp:term":[{"taxonomy":"category","embeddable":true,"href":"https:\/\/www.hsu-hh.de\/imb\/wp-json\/wp\/v2\/categories?post=2762"},{"taxonomy":"post_tag","embeddable":true,"href":"https:\/\/www.hsu-hh.de\/imb\/wp-json\/wp\/v2\/tags?post=2762"}],"curies":[{"name":"wp","href":"https:\/\/api.w.org\/{rel}","templated":true}]}}