{"id":157,"date":"2018-03-06T14:11:59","date_gmt":"2018-03-06T13:11:59","guid":{"rendered":"https:\/\/www.hsu-hh.de\/pdv\/?page_id=157"},"modified":"2026-03-18T12:51:31","modified_gmt":"2026-03-18T11:51:31","slug":"lehre","status":"publish","type":"page","link":"https:\/\/www.hsu-hh.de\/imb\/lehre","title":{"rendered":"Lehre"},"content":{"rendered":"\n<p>Hier finden Sie eine \u00dcbersicht und Informationen zu allen Kursangeboten und Abschlussarbeiten.<br>Zur Anmeldung im <strong><abbr title=\"Personal Computer\">PC<\/abbr>-Pool MB<\/strong> folgen Sie diesem <a href=\"https:\/\/intranet.hsu-hh.de\/ilias.php?baseClass=ilrepositorygui&amp;ref_id=90070\" rel='nofollow'>Link<\/a>. <br><\/p>\n\n\n\n<h1 class=\"wp-block-heading\">Bachelor-, Master-, Seminar- &amp; Studienarbeiten<\/h1>\n\n\n\n<p>Sie m\u00f6chten Ihre Studien-\/Abschlussarbeit in einem <strong>Bw-nahen Projekt<\/strong> schreiben? Wir bieten Ihnen die M\u00f6glichkeit, die methodische Weiterentwicklung der Truppe mit <strong>algorithmischen F\u00e4higkeitszuw\u00e4chsen<\/strong> zu unterst\u00fctzen.<br>Gemeinsam mit unseren Kooperationspartnern aus der Truppe entwickeln wir explorative Ans\u00e4tze, um bestehende und zuk\u00fcnftige Probleme zu verbessern.<\/p>\n\n\n\n<p>Wir bedienen dabei die Dom\u00e4ne Wasser, Land und Luft mit Themen aus den Bereichen<\/p>\n\n\n\n<ul class=\"wp-block-list\">\n<li>Bildverarbeitung,<\/li>\n\n\n\n<li>Sensor-Auswertung,<\/li>\n\n\n\n<li>Ontologien, sowie<\/li>\n\n\n\n<li>pr\u00e4diktive Analysen und<\/li>\n\n\n\n<li>Schutz.<\/li>\n<\/ul>\n\n\n\n<p>Dank bestehender <strong>Kooperationsvertr\u00e4ge<\/strong> k\u00f6nnen Sie mit uns auf <strong>echten<\/strong> Daten und <strong>Anwendungsf\u00e4llen<\/strong> forschen und m\u00fcssen sich nicht auf fiktive Daten und Szenarien beschr\u00e4nken.<\/p>\n\n\n\n<p>Entwickeln Sie mit uns gemeinsam die Bw-Algorithmen von morgen. Wir freuen uns auf Sie.<\/p>\n\n\n\n<p>Weitere Informationen zu konkreten Studien-\/Abschlussarbeiten entnehmen Sie bitte dem Ilias (link below).<\/p>\n\n\n\n<p><a href=\"https:\/\/intranet.hsu-hh.de\/ilias.php?baseClass=ilrepositorygui&amp;cmdNode=105:nu:ap&amp;cmdClass=ilDclRecordListGUI&amp;cmd=show&amp;ref_id=90550\" rel='nofollow'>ILIAS-Link zu Bachelor-, Master-, Seminar- und Studienarbeiten<\/a><\/p>\n\n\n\n<h1 class=\"wp-block-heading\">Vorlesungen<\/h1>\n\n\n\n<h2 class=\"wp-block-heading\">Bachelor Engineering Science<\/h2>\n\n\n\n<h3 class=\"wp-block-heading\">Discrete Control Systems<\/h3>\n\n\n\n<p><a href=\"https:\/\/www.hsu-hh.de\/studium\/engineering-science\/\">B.Sc. Engineering Science<\/a>, <a href=\"https:\/\/intranet.hsu-hh.de\/goto.php\/crs\/273033\" rel='nofollow'>ILIAS-Link f\u00fcr Studierende<\/a>, Herbsttrimester<\/p>\n\n\n\n<div class=\"wp-block-columns is-layout-flex wp-container-core-columns-is-layout-9d6595d7 wp-block-columns-is-layout-flex\">\n<div class=\"wp-block-column is-layout-flow wp-block-column-is-layout-flow\">\n<figure class=\"wp-block-image size-large\"><img loading=\"lazy\" decoding=\"async\" width=\"1024\" height=\"340\" src=\"https:\/\/www.hsu-hh.de\/imb\/wp-content\/uploads\/sites\/677\/2026\/03\/timed_automation-1024x340.png\" data-credit=\"Oliver Niggemann\" alt=\"\" class=\"wp-image-3219\" srcset=\"https:\/\/www.hsu-hh.de\/imb\/wp-content\/uploads\/sites\/677\/2026\/03\/timed_automation-1024x340.png 1024w, https:\/\/www.hsu-hh.de\/imb\/wp-content\/uploads\/sites\/677\/2026\/03\/timed_automation-300x100.png 300w, https:\/\/www.hsu-hh.de\/imb\/wp-content\/uploads\/sites\/677\/2026\/03\/timed_automation-768x255.png 768w, https:\/\/www.hsu-hh.de\/imb\/wp-content\/uploads\/sites\/677\/2026\/03\/timed_automation-1536x510.png 1536w, https:\/\/www.hsu-hh.de\/imb\/wp-content\/uploads\/sites\/677\/2026\/03\/timed_automation-2048x681.png 2048w, https:\/\/www.hsu-hh.de\/imb\/wp-content\/uploads\/sites\/677\/2026\/03\/timed_automation-1100x366.png 1100w\" sizes=\"auto, (max-width: 1024px) 100vw, 1024px\" \/><\/figure>\n<\/div>\n\n\n\n<div class=\"wp-block-column is-layout-flow wp-block-column-is-layout-flow\">\n<p>In diesem Modul werden die Grundlagen automatisierter Anlagenfunktionalit\u00e4ten und zugeh\u00f6riger Steuerungsstrukturen vermittelt. Ein Schwerpunkt liegt auf endlichen Zustandsautomaten und ihren Varianten. Dabei werden sowohl ihre formalen Grundlagen als auch Verfahren zu ihrem Lernen und ihrer Analyse behandelt. Erg\u00e4nzend werden Markow-Ketten sowie Ans\u00e4tze zur Beobachtung und Diagnose diskreter Systeme eingef\u00fchrt.<\/p>\n<\/div>\n<\/div>\n\n\n\n<hr class=\"wp-block-separator has-alpha-channel-opacity\" \/>\n\n\n\n<h3 class=\"wp-block-heading\">Programming in C<\/h3>\n\n\n\n<p><a href=\"https:\/\/www.hsu-hh.de\/studium\/engineering-science\/\">B.Sc. Engineering Science<\/a>, <a href=\"https:\/\/intranet.hsu-hh.de\/goto.php\/crs\/285676\" rel='nofollow'>ILIAS-Link f\u00fcr Studierende<\/a>, Wintertrimester<\/p>\n\n\n\n<div class=\"wp-block-columns is-layout-flex wp-container-core-columns-is-layout-9d6595d7 wp-block-columns-is-layout-flex\">\n<div class=\"wp-block-column is-layout-flow wp-block-column-is-layout-flow\">\n<figure class=\"wp-block-image size-large\"><img loading=\"lazy\" decoding=\"async\" width=\"1024\" height=\"661\" src=\"https:\/\/www.hsu-hh.de\/imb\/wp-content\/uploads\/sites\/677\/2026\/03\/dijkstra-1024x661.png\" data-credit=\"Oliver Niggemann\" alt=\"\" class=\"wp-image-3225\" srcset=\"https:\/\/www.hsu-hh.de\/imb\/wp-content\/uploads\/sites\/677\/2026\/03\/dijkstra-1024x661.png 1024w, https:\/\/www.hsu-hh.de\/imb\/wp-content\/uploads\/sites\/677\/2026\/03\/dijkstra-300x194.png 300w, https:\/\/www.hsu-hh.de\/imb\/wp-content\/uploads\/sites\/677\/2026\/03\/dijkstra-768x496.png 768w, https:\/\/www.hsu-hh.de\/imb\/wp-content\/uploads\/sites\/677\/2026\/03\/dijkstra-1536x991.png 1536w, https:\/\/www.hsu-hh.de\/imb\/wp-content\/uploads\/sites\/677\/2026\/03\/dijkstra-1100x710.png 1100w, https:\/\/www.hsu-hh.de\/imb\/wp-content\/uploads\/sites\/677\/2026\/03\/dijkstra.png 1782w\" sizes=\"auto, (max-width: 1024px) 100vw, 1024px\" \/><\/figure>\n<\/div>\n\n\n\n<div class=\"wp-block-column is-layout-flow wp-block-column-is-layout-flow\">\n<p>Vermittelt werden grundlegende Konzepte der Informationsverarbeitung und Datenrepr\u00e4sentation. Dazu geh\u00f6ren Codierung, Zahlensysteme, Zeichenrepr\u00e4sentation sowie zentrale Aspekte von Betriebssystemen, Dateiverwaltung, Speichertechnologien und Datenkommunikation. Erg\u00e4nzend werden Grundlagen der grafischen Datenverarbeitung und -ausgabe behandelt. Einen weiteren Schwerpunkt bildet die Programmiersprache C mit ihren elementaren Sprachkonzepten und den Grundlagen der prozeduralen Programmierung.<\/p>\n<\/div>\n<\/div>\n\n\n\n<hr class=\"wp-block-separator has-alpha-channel-opacity\" \/>\n\n\n\n<h3 class=\"wp-block-heading\">Programming and Computational Methods for Data Science <\/h3>\n\n\n\n<p><a href=\"https:\/\/www.hsu-hh.de\/studium\/engineering-science\/\">B.Sc. Engineering Science<\/a>, <a href=\"https:\/\/intranet.hsu-hh.de\/goto.php\/crs\/90369\" rel='nofollow'>ILIAS-Link f\u00fcr Studierende<\/a>, Fr\u00fchjahrstrimester<\/p>\n\n\n\n<div class=\"wp-block-columns is-layout-flex wp-container-core-columns-is-layout-9d6595d7 wp-block-columns-is-layout-flex\">\n<div class=\"wp-block-column is-layout-flow wp-block-column-is-layout-flow\">\n<figure class=\"wp-block-image size-large\"><img loading=\"lazy\" decoding=\"async\" width=\"1024\" height=\"543\" src=\"https:\/\/www.hsu-hh.de\/imb\/wp-content\/uploads\/sites\/677\/2026\/03\/overlag-1024x543.png\" data-credit=\"Oliver Niggemann\" alt=\"\" class=\"wp-image-3230\" srcset=\"https:\/\/www.hsu-hh.de\/imb\/wp-content\/uploads\/sites\/677\/2026\/03\/overlag-1024x543.png 1024w, https:\/\/www.hsu-hh.de\/imb\/wp-content\/uploads\/sites\/677\/2026\/03\/overlag-300x159.png 300w, https:\/\/www.hsu-hh.de\/imb\/wp-content\/uploads\/sites\/677\/2026\/03\/overlag-768x407.png 768w, https:\/\/www.hsu-hh.de\/imb\/wp-content\/uploads\/sites\/677\/2026\/03\/overlag-1536x815.png 1536w, https:\/\/www.hsu-hh.de\/imb\/wp-content\/uploads\/sites\/677\/2026\/03\/overlag-1100x584.png 1100w, https:\/\/www.hsu-hh.de\/imb\/wp-content\/uploads\/sites\/677\/2026\/03\/overlag.png 1900w\" sizes=\"auto, (max-width: 1024px) 100vw, 1024px\" \/><\/figure>\n<\/div>\n\n\n\n<div class=\"wp-block-column is-layout-flow wp-block-column-is-layout-flow\">\n<p>Behandelt werden die Grundlagen rechnergest\u00fctzter Methoden der Data Science sowie die mathematischen Hintergr\u00fcnde zentraler Analyseverfahren. Dazu geh\u00f6ren die Datenaufbereitung, die Datenvisualisierung und der typische Ablauf datenanalytischer Arbeitsprozesse. Die Studierenden lernen, Daten systematisch auszuwerten, explorativ zu interpretieren und die Ergebnisse geeigneter Analyseverfahren kritisch zu bewerten. Dar\u00fcber hinaus werden Regressions- und Klassifikationsprobleme sowie einfache zugeh\u00f6rige Algorithmen eingef\u00fchrt und praktisch mit Python umgesetzt.<\/p>\n<\/div>\n<\/div>\n\n\n\n<hr class=\"wp-block-separator has-alpha-channel-opacity\" \/>\n\n\n\n<h2 class=\"wp-block-heading\">Bachelor Maschinenbau <\/h2>\n\n\n\n<h3 class=\"wp-block-heading\">Informatik I<\/h3>\n\n\n\n<p><a href=\"https:\/\/www.hsu-hh.de\/studium\/maschinenbau_bsc\/\">B.Sc. Maschinenbau<\/a>, <a href=\"https:\/\/intranet.hsu-hh.de\/goto.php\/crs\/272894\" rel='nofollow'>ILIAS-Link f\u00fcr Studierende<\/a>, Herbsttrimester<\/p>\n\n\n\n<div class=\"wp-block-columns is-layout-flex wp-container-core-columns-is-layout-9d6595d7 wp-block-columns-is-layout-flex\">\n<div class=\"wp-block-column is-layout-flow wp-block-column-is-layout-flow\">\n<figure class=\"wp-block-image size-large\"><img loading=\"lazy\" decoding=\"async\" width=\"1024\" height=\"674\" src=\"https:\/\/www.hsu-hh.de\/imb\/wp-content\/uploads\/sites\/677\/2026\/03\/python_matlab-1024x674.png\" data-credit=\"Oliver Niggemann\" alt=\"\" class=\"wp-image-3295\" srcset=\"https:\/\/www.hsu-hh.de\/imb\/wp-content\/uploads\/sites\/677\/2026\/03\/python_matlab-1024x674.png 1024w, https:\/\/www.hsu-hh.de\/imb\/wp-content\/uploads\/sites\/677\/2026\/03\/python_matlab-300x197.png 300w, https:\/\/www.hsu-hh.de\/imb\/wp-content\/uploads\/sites\/677\/2026\/03\/python_matlab-768x506.png 768w, https:\/\/www.hsu-hh.de\/imb\/wp-content\/uploads\/sites\/677\/2026\/03\/python_matlab-1536x1011.png 1536w, https:\/\/www.hsu-hh.de\/imb\/wp-content\/uploads\/sites\/677\/2026\/03\/python_matlab-1100x724.png 1100w, https:\/\/www.hsu-hh.de\/imb\/wp-content\/uploads\/sites\/677\/2026\/03\/python_matlab.png 1662w\" sizes=\"auto, (max-width: 1024px) 100vw, 1024px\" \/><\/figure>\n<\/div>\n\n\n\n<div class=\"wp-block-column is-layout-flow wp-block-column-is-layout-flow\">\n<p>Im Mittelpunkt stehen grundlegende Algorithmen und Datenstrukturen sowie deren effiziente Anwendung. Behandelt werden verschiedene Sortier- und Suchverfahren, einschlie\u00dflich ihrer Laufzeit- und Speicherkomplexit\u00e4t, sowie elementare Datenstrukturen wie Listen, Arrays, Heaps und Bin\u00e4rb\u00e4ume. Dar\u00fcber hinaus werden zentrale Konzepte der Graphentheorie eingef\u00fchrt, etwa Traversierungsverfahren, Konnektivit\u00e4t, topologische Sortierung und Algorithmen f\u00fcr k\u00fcrzeste Wege. Erg\u00e4nzend werden Grundideen von Skriptsprachen am Beispiel von Python und Matlab vermittelt.<\/p>\n<\/div>\n<\/div>\n\n\n\n<hr class=\"wp-block-separator has-alpha-channel-opacity\" \/>\n\n\n\n<h3 class=\"wp-block-heading\">Informatik II<\/h3>\n\n\n\n<p><a href=\"https:\/\/www.hsu-hh.de\/studium\/maschinenbau_bsc\/\">B.Sc. Maschinenbau<\/a>, <a href=\"https:\/\/intranet.hsu-hh.de\/goto.php\/crs\/269396\" rel='nofollow'>ILIAS-Link f\u00fcr Studierende<\/a>, Herbsttrimester<\/p>\n\n\n\n<div class=\"wp-block-columns is-layout-flex wp-container-core-columns-is-layout-9d6595d7 wp-block-columns-is-layout-flex\">\n<div class=\"wp-block-column is-layout-flow wp-block-column-is-layout-flow\">\n<figure class=\"wp-block-image size-large\"><img loading=\"lazy\" decoding=\"async\" width=\"1024\" height=\"770\" src=\"https:\/\/www.hsu-hh.de\/imb\/wp-content\/uploads\/sites\/677\/2026\/03\/inf2_graphs-1024x770.png\" data-credit=\"Oliver Niggemann\" alt=\"\" class=\"wp-image-3302\" srcset=\"https:\/\/www.hsu-hh.de\/imb\/wp-content\/uploads\/sites\/677\/2026\/03\/inf2_graphs-1024x770.png 1024w, https:\/\/www.hsu-hh.de\/imb\/wp-content\/uploads\/sites\/677\/2026\/03\/inf2_graphs-300x226.png 300w, https:\/\/www.hsu-hh.de\/imb\/wp-content\/uploads\/sites\/677\/2026\/03\/inf2_graphs-768x578.png 768w, https:\/\/www.hsu-hh.de\/imb\/wp-content\/uploads\/sites\/677\/2026\/03\/inf2_graphs-1100x828.png 1100w, https:\/\/www.hsu-hh.de\/imb\/wp-content\/uploads\/sites\/677\/2026\/03\/inf2_graphs.png 1276w\" sizes=\"auto, (max-width: 1024px) 100vw, 1024px\" \/><\/figure>\n<\/div>\n\n\n\n<div class=\"wp-block-column is-layout-flow wp-block-column-is-layout-flow\">\n<p>Im Fokus stehen objektorientierte und komponentenorientierte Konzepte der Softwareentwicklung. Behandelt werden sowohl die zugeh\u00f6rigen Programmier- und Modellierungsparadigmen als auch passende Entwicklungsprozesse. Dar\u00fcber hinaus wird die Nutzung von UML zur Modellierung von Software und Entwicklungsprojekten sowie von SysML zur Modellierung von Systementwicklungsprojekten eingef\u00fchrt.<\/p>\n<\/div>\n<\/div>\n\n\n\n<hr class=\"wp-block-separator has-alpha-channel-opacity\" \/>\n\n\n\n<h2 class=\"wp-block-heading\">Master Engineering Science <\/h2>\n\n\n\n<h3 class=\"wp-block-heading\">Machine Learning<\/h3>\n\n\n\n<p><a href=\"https:\/\/www.hsu-hh.de\/studium\/engineering-science\/\"><abbr title=\"Master of Science\">M.Sc.<\/abbr> Engineering Science<\/a>, <a href=\"https:\/\/intranet.hsu-hh.de\/goto.php\/crs\/286642\" rel='nofollow'>ILIAS-Link f\u00fcr Studierende<\/a>, Wintertrimester<\/p>\n\n\n\n<div class=\"wp-block-columns is-layout-flex wp-container-core-columns-is-layout-9d6595d7 wp-block-columns-is-layout-flex\">\n<div class=\"wp-block-column is-layout-flow wp-block-column-is-layout-flow\">\n<figure class=\"wp-block-image size-large\"><img loading=\"lazy\" decoding=\"async\" width=\"1024\" height=\"221\" src=\"https:\/\/www.hsu-hh.de\/imb\/wp-content\/uploads\/sites\/677\/2026\/03\/machine_learning-1024x221.png\" data-credit=\"Oliver Niggemann\" alt=\"\" class=\"wp-image-3315\" srcset=\"https:\/\/www.hsu-hh.de\/imb\/wp-content\/uploads\/sites\/677\/2026\/03\/machine_learning-1024x221.png 1024w, https:\/\/www.hsu-hh.de\/imb\/wp-content\/uploads\/sites\/677\/2026\/03\/machine_learning-300x65.png 300w, https:\/\/www.hsu-hh.de\/imb\/wp-content\/uploads\/sites\/677\/2026\/03\/machine_learning-768x166.png 768w, https:\/\/www.hsu-hh.de\/imb\/wp-content\/uploads\/sites\/677\/2026\/03\/machine_learning-1536x332.png 1536w, https:\/\/www.hsu-hh.de\/imb\/wp-content\/uploads\/sites\/677\/2026\/03\/machine_learning-1100x238.png 1100w, https:\/\/www.hsu-hh.de\/imb\/wp-content\/uploads\/sites\/677\/2026\/03\/machine_learning.png 1556w\" sizes=\"auto, (max-width: 1024px) 100vw, 1024px\" \/><\/figure>\n<\/div>\n\n\n\n<div class=\"wp-block-column is-layout-flow wp-block-column-is-layout-flow\">\n<p>In diesem Modul werden grundlegende Problemklassen des maschinellen Lernens behandelt, darunter supervised learning, unsupervised learning und reinforcement learning sowie Klassifikation und Regression. Erg\u00e4nzend werden statistische Bewertungsma\u00dfe wie ROC, AUC und F-Measure sowie probabilistische Modelle zur Informationsfusion und Datenanalyse eingef\u00fchrt. Dar\u00fcber hinaus werden zentrale Verfahren des maschinellen Lernens vorgestellt, etwa neuronale Netze, Autoencoder, Restricted Boltzmann Machines und Deep Neural Networks einschlie\u00dflich ihrer Lernalgorithmen. Abgerundet wird die Veranstaltung durch Anwendungen im Kontext cyber-physischer Systeme sowie den praktischen Einsatz entsprechender Werkzeuge, insbesondere Python.<\/p>\n<\/div>\n<\/div>\n\n\n\n<hr class=\"wp-block-separator has-alpha-channel-opacity\" \/>\n\n\n\n<h2 class=\"wp-block-heading\">Master Mechatronik<\/h2>\n\n\n\n<h3 class=\"wp-block-heading\">Methoden der K\u00fcnstlichen Intelligenz II<\/h3>\n\n\n\n<p><a href=\"https:\/\/www.hsu-hh.de\/studium\/mechatronik_msc\/\"><abbr title=\"Master of Science\">M.Sc.<\/abbr> Mechatronik<\/a>, <a href=\"https:\/\/intranet.hsu-hh.de\/goto.php\/crs\/273010\" rel='nofollow'>ILIAS-Link f\u00fcr Studierende<\/a>, Herbsttrimester<\/p>\n\n\n\n<div class=\"wp-block-columns is-layout-flex wp-container-core-columns-is-layout-9d6595d7 wp-block-columns-is-layout-flex\">\n<div class=\"wp-block-column is-layout-flow wp-block-column-is-layout-flow\">\n<figure class=\"wp-block-image size-large\"><img loading=\"lazy\" decoding=\"async\" width=\"1024\" height=\"533\" src=\"https:\/\/www.hsu-hh.de\/imb\/wp-content\/uploads\/sites\/677\/2026\/03\/anomaly_detection-1024x533.png\" data-credit=\"Oliver Niggemann\" alt=\"\" class=\"wp-image-3309\" srcset=\"https:\/\/www.hsu-hh.de\/imb\/wp-content\/uploads\/sites\/677\/2026\/03\/anomaly_detection-1024x533.png 1024w, https:\/\/www.hsu-hh.de\/imb\/wp-content\/uploads\/sites\/677\/2026\/03\/anomaly_detection-300x156.png 300w, https:\/\/www.hsu-hh.de\/imb\/wp-content\/uploads\/sites\/677\/2026\/03\/anomaly_detection-768x400.png 768w, https:\/\/www.hsu-hh.de\/imb\/wp-content\/uploads\/sites\/677\/2026\/03\/anomaly_detection-1536x800.png 1536w, https:\/\/www.hsu-hh.de\/imb\/wp-content\/uploads\/sites\/677\/2026\/03\/anomaly_detection-1100x573.png 1100w, https:\/\/www.hsu-hh.de\/imb\/wp-content\/uploads\/sites\/677\/2026\/03\/anomaly_detection.png 1678w\" sizes=\"auto, (max-width: 1024px) 100vw, 1024px\" \/><\/figure>\n<\/div>\n\n\n\n<div class=\"wp-block-column is-layout-flow wp-block-column-is-layout-flow\">\n<p>Behandelt werden die Grundlagen der Aussagenlogik, einschlie\u00dflich Normalformen und Resolution, als Basis formaler Schlussfolgerungsverfahren. Darauf aufbauend erfolgt eine Einf\u00fchrung in unterschiedliche Diagnoseans\u00e4tze, etwa fallbasierte, heuristische, spektrumbasierte und modellbasierte Verfahren, erg\u00e4nzt durch Beispiele wie das Alarmmanagement und die konsistenzbasierte Diagnose mit Aussagenlogik. Abschlie\u00dfend werden die Grundlagen der Pr\u00e4dikatenlogik sowie Verfahren des Schlussfolgerns mit Unifikation und Resolution eingef\u00fchrt.<\/p>\n<\/div>\n<\/div>\n\n\n\n<hr class=\"wp-block-separator has-alpha-channel-opacity\" \/>\n\n\n\n<h3 class=\"wp-block-heading\">Informatik III: Programmierung Verteilter Systeme in UNIX<\/h3>\n\n\n\n<p><a href=\"https:\/\/www.hsu-hh.de\/studium\/mechatronik_msc\/\"><abbr title=\"Master of Science\">M.Sc.<\/abbr> Mechatronik<\/a>, <a href=\"https:\/\/intranet.hsu-hh.de\/goto.php\/crs\/90149\" rel='nofollow'>ILIAS-Link f\u00fcr Studierende<\/a>, Fr\u00fchjahrstrimester<\/p>\n\n\n\n<div class=\"wp-block-columns is-layout-flex wp-container-core-columns-is-layout-9d6595d7 wp-block-columns-is-layout-flex\">\n<div class=\"wp-block-column is-layout-flow wp-block-column-is-layout-flow\">\n<figure class=\"wp-block-image size-large\"><img loading=\"lazy\" decoding=\"async\" width=\"1024\" height=\"547\" src=\"https:\/\/www.hsu-hh.de\/imb\/wp-content\/uploads\/sites\/677\/2026\/03\/unix-1024x547.png\" data-credit=\"Oliver Niggemann\" alt=\"\" class=\"wp-image-3328\" srcset=\"https:\/\/www.hsu-hh.de\/imb\/wp-content\/uploads\/sites\/677\/2026\/03\/unix-1024x547.png 1024w, https:\/\/www.hsu-hh.de\/imb\/wp-content\/uploads\/sites\/677\/2026\/03\/unix-300x160.png 300w, https:\/\/www.hsu-hh.de\/imb\/wp-content\/uploads\/sites\/677\/2026\/03\/unix-768x410.png 768w, https:\/\/www.hsu-hh.de\/imb\/wp-content\/uploads\/sites\/677\/2026\/03\/unix-1536x821.png 1536w, https:\/\/www.hsu-hh.de\/imb\/wp-content\/uploads\/sites\/677\/2026\/03\/unix-1100x588.png 1100w, https:\/\/www.hsu-hh.de\/imb\/wp-content\/uploads\/sites\/677\/2026\/03\/unix.png 1542w\" sizes=\"auto, (max-width: 1024px) 100vw, 1024px\" \/><\/figure>\n<\/div>\n\n\n\n<div class=\"wp-block-column is-layout-flow wp-block-column-is-layout-flow\">\n<p>Der Schwerpunkt liegt auf grundlegenden Konzepten Unix-basierter Systeme und ihrer praktischen Anwendung. Behandelt werden der Umgang mit der Shell, das Arbeiten mit Verzeichnissen, das Kompilieren und Ausf\u00fchren von Programmen sowie die Ein- und Ausgabe \u00fcber Dateien und Terminals unter Ber\u00fccksichtigung der Unix-Rechteverwaltung. Dar\u00fcber hinaus werden Prozesse, ihre Erzeugung, Verwaltung und Scheduling-Strategien eingef\u00fchrt. Erg\u00e4nzend werden zentrale Verfahren der Inter-Process Communication behandelt, darunter Signale, Pipes, FIFOs, Sockets sowie Konzepte wie kritische Abschnitte und Deadlocks.<\/p>\n<\/div>\n<\/div>\n\n\n\n<hr class=\"wp-block-separator has-alpha-channel-opacity\" \/>\n\n\n\n<h3 class=\"wp-block-heading\">Bildverarbeitung<\/h3>\n\n\n\n<p><a href=\"https:\/\/www.hsu-hh.de\/studium\/mechatronik_msc\/\"><abbr title=\"Master of Science\">M.Sc.<\/abbr> Mechatronik<\/a>, <a href=\"https:\/\/intranet.hsu-hh.de\/goto.php\/crs\/90008\" rel='nofollow'>ILIAS-Link f\u00fcr Studierende<\/a>, Fr\u00fchjahrstrimester<\/p>\n\n\n\n<div class=\"wp-block-columns is-layout-flex wp-container-core-columns-is-layout-9d6595d7 wp-block-columns-is-layout-flex\">\n<div class=\"wp-block-column is-layout-flow wp-block-column-is-layout-flow\">\n<figure class=\"wp-block-image size-large\"><img loading=\"lazy\" decoding=\"async\" width=\"1024\" height=\"371\" src=\"https:\/\/www.hsu-hh.de\/imb\/wp-content\/uploads\/sites\/677\/2026\/03\/computer_imaging-1024x371.png\" data-credit=\"Oliver Niggemann\" alt=\"\" class=\"wp-image-3333\" srcset=\"https:\/\/www.hsu-hh.de\/imb\/wp-content\/uploads\/sites\/677\/2026\/03\/computer_imaging-1024x371.png 1024w, https:\/\/www.hsu-hh.de\/imb\/wp-content\/uploads\/sites\/677\/2026\/03\/computer_imaging-300x109.png 300w, https:\/\/www.hsu-hh.de\/imb\/wp-content\/uploads\/sites\/677\/2026\/03\/computer_imaging-768x278.png 768w, https:\/\/www.hsu-hh.de\/imb\/wp-content\/uploads\/sites\/677\/2026\/03\/computer_imaging-1536x557.png 1536w, https:\/\/www.hsu-hh.de\/imb\/wp-content\/uploads\/sites\/677\/2026\/03\/computer_imaging-1100x399.png 1100w, https:\/\/www.hsu-hh.de\/imb\/wp-content\/uploads\/sites\/677\/2026\/03\/computer_imaging.png 1816w\" sizes=\"auto, (max-width: 1024px) 100vw, 1024px\" \/><\/figure>\n<\/div>\n\n\n\n<div class=\"wp-block-column is-layout-flow wp-block-column-is-layout-flow\">\n<p>Im Mittelpunkt stehen grundlegende Verfahren der digitalen Bildverarbeitung, darunter Pixeloperationen, Punkt- und Histogrammoperationen sowie lineare und nichtlineare r\u00e4umliche Filter. Behandelt werden dabei unter anderem Tiefpass- und Hochpassfilter sowie morphologische Operationen wie Dilatation und Erosion. Erg\u00e4nzend wird in die Bildklassifizierung eingef\u00fchrt, einschlie\u00dflich typischer Klassifikationsaufgaben und Convolutional Neural Networks (CNNs).<\/p>\n<\/div>\n<\/div>\n\n\n\n<hr class=\"wp-block-separator has-alpha-channel-opacity\" \/>\n\n\n\n<h3 class=\"wp-block-heading\">Vertiefungslabor-Versuche&nbsp;im Master Mechatronik<\/h3>\n\n\n\n<p><a href=\"https:\/\/www.hsu-hh.de\/imb\/wp-content\/uploads\/sites\/677\/2019\/06\/Versuch1.pdf\">Versuch1<\/a><\/p>\n\n\n\n<p><a href=\"https:\/\/www.hsu-hh.de\/imb\/wp-content\/uploads\/sites\/677\/2019\/06\/Versuch2.pdf\">Versuch2<\/a><\/p>\n\n\n\n<hr class=\"wp-block-separator has-alpha-channel-opacity\" \/>\n\n\n\n<p><\/p>\n","protected":false},"excerpt":{"rendered":"<p>Hier finden Sie eine \u00dcbersicht und Informationen zu allen Kursangeboten und Abschlussarbeiten.Zur Anmeldung im PC-Pool MB folgen Sie diesem Link. Bachelor-, Master-, Seminar- &amp; Studienarbeiten Sie m\u00f6chten Ihre Studien-\/Abschlussarbeit in [&hellip;]<\/p>\n","protected":false},"author":956,"featured_media":0,"parent":0,"menu_order":0,"comment_status":"closed","ping_status":"closed","template":"","meta":{"footnotes":""},"categories":[6],"tags":[],"class_list":["post-157","page","type-page","status-publish","hentry","category-lehre"],"_links":{"self":[{"href":"https:\/\/www.hsu-hh.de\/imb\/wp-json\/wp\/v2\/pages\/157","targetHints":{"allow":["GET"]}}],"collection":[{"href":"https:\/\/www.hsu-hh.de\/imb\/wp-json\/wp\/v2\/pages"}],"about":[{"href":"https:\/\/www.hsu-hh.de\/imb\/wp-json\/wp\/v2\/types\/page"}],"author":[{"embeddable":true,"href":"https:\/\/www.hsu-hh.de\/imb\/wp-json\/wp\/v2\/users\/956"}],"replies":[{"embeddable":true,"href":"https:\/\/www.hsu-hh.de\/imb\/wp-json\/wp\/v2\/comments?post=157"}],"version-history":[{"count":53,"href":"https:\/\/www.hsu-hh.de\/imb\/wp-json\/wp\/v2\/pages\/157\/revisions"}],"predecessor-version":[{"id":3337,"href":"https:\/\/www.hsu-hh.de\/imb\/wp-json\/wp\/v2\/pages\/157\/revisions\/3337"}],"wp:attachment":[{"href":"https:\/\/www.hsu-hh.de\/imb\/wp-json\/wp\/v2\/media?parent=157"}],"wp:term":[{"taxonomy":"category","embeddable":true,"href":"https:\/\/www.hsu-hh.de\/imb\/wp-json\/wp\/v2\/categories?post=157"},{"taxonomy":"post_tag","embeddable":true,"href":"https:\/\/www.hsu-hh.de\/imb\/wp-json\/wp\/v2\/tags?post=157"}],"curies":[{"name":"wp","href":"https:\/\/api.w.org\/{rel}","templated":true}]}}