{"id":1443,"date":"2022-08-04T14:33:43","date_gmt":"2022-08-04T12:33:43","guid":{"rendered":"https:\/\/www.hsu-hh.de\/imb\/?page_id=1443"},"modified":"2022-11-01T10:13:05","modified_gmt":"2022-11-01T09:13:05","slug":"fuer-studierende","status":"publish","type":"page","link":"https:\/\/www.hsu-hh.de\/imb\/open-intelligence-platform\/fuer-studierende","title":{"rendered":"F\u00fcr Studierende"},"content":{"rendered":"\n<div class=\"wp-block-columns is-layout-flex wp-container-core-columns-is-layout-9d6595d7 wp-block-columns-is-layout-flex\">\n<div class=\"wp-block-column is-layout-flow wp-block-column-is-layout-flow\" style=\"flex-basis:66.66%\">\n<p>Interessierte Studierende aller Fachrichtungen k\u00f6nnen sich durch Studien- und Abschlussarbeiten an der Open Intelligence Platform beteiligen.<\/p>\n\n\n\n<p>Dabei spannen sich die Aufgabenstellungen von der qualitativen Analyse von Gegenwartsliteratur, \u00fcber die Erarbeitung von sozialer Zusammenh\u00e4nge in verschiedenen Regionen der Welt, bishin zur quantitativen Analyse und Verarbeitung gro\u00dfer Datenmengen aus Social Media, Bildverarbeitung <abbr title=\"und so weiter\">usw.<\/abbr> . <\/p>\n\n\n\n<p>Wenden Sie sich bei Thematischen Fragen oder Themenvorschl\u00e4gen bitte and die jeweiligen Professuren. <\/p>\n<\/div>\n\n\n\n<div class=\"wp-block-column is-layout-flow wp-block-column-is-layout-flow\" style=\"flex-basis:33.33%\">\n<figure class=\"wp-block-image size-large is-resized\"><img loading=\"lazy\" decoding=\"async\" src=\"https:\/\/www.hsu-hh.de\/imb\/wp-content\/uploads\/sites\/677\/2022\/08\/oip-venn.drawio-1024x946.png\" data-credit=\"imb\" alt=\" \" class=\"wp-image-1448\" width=\"353\" height=\"325\" srcset=\"https:\/\/www.hsu-hh.de\/imb\/wp-content\/uploads\/sites\/677\/2022\/08\/oip-venn.drawio-1024x946.png 1024w, https:\/\/www.hsu-hh.de\/imb\/wp-content\/uploads\/sites\/677\/2022\/08\/oip-venn.drawio-300x277.png 300w, https:\/\/www.hsu-hh.de\/imb\/wp-content\/uploads\/sites\/677\/2022\/08\/oip-venn.drawio-768x709.png 768w, https:\/\/www.hsu-hh.de\/imb\/wp-content\/uploads\/sites\/677\/2022\/08\/oip-venn.drawio-1100x1016.png 1100w, https:\/\/www.hsu-hh.de\/imb\/wp-content\/uploads\/sites\/677\/2022\/08\/oip-venn.drawio.png 1176w\" sizes=\"auto, (max-width: 353px) 100vw, 353px\" \/><\/figure>\n<\/div>\n<\/div>\n\n\n\n<p class=\"has-medium-font-size\"><strong>Abschlussarbeiten <\/strong><\/p>\n\n\n\n<p>Im Folgenden finden Sie Abschlussarbeiten, die im Rahmen der Open Intelligence Platform ausgeschrieben sind.<\/p>\n\n\n\n<div class=\"wp-block-hsu-publicationblock\"><div class=\"img-area download-image\"><img decoding=\"async\" src=\"\/wp-content\/themes\/hsu\/img\/dummy\/downloads_dummy.png\" alt=\"Publikation Symbol-Icon\" \/><\/div><div class=\"content-area\">Ausschreibung Bachelorarbeit: Bilderkennung zur Nutzerclusterung f\u00fcr OSInt<br \/><a href=\"https:\/\/www.hsu-hh.de\/imb\/wp-content\/uploads\/sites\/677\/2022\/11\/BA_OIP_Bildverarbeitung_fuer_OSInt.pdf\">https:\/\/www.hsu-hh.de\/imb\/wp-content\/uploads\/sites\/677\/2022\/11\/BA_OIP_Bildverarbeitung_fuer_OSInt.pdf<\/a><\/div><\/div>\n\n\n\n<div class=\"wp-block-hsu-publicationblock\"><div class=\"img-area download-image\"><img decoding=\"async\" src=\"\/wp-content\/themes\/hsu\/img\/dummy\/downloads_dummy.png\" alt=\"Publikation Symbol-Icon\" \/><\/div><div class=\"content-area\">Ausschreibung Masterarbeit: Natural Language Processing zur Nutzerclusterung f\u00fcr OSInt<br \/><a href=\"https:\/\/www.hsu-hh.de\/imb\/wp-content\/uploads\/sites\/677\/2022\/11\/MA_OIP_Textverarbeitung_fuer_OSInt.pdf\">https:\/\/www.hsu-hh.de\/imb\/wp-content\/uploads\/sites\/677\/2022\/11\/MA_OIP_Textverarbeitung_fuer_OSInt.pdf<\/a><\/div><\/div>\n\n\n\n<div style=\"height:168px\" aria-hidden=\"true\" class=\"wp-block-spacer\"><\/div>\n\n\n\n<p class=\"has-medium-font-size\"><strong>Studienarbeiten<\/strong> <\/p>\n\n\n\n<p>Im Folgenden finden Sie Studienarbeiten, die im Rahmen der Open Intelligence Platform ausgeschrieben sind.<\/p>\n\n\n\n<div class=\"wp-block-hsu-publicationblock\"><div class=\"img-area download-image\"><img decoding=\"async\" src=\"\/wp-content\/themes\/hsu\/img\/dummy\/downloads_dummy.png\" alt=\"Publikation Symbol-Icon\" \/><\/div><div class=\"content-area\">Ausschreibung Studienarbeit: Entwicklung von Web-Scrapern zur Datenakquise<br \/><a href=\"https:\/\/www.hsu-hh.de\/imb\/wp-content\/uploads\/sites\/677\/2022\/09\/StudienarbeitOIP.pdf\" data-type=\"URL\" data-id=\"https:\/\/www.hsu-hh.de\/imb\/wp-content\/uploads\/sites\/677\/2022\/09\/StudienarbeitOIP.pdf\">https:\/\/www.hsu-hh.de\/imb\/wp-content\/uploads\/sites\/677\/2022\/09\/StudienarbeitOIP.pdf<\/a><\/div><\/div>\n\n\n\n<div style=\"height:100px\" aria-hidden=\"true\" class=\"wp-block-spacer\"><\/div>\n\n\n\n<p><strong>Studentische Hilfskr\u00e4fte<\/strong><\/p>\n\n\n\n<p>Sollten Sie sich einfach so f\u00fcr die Thematik interessieren, finden Sie hier ausgeschriebene Stellen f\u00fcr Studentische Hilfskr\u00e4fte<\/p>\n","protected":false},"excerpt":{"rendered":"<p>Interessierte Studierende aller Fachrichtungen k\u00f6nnen sich durch Studien- und Abschlussarbeiten an der Open Intelligence Platform beteiligen. Dabei spannen sich die Aufgabenstellungen von der qualitativen Analyse von Gegenwartsliteratur, \u00fcber die Erarbeitung [&hellip;]<\/p>\n","protected":false},"author":3417,"featured_media":0,"parent":1431,"menu_order":0,"comment_status":"closed","ping_status":"closed","template":"","meta":{"footnotes":""},"categories":[4],"tags":[],"class_list":["post-1443","page","type-page","status-publish","hentry","category-forschung"],"_links":{"self":[{"href":"https:\/\/www.hsu-hh.de\/imb\/wp-json\/wp\/v2\/pages\/1443","targetHints":{"allow":["GET"]}}],"collection":[{"href":"https:\/\/www.hsu-hh.de\/imb\/wp-json\/wp\/v2\/pages"}],"about":[{"href":"https:\/\/www.hsu-hh.de\/imb\/wp-json\/wp\/v2\/types\/page"}],"author":[{"embeddable":true,"href":"https:\/\/www.hsu-hh.de\/imb\/wp-json\/wp\/v2\/users\/3417"}],"replies":[{"embeddable":true,"href":"https:\/\/www.hsu-hh.de\/imb\/wp-json\/wp\/v2\/comments?post=1443"}],"version-history":[{"count":7,"href":"https:\/\/www.hsu-hh.de\/imb\/wp-json\/wp\/v2\/pages\/1443\/revisions"}],"predecessor-version":[{"id":1647,"href":"https:\/\/www.hsu-hh.de\/imb\/wp-json\/wp\/v2\/pages\/1443\/revisions\/1647"}],"up":[{"embeddable":true,"href":"https:\/\/www.hsu-hh.de\/imb\/wp-json\/wp\/v2\/pages\/1431"}],"wp:attachment":[{"href":"https:\/\/www.hsu-hh.de\/imb\/wp-json\/wp\/v2\/media?parent=1443"}],"wp:term":[{"taxonomy":"category","embeddable":true,"href":"https:\/\/www.hsu-hh.de\/imb\/wp-json\/wp\/v2\/categories?post=1443"},{"taxonomy":"post_tag","embeddable":true,"href":"https:\/\/www.hsu-hh.de\/imb\/wp-json\/wp\/v2\/tags?post=1443"}],"curies":[{"name":"wp","href":"https:\/\/api.w.org\/{rel}","templated":true}]}}