{"id":144,"date":"2018-01-15T16:32:10","date_gmt":"2018-01-15T15:32:10","guid":{"rendered":"https:\/\/www.hsu-hh.de\/pdv\/?page_id=144"},"modified":"2026-03-02T16:58:28","modified_gmt":"2026-03-02T15:58:28","slug":"forschung","status":"publish","type":"page","link":"https:\/\/www.hsu-hh.de\/imb\/forschung","title":{"rendered":"Forschung"},"content":{"rendered":"\n<p>Zentrale Themenbereiche der Professur sind die Erforschung und Entwicklung von <strong>Robusten Machine Learning Modellen<\/strong> und die Steigerung <strong>Robustheit durch Symbolische K\u00fcnstliche Intelligenz<\/strong>. <\/p>\n\n\n\n<p>Daf\u00fcr vereint die Professur vier Schwerpunkte mit den Themen <strong>Maschinelles Lernen, Materialwissenschaften und R\u00e4umliche Modelle, Symbolische K\u00fcnstliche Intelligenz<\/strong> und <strong>Bundeswehr<\/strong>.<\/p>\n\n\n\n<p><a href=\"https:\/\/www.hsu-hh.de\/imb\/veroeffentlichungen\" data-type=\"page\" data-id=\"208\">Eine Liste aller Ver\u00f6ffentlichungen der Professur finden Sie hier.<\/a><br><a href=\"https:\/\/www.hsu-hh.de\/imb\/aktivitaeten\" data-type=\"page\" data-id=\"231\">Eine Liste aller Aktivit\u00e4ten in der wissenschaftlichen Community finden Sie hier. <\/a><br><a href=\"https:\/\/www.hsu-hh.de\/imb\/veranstaltungen\" data-type=\"page\" data-id=\"2928\">Eine Liste aller veranstalteten Konferenzen und Workshops finden Sie hier.<\/a><br><a href=\"https:\/\/www.hsu-hh.de\/imb\/projekte\" data-type=\"page\" data-id=\"240\">Eine Liste aller Forschungsprojekte finden Sie hier.<\/a><\/p>\n\n\n\n<p>Die Forschungsschwerpunkte finden Sie auf folgenden Unterseiten<\/p>\n\n\n\n<p><a href=\"https:\/\/www.hsu-hh.de\/imb\/bundeswehr-2\" data-type=\"page\" data-id=\"3136\">Bundeswehr<\/a><\/p>\n\n\n\n<p><a href=\"https:\/\/www.hsu-hh.de\/imb\/maschinelles-lernen\" data-type=\"page\" data-id=\"3130\">Maschinelles Lernen<\/a><\/p>\n\n\n\n<p><a href=\"https:\/\/www.hsu-hh.de\/imb\/materialwissenschaften-und-raeumliche-modelle\" data-type=\"page\" data-id=\"3132\">Materialwissenschaften und R\u00e4umliche Modelle<\/a><\/p>\n\n\n\n<p><a href=\"https:\/\/www.hsu-hh.de\/imb\/symbolische-kuenstliche-intelligenz\" data-type=\"page\" data-id=\"3134\">Symbolische K\u00fcnstliche Intelligenz<\/a><br><\/p>\n","protected":false},"excerpt":{"rendered":"<p>Zentrale Themenbereiche der Professur sind die Erforschung und Entwicklung von Robusten Machine Learning Modellen und die Steigerung Robustheit durch Symbolische K\u00fcnstliche Intelligenz. Daf\u00fcr vereint die Professur vier Schwerpunkte mit den [&hellip;]<\/p>\n","protected":false},"author":836,"featured_media":0,"parent":0,"menu_order":0,"comment_status":"closed","ping_status":"closed","template":"","meta":{"footnotes":""},"categories":[4],"tags":[],"class_list":["post-144","page","type-page","status-publish","hentry","category-forschung"],"_links":{"self":[{"href":"https:\/\/www.hsu-hh.de\/imb\/wp-json\/wp\/v2\/pages\/144","targetHints":{"allow":["GET"]}}],"collection":[{"href":"https:\/\/www.hsu-hh.de\/imb\/wp-json\/wp\/v2\/pages"}],"about":[{"href":"https:\/\/www.hsu-hh.de\/imb\/wp-json\/wp\/v2\/types\/page"}],"author":[{"embeddable":true,"href":"https:\/\/www.hsu-hh.de\/imb\/wp-json\/wp\/v2\/users\/836"}],"replies":[{"embeddable":true,"href":"https:\/\/www.hsu-hh.de\/imb\/wp-json\/wp\/v2\/comments?post=144"}],"version-history":[{"count":24,"href":"https:\/\/www.hsu-hh.de\/imb\/wp-json\/wp\/v2\/pages\/144\/revisions"}],"predecessor-version":[{"id":3170,"href":"https:\/\/www.hsu-hh.de\/imb\/wp-json\/wp\/v2\/pages\/144\/revisions\/3170"}],"wp:attachment":[{"href":"https:\/\/www.hsu-hh.de\/imb\/wp-json\/wp\/v2\/media?parent=144"}],"wp:term":[{"taxonomy":"category","embeddable":true,"href":"https:\/\/www.hsu-hh.de\/imb\/wp-json\/wp\/v2\/categories?post=144"},{"taxonomy":"post_tag","embeddable":true,"href":"https:\/\/www.hsu-hh.de\/imb\/wp-json\/wp\/v2\/tags?post=144"}],"curies":[{"name":"wp","href":"https:\/\/api.w.org\/{rel}","templated":true}]}}