{"id":1431,"date":"2022-08-04T14:22:04","date_gmt":"2022-08-04T12:22:04","guid":{"rendered":"https:\/\/www.hsu-hh.de\/imb\/?page_id=1431"},"modified":"2022-11-01T10:14:18","modified_gmt":"2022-11-01T09:14:18","slug":"open-intelligence-platform","status":"publish","type":"page","link":"https:\/\/www.hsu-hh.de\/imb\/open-intelligence-platform","title":{"rendered":"Willkommen auf der Open Intelligence Platform"},"content":{"rendered":"\n<figure class=\"wp-block-image size-large is-resized\"><img loading=\"lazy\" decoding=\"async\" src=\"https:\/\/www.hsu-hh.de\/imb\/wp-content\/uploads\/sites\/677\/2022\/08\/oip-logo-lang-1024x137.png\" data-credit=\"imb\" alt=\"open intelligence platform\" class=\"wp-image-1435\" width=\"1138\" height=\"152\" srcset=\"https:\/\/www.hsu-hh.de\/imb\/wp-content\/uploads\/sites\/677\/2022\/08\/oip-logo-lang-1024x137.png 1024w, https:\/\/www.hsu-hh.de\/imb\/wp-content\/uploads\/sites\/677\/2022\/08\/oip-logo-lang-300x40.png 300w, https:\/\/www.hsu-hh.de\/imb\/wp-content\/uploads\/sites\/677\/2022\/08\/oip-logo-lang-768x103.png 768w, https:\/\/www.hsu-hh.de\/imb\/wp-content\/uploads\/sites\/677\/2022\/08\/oip-logo-lang-1536x205.png 1536w, https:\/\/www.hsu-hh.de\/imb\/wp-content\/uploads\/sites\/677\/2022\/08\/oip-logo-lang-1100x147.png 1100w, https:\/\/www.hsu-hh.de\/imb\/wp-content\/uploads\/sites\/677\/2022\/08\/oip-logo-lang.png 1571w\" sizes=\"auto, (max-width: 1138px) 100vw, 1138px\" \/><\/figure>\n\n\n\n<div class=\"wp-block-columns is-layout-flex wp-container-core-columns-is-layout-9d6595d7 wp-block-columns-is-layout-flex\">\n<div class=\"wp-block-column is-layout-flow wp-block-column-is-layout-flow\" style=\"flex-basis:66.66%\">\n<p>Die Open Intelligence Platform ist ein fakult\u00e4ts\u00fcbergreifendes Forschungsprojekt an der Helmut-Schmidt Universit\u00e4t. Ziel ist die Vorhersage von Krisenszenarien und das Erstellen von Lagebildern basierend auf \u00f6ffentlich zug\u00e4nglichen Datens\u00e4tzen.<\/p>\n\n\n\n<p>Aktuell beteiligen sich Lehrst\u00fchle aus den Fakult\u00e4ten Elektrotechnik, Geistes- und Sozialwissenschaften, Maschinenbau und Wirtschafts- und Sozialwissenschaften an der Open Intelligence Platform. <\/p>\n<\/div>\n\n\n\n<div class=\"wp-block-column is-layout-flow wp-block-column-is-layout-flow\" style=\"flex-basis:33.33%\">\n<p><strong>Quick links:<\/strong><\/p>\n\n\n\n<p><a href=\"https:\/\/www.hsu-hh.de\/imb\/open-intelligence-platform\/fuer-studierende\" data-type=\"page\" data-id=\"1443\">F\u00fcr Studierende<\/a><\/p>\n\n\n\n<p><a href=\"https:\/\/www.hsu-hh.de\/imb\/open-intelligence-platform\/open-intelligence-platform-kontakt\" data-type=\"page\" data-id=\"1452\">F\u00fcr Forschende <\/a><\/p>\n\n\n\n<p><a href=\"https:\/\/www.hsu-hh.de\/imb\/open-intelligence-platform\/open-intelligence-platform-kontakt\" data-type=\"page\" data-id=\"1452\">Kontakt<\/a><\/p>\n<\/div>\n<\/div>\n\n\n\n<div style=\"height:50px\" aria-hidden=\"true\" class=\"wp-block-spacer\"><\/div>\n\n\n\n<div class=\"wp-block-media-text alignwide is-stacked-on-mobile has-grey-background-color has-background\"><figure class=\"wp-block-media-text__media\"><img loading=\"lazy\" decoding=\"async\" width=\"1024\" height=\"619\" src=\"https:\/\/www.hsu-hh.de\/imb\/wp-content\/uploads\/sites\/677\/2022\/08\/globe_p-1024x619.jpg\" data-credit=\"pexels\" alt=\"globe\" class=\"wp-image-1433 size-full\" srcset=\"https:\/\/www.hsu-hh.de\/imb\/wp-content\/uploads\/sites\/677\/2022\/08\/globe_p-1024x619.jpg 1024w, https:\/\/www.hsu-hh.de\/imb\/wp-content\/uploads\/sites\/677\/2022\/08\/globe_p-300x181.jpg 300w, https:\/\/www.hsu-hh.de\/imb\/wp-content\/uploads\/sites\/677\/2022\/08\/globe_p-768x464.jpg 768w, https:\/\/www.hsu-hh.de\/imb\/wp-content\/uploads\/sites\/677\/2022\/08\/globe_p-1536x928.jpg 1536w, https:\/\/www.hsu-hh.de\/imb\/wp-content\/uploads\/sites\/677\/2022\/08\/globe_p-2048x1238.jpg 2048w, https:\/\/www.hsu-hh.de\/imb\/wp-content\/uploads\/sites\/677\/2022\/08\/globe_p-1100x665.jpg 1100w\" sizes=\"auto, (max-width: 1024px) 100vw, 1024px\" \/><\/figure><div class=\"wp-block-media-text__content\">\n<p class=\"has-medium-font-size\"><strong>Open<\/strong><\/p>\n\n\n\n<p>Auf einer gemeinsamen Plattform werden multivariate Daten gesammelt und fusioniert.<br>Expert:innen aus den Kulturwissenschaften und Sozialwissenschaften erarbeiten semantische Zusammenh\u00e4nge innerhalb und zwischen den verschiedenen Datenformaten.<\/p>\n<\/div><\/div>\n\n\n\n<div class=\"wp-block-media-text alignwide has-media-on-the-right is-stacked-on-mobile has-grey-background-color has-background\"><figure class=\"wp-block-media-text__media\"><img loading=\"lazy\" decoding=\"async\" width=\"1024\" height=\"604\" src=\"https:\/\/www.hsu-hh.de\/imb\/wp-content\/uploads\/sites\/677\/2022\/08\/ai-scaled-e1659612012827-1024x604.jpg\" data-credit=\" pexels\" alt=\" \" class=\"wp-image-1432 size-full\" srcset=\"https:\/\/www.hsu-hh.de\/imb\/wp-content\/uploads\/sites\/677\/2022\/08\/ai-scaled-e1659612012827-1024x604.jpg 1024w, https:\/\/www.hsu-hh.de\/imb\/wp-content\/uploads\/sites\/677\/2022\/08\/ai-scaled-e1659612012827-300x177.jpg 300w, https:\/\/www.hsu-hh.de\/imb\/wp-content\/uploads\/sites\/677\/2022\/08\/ai-scaled-e1659612012827-768x453.jpg 768w, https:\/\/www.hsu-hh.de\/imb\/wp-content\/uploads\/sites\/677\/2022\/08\/ai-scaled-e1659612012827-1100x649.jpg 1100w, https:\/\/www.hsu-hh.de\/imb\/wp-content\/uploads\/sites\/677\/2022\/08\/ai-scaled-e1659612012827.jpg 1484w\" sizes=\"auto, (max-width: 1024px) 100vw, 1024px\" \/><\/figure><div class=\"wp-block-media-text__content\">\n<p class=\"has-medium-font-size\"><strong>Intelligence<\/strong><\/p>\n\n\n\n<p class=\"has-text-align-left\">Verfahren und Methoden der K\u00fcnstlichen Intelligenz in in Kombination mit Expertise aus den Politikwissenschaften nutzen die so zusammengestellten Datens\u00e4tze als Trainingsgrundlage, um latente Informationen zu extrahieren und basierend darauf die aktuelle Lage einer  Region zu analysieren und Vorhersagen f\u00fcr potentielle Krisen- und Konfliktherden zu treffen. <\/p>\n<\/div><\/div>\n\n\n\n<div class=\"wp-block-media-text alignwide is-stacked-on-mobile has-grey-background-color has-background\"><figure class=\"wp-block-media-text__media\"><img loading=\"lazy\" decoding=\"async\" width=\"1024\" height=\"683\" src=\"https:\/\/www.hsu-hh.de\/imb\/wp-content\/uploads\/sites\/677\/2022\/08\/puzzle-1024x683.jpg\" data-credit=\"pexels\" alt=\" \" class=\"wp-image-1438 size-full\" srcset=\"https:\/\/www.hsu-hh.de\/imb\/wp-content\/uploads\/sites\/677\/2022\/08\/puzzle-1024x683.jpg 1024w, https:\/\/www.hsu-hh.de\/imb\/wp-content\/uploads\/sites\/677\/2022\/08\/puzzle-300x200.jpg 300w, https:\/\/www.hsu-hh.de\/imb\/wp-content\/uploads\/sites\/677\/2022\/08\/puzzle-768x512.jpg 768w, https:\/\/www.hsu-hh.de\/imb\/wp-content\/uploads\/sites\/677\/2022\/08\/puzzle-1536x1024.jpg 1536w, https:\/\/www.hsu-hh.de\/imb\/wp-content\/uploads\/sites\/677\/2022\/08\/puzzle-2048x1365.jpg 2048w, https:\/\/www.hsu-hh.de\/imb\/wp-content\/uploads\/sites\/677\/2022\/08\/puzzle-1100x733.jpg 1100w\" sizes=\"auto, (max-width: 1024px) 100vw, 1024px\" \/><\/figure><div class=\"wp-block-media-text__content\">\n<p class=\"has-medium-font-size\"><strong>Platform<\/strong><\/p>\n\n\n\n<p>Die Open Intelligence Platform dient nicht nur der Fusion und Analyse multivariater Datens\u00e4tze auf einer Platform. Vielmehr bietet sie f\u00fcr Forschende und Studierende die Gelegenheit eines  interdisziplin\u00e4ren Austausches \u00fcber Fakult\u00e4tsgrenzen hinweg. <\/p>\n<\/div><\/div>\n\n\n\n<div style=\"height:100px\" aria-hidden=\"true\" class=\"wp-block-spacer\"><\/div>\n\n\n\n<div class=\"wp-block-media-text alignwide has-media-on-the-right is-stacked-on-mobile\"><figure class=\"wp-block-media-text__media\"><img loading=\"lazy\" decoding=\"async\" width=\"1024\" height=\"946\" src=\"https:\/\/www.hsu-hh.de\/imb\/wp-content\/uploads\/sites\/677\/2022\/08\/oip-venn.drawio-1024x946.png\" data-credit=\"imb\" alt=\" \" class=\"wp-image-1448 size-full\" srcset=\"https:\/\/www.hsu-hh.de\/imb\/wp-content\/uploads\/sites\/677\/2022\/08\/oip-venn.drawio-1024x946.png 1024w, https:\/\/www.hsu-hh.de\/imb\/wp-content\/uploads\/sites\/677\/2022\/08\/oip-venn.drawio-300x277.png 300w, https:\/\/www.hsu-hh.de\/imb\/wp-content\/uploads\/sites\/677\/2022\/08\/oip-venn.drawio-768x709.png 768w, https:\/\/www.hsu-hh.de\/imb\/wp-content\/uploads\/sites\/677\/2022\/08\/oip-venn.drawio-1100x1016.png 1100w, https:\/\/www.hsu-hh.de\/imb\/wp-content\/uploads\/sites\/677\/2022\/08\/oip-venn.drawio.png 1176w\" sizes=\"auto, (max-width: 1024px) 100vw, 1024px\" \/><\/figure><div class=\"wp-block-media-text__content\">\n<p>Die Open Intelligence Platform vereint Expertise und Inhalte aus den Bereichen Geisteswissenschaften, Kulturwissenschaften und K\u00fcnstlche Intelligenz in einem interdisziplin\u00e4ren Forschungsprojekt.<\/p>\n<\/div><\/div>\n\n\n\n<div style=\"height:100px\" aria-hidden=\"true\" class=\"wp-block-spacer\"><\/div>\n\n\n\n<p>Sie haben Interesse? Tragen auch Sie dazu bei und kontaktieren Sie uns unter: <a href=\"mailto:open-intelligence-platform@hsu-hh.de\" rel='nofollow'>open-intelligence-platform@hsu-hh.de<\/a><\/p>\n","protected":false},"excerpt":{"rendered":"<p>Die Open Intelligence Platform ist ein fakult\u00e4ts\u00fcbergreifendes Forschungsprojekt an der Helmut-Schmidt Universit\u00e4t. Ziel ist die Vorhersage von Krisenszenarien und das Erstellen von Lagebildern basierend auf \u00f6ffentlich zug\u00e4nglichen Datens\u00e4tzen. Aktuell beteiligen [&hellip;]<\/p>\n","protected":false},"author":3417,"featured_media":1434,"parent":0,"menu_order":0,"comment_status":"closed","ping_status":"closed","template":"","meta":{"footnotes":""},"categories":[4],"tags":[69],"class_list":["post-1431","page","type-page","status-publish","has-post-thumbnail","hentry","category-forschung","tag-open-intelligence-platform-2"],"_links":{"self":[{"href":"https:\/\/www.hsu-hh.de\/imb\/wp-json\/wp\/v2\/pages\/1431","targetHints":{"allow":["GET"]}}],"collection":[{"href":"https:\/\/www.hsu-hh.de\/imb\/wp-json\/wp\/v2\/pages"}],"about":[{"href":"https:\/\/www.hsu-hh.de\/imb\/wp-json\/wp\/v2\/types\/page"}],"author":[{"embeddable":true,"href":"https:\/\/www.hsu-hh.de\/imb\/wp-json\/wp\/v2\/users\/3417"}],"replies":[{"embeddable":true,"href":"https:\/\/www.hsu-hh.de\/imb\/wp-json\/wp\/v2\/comments?post=1431"}],"version-history":[{"count":13,"href":"https:\/\/www.hsu-hh.de\/imb\/wp-json\/wp\/v2\/pages\/1431\/revisions"}],"predecessor-version":[{"id":1648,"href":"https:\/\/www.hsu-hh.de\/imb\/wp-json\/wp\/v2\/pages\/1431\/revisions\/1648"}],"wp:featuredmedia":[{"embeddable":true,"href":"https:\/\/www.hsu-hh.de\/imb\/wp-json\/wp\/v2\/media\/1434"}],"wp:attachment":[{"href":"https:\/\/www.hsu-hh.de\/imb\/wp-json\/wp\/v2\/media?parent=1431"}],"wp:term":[{"taxonomy":"category","embeddable":true,"href":"https:\/\/www.hsu-hh.de\/imb\/wp-json\/wp\/v2\/categories?post=1431"},{"taxonomy":"post_tag","embeddable":true,"href":"https:\/\/www.hsu-hh.de\/imb\/wp-json\/wp\/v2\/tags?post=1431"}],"curies":[{"name":"wp","href":"https:\/\/api.w.org\/{rel}","templated":true}]}}