{"id":1400,"date":"2022-08-01T14:06:11","date_gmt":"2022-08-01T12:06:11","guid":{"rendered":"https:\/\/www.hsu-hh.de\/imb\/?page_id=1400"},"modified":"2022-08-01T14:38:44","modified_gmt":"2022-08-01T12:38:44","slug":"digimed","status":"publish","type":"page","link":"https:\/\/www.hsu-hh.de\/imb\/projekte\/digimed","title":{"rendered":"EU-Projekt: DigiMed"},"content":{"rendered":"\n<div class=\"wp-block-columns is-layout-flex wp-container-core-columns-is-layout-9d6595d7 wp-block-columns-is-layout-flex\">\n<div class=\"wp-block-column is-layout-flow wp-block-column-is-layout-flow\">\n<h2 class=\"wp-block-heading\"><strong>DigiMed &#8211; Digitale Wertsch\u00f6pfungsketten f\u00fcr die Medizintechnik anhand der additiven Fertigung patientenspezifischer gesichtschirurgischer Implantate<\/strong><\/h2>\n<\/div>\n\n\n\n<div class=\"wp-block-column is-layout-flow wp-block-column-is-layout-flow\">\n<div class=\"wp-block-image\"><figure class=\"alignright size-medium\"><img loading=\"lazy\" decoding=\"async\" width=\"300\" height=\"260\" src=\"https:\/\/www.hsu-hh.de\/imb\/wp-content\/uploads\/sites\/677\/2022\/08\/efre-logo-gross-300x260.png\" data-credit=\"Europ\u00e4ischer Fonds f\u00fcr regionale Entwicklung\" alt=\"EFRE\" class=\"wp-image-1415\" srcset=\"https:\/\/www.hsu-hh.de\/imb\/wp-content\/uploads\/sites\/677\/2022\/08\/efre-logo-gross-300x260.png 300w, https:\/\/www.hsu-hh.de\/imb\/wp-content\/uploads\/sites\/677\/2022\/08\/efre-logo-gross.png 626w\" sizes=\"auto, (max-width: 300px) 100vw, 300px\" \/><\/figure><\/div>\n<\/div>\n<\/div>\n\n\n\n<p>Laufzeit: 01.10.2021- 31.12.2022<\/p>\n\n\n\n<p>Das gemeinsame Forschungsprojekt \u201eDigitale Wertsch\u00f6pfungsketten f\u00fcr die Medizintechnik anhand der additiven Fertigung patientenspezifischer gesichtschirurgischer Implantate (DigiMed)\u201c ist eine Kooperation des Fraunhofer IAPT mit dem Universit\u00e4tsklinikum Hamburg Eppendorf, Klinik und Poliklinik f\u00fcr Mund-Kiefer- und Gesichtschirurgie (UKE) und der Helmut-Schmidt-Universit\u00e4t \/ Hochschule der Bundeswehr (<abbr title=\"Helmut Schmidt Universit\u00e4t\">HSU<\/abbr>) und im Rahmen des F\u00f6rderprogramm REACT-EU (Recovery Assistance of Cohesion and the Territories of Europe) mit insgesamt knapp 1,5 Millionen Euro gef\u00f6rdert.<\/p>\n\n\n\n<p>Ziel des Projektes ist es, eine nachhaltige Sicherung der Patientenversorgung mit individuell angepassten Implantaten zu erreichen. Hierbei soll eine prototypische Realisierung einer durchgehend digitalen Wertsch\u00f6pfungskette f\u00fcr patientenspezifische Implantate aus der Gesichtschirurgie, die auf KI-basiert und mittels additiver Fertigung hergestellt werden. Der ausschlie\u00dfliche Input soll idealerweise aus medizinische Bilddaten bestehen, die automatisch verarbeitet in einen Output des physischen Implantats m\u00fcnden. Erstmals wird solch eine Wertsch\u00f6pfungskette entwickelt und abschlie\u00dfend demonstriert.<\/p>\n","protected":false},"excerpt":{"rendered":"<p>DigiMed &#8211; Digitale Wertsch\u00f6pfungsketten f\u00fcr die Medizintechnik anhand der additiven Fertigung patientenspezifischer gesichtschirurgischer Implantate Laufzeit: 01.10.2021- 31.12.2022 Das gemeinsame Forschungsprojekt \u201eDigitale Wertsch\u00f6pfungsketten f\u00fcr die Medizintechnik anhand der additiven Fertigung patientenspezifischer [&hellip;]<\/p>\n","protected":false},"author":2355,"featured_media":0,"parent":240,"menu_order":0,"comment_status":"closed","ping_status":"closed","template":"","meta":{"footnotes":""},"categories":[4],"tags":[],"class_list":["post-1400","page","type-page","status-publish","hentry","category-forschung"],"_links":{"self":[{"href":"https:\/\/www.hsu-hh.de\/imb\/wp-json\/wp\/v2\/pages\/1400","targetHints":{"allow":["GET"]}}],"collection":[{"href":"https:\/\/www.hsu-hh.de\/imb\/wp-json\/wp\/v2\/pages"}],"about":[{"href":"https:\/\/www.hsu-hh.de\/imb\/wp-json\/wp\/v2\/types\/page"}],"author":[{"embeddable":true,"href":"https:\/\/www.hsu-hh.de\/imb\/wp-json\/wp\/v2\/users\/2355"}],"replies":[{"embeddable":true,"href":"https:\/\/www.hsu-hh.de\/imb\/wp-json\/wp\/v2\/comments?post=1400"}],"version-history":[{"count":5,"href":"https:\/\/www.hsu-hh.de\/imb\/wp-json\/wp\/v2\/pages\/1400\/revisions"}],"predecessor-version":[{"id":1421,"href":"https:\/\/www.hsu-hh.de\/imb\/wp-json\/wp\/v2\/pages\/1400\/revisions\/1421"}],"up":[{"embeddable":true,"href":"https:\/\/www.hsu-hh.de\/imb\/wp-json\/wp\/v2\/pages\/240"}],"wp:attachment":[{"href":"https:\/\/www.hsu-hh.de\/imb\/wp-json\/wp\/v2\/media?parent=1400"}],"wp:term":[{"taxonomy":"category","embeddable":true,"href":"https:\/\/www.hsu-hh.de\/imb\/wp-json\/wp\/v2\/categories?post=1400"},{"taxonomy":"post_tag","embeddable":true,"href":"https:\/\/www.hsu-hh.de\/imb\/wp-json\/wp\/v2\/tags?post=1400"}],"curies":[{"name":"wp","href":"https:\/\/api.w.org\/{rel}","templated":true}]}}