{"id":1126,"date":"2021-07-20T14:23:50","date_gmt":"2021-07-20T12:23:50","guid":{"rendered":"https:\/\/www.hsu-hh.de\/imb\/?page_id=1126"},"modified":"2021-08-19T10:14:31","modified_gmt":"2021-08-19T08:14:31","slug":"program","status":"publish","type":"page","link":"https:\/\/www.hsu-hh.de\/imb\/en\/organized-events\/ijcai-2021-workshop-ai-and-product-design\/program","title":{"rendered":"Workshop Program"},"content":{"rendered":"\n<div class=\"wp-block-columns is-layout-flex wp-container-core-columns-is-layout-9d6595d7 wp-block-columns-is-layout-flex\">\n<div class=\"wp-block-column is-layout-flow wp-block-column-is-layout-flow\" style=\"flex-basis:66.66%\">\n<div class=\"wp-block-columns is-layout-flex wp-container-core-columns-is-layout-9d6595d7 wp-block-columns-is-layout-flex\">\n<div class=\"wp-block-column is-layout-flow wp-block-column-is-layout-flow\">\n<div class=\"wp-block-columns is-layout-flex wp-container-core-columns-is-layout-9d6595d7 wp-block-columns-is-layout-flex\">\n<div class=\"wp-block-column is-layout-flow wp-block-column-is-layout-flow\">\n<p><strong>Welcome and Introduction<\/strong> (15min)<\/p>\n\n\n\n<p>Oliver Niggemann, Frank Mantwill<\/p>\n\n\n\n<hr class=\"wp-block-separator\" \/>\n\n\n\n<p><strong>Problem Debate<\/strong> (30min)<\/p>\n\n\n\n<hr class=\"wp-block-separator\" \/>\n\n\n\n<p><strong><a href=\"https:\/\/www.hsu-hh.de\/imb\/wp-content\/uploads\/sites\/677\/2021\/08\/A-Meta-Review-on-Artificial-Intelligence-in-Product-Creation.pdf\" data-type=\"URL\" data-id=\"https:\/\/www.hsu-hh.de\/imb\/wp-content\/uploads\/sites\/677\/2021\/08\/A-Meta-Review-on-Artificial-Intelligence-in-Product-Creation.pdf\" target=\"_blank\" rel=\"noreferrer noopener\">A Meta-Review on Artificial Intelligence in Product Creation<\/a><\/strong> (20min)<\/p>\n\n\n\n<p>Ruslan Bernijazov, Alexander Dicks, Roman Dumitrescu, Marc<br>Foullois, Jonas Hanselle, Eyke H\u00fcllermeier, G\u00f6kce Karakaya, Patrick K\u00f6dding, Volker Lohweg, Manuel Malatyali, Friedhelm Meyer<br>Auf der Heide, Melina Panzner and Christian Soltenborn<\/p>\n\n\n\n<hr class=\"wp-block-separator\" \/>\n\n\n\n<p>Paper Discussion (10min)<\/p>\n\n\n\n<hr class=\"wp-block-separator\" \/>\n\n\n\n<p><strong><a href=\"https:\/\/www.hsu-hh.de\/imb\/wp-content\/uploads\/sites\/677\/2021\/08\/AI-video-editing-tools-What-editors-want-and-how-far-is-AI-from-delivering.pdf\" data-type=\"URL\" data-id=\"https:\/\/www.hsu-hh.de\/imb\/wp-content\/uploads\/sites\/677\/2021\/08\/AI-video-editing-tools-What-editors-want-and-how-far-is-AI-from-delivering.pdf\" target=\"_blank\" rel=\"noreferrer noopener\">AI video editing tools What editors want and how far is AI from<br>delivering<\/a><\/strong> (20min)<\/p>\n\n\n\n<p>Than Htut Soe<\/p>\n\n\n\n<hr class=\"wp-block-separator\" \/>\n\n\n\n<p>Paper Discussion (10min)<\/p>\n\n\n\n<hr class=\"wp-block-separator\" \/>\n\n\n\n<p><strong>Break<\/strong> (30min)<\/p>\n\n\n\n<hr class=\"wp-block-separator\" \/>\n\n\n\n<p><strong><a href=\"https:\/\/www.hsu-hh.de\/imb\/wp-content\/uploads\/sites\/677\/2021\/08\/Derivation-of-probability-based-configurations-for-early-feasibility-statements-in-the-development-of-products-with-high-variance.pdf\" data-type=\"URL\" data-id=\"https:\/\/www.hsu-hh.de\/imb\/wp-content\/uploads\/sites\/677\/2021\/08\/Derivation-of-probability-based-configurations-for-early-feasibility-statements-in-the-development-of-products-with-high-variance.pdf\" target=\"_blank\" rel=\"noreferrer noopener\">Derivation of probability-based configurations for early feasibility statements in the development of products with high variance<\/a><\/strong> (20min)<\/p>\n\n\n\n<p>Niels Demke, Florian Tichla, J\u00f6rn Z\u00fchlke, Thorsten Schmidt<br>and Frank Mantwill<\/p>\n\n\n\n<hr class=\"wp-block-separator\" \/>\n\n\n\n<p>Paper Discussion (10min)<\/p>\n\n\n\n<hr class=\"wp-block-separator\" \/>\n\n\n\n<p><strong><a href=\"https:\/\/www.hsu-hh.de\/imb\/wp-content\/uploads\/sites\/677\/2021\/08\/Problem-examination-for-AI-methods-in-conceptual-product-design.pdf\" data-type=\"URL\" data-id=\"https:\/\/www.hsu-hh.de\/imb\/wp-content\/uploads\/sites\/677\/2021\/08\/Problem-examination-for-AI-methods-in-conceptual-product-design.pdf\" target=\"_blank\" rel=\"noreferrer noopener\">Problem examination for AI methods in conceptual product design<\/a><\/strong> (20min)<\/p>\n\n\n\n<p>Philipp Rosenthal and Oliver Niggemann<\/p>\n\n\n\n<hr class=\"wp-block-separator\" \/>\n\n\n\n<p>Paper Discussion (10min)<\/p>\n\n\n\n<hr class=\"wp-block-separator\" \/>\n\n\n\n<p><strong>Break<\/strong> (15min)<\/p>\n\n\n\n<hr class=\"wp-block-separator\" \/>\n\n\n\n<p><strong>Workshop conclusion and survey\/outlook<\/strong> (30min)<\/p>\n\n\n\n<p>Oliver Niggemann, Frank Mantwill<\/p>\n<\/div>\n<\/div>\n<\/div>\n<\/div>\n<\/div>\n\n\n\n<div class=\"wp-block-column is-layout-flow wp-block-column-is-layout-flow\" style=\"flex-basis:33.33%\">\n<h2 class=\"wp-block-heading\">Quick Links<\/h2>\n\n\n\n<p><a href=\"https:\/\/www.hsu-hh.de\/imb\/en\/ijcai-2021-workshop-ai-and-product-design\" data-type=\"page\">Home<\/a><\/p>\n\n\n\n<p><a href=\"https:\/\/www.hsu-hh.de\/imb\/en\/ijcai-2021-workshop-ai-in-product-design\/call-for-contributions\" data-type=\"page\" data-id=\"923\">Call for Contributions<\/a><\/p>\n\n\n\n<p><a href=\"https:\/\/www.hsu-hh.de\/imb\/en\/ijcai-2021-workshop-ai-and-product-design\/workshop-committees\" data-type=\"page\" data-id=\"933\">Workshop Committees<\/a><\/p>\n\n\n\n<p>Workshop Program<\/p>\n<\/div>\n<\/div>\n\n\n\n<p><\/p>\n","protected":false},"excerpt":{"rendered":"<p>Welcome and Introduction (15min) Oliver Niggemann, Frank Mantwill Problem Debate (30min) A Meta-Review on Artificial Intelligence in Product Creation (20min) Ruslan Bernijazov, Alexander Dicks, Roman Dumitrescu, MarcFoullois, Jonas Hanselle, Eyke [&hellip;]<\/p>\n","protected":false},"author":2355,"featured_media":0,"parent":917,"menu_order":0,"comment_status":"closed","ping_status":"closed","template":"","meta":{"footnotes":""},"categories":[7],"tags":[],"class_list":["post-1126","page","type-page","status-publish","hentry","category-research"],"_links":{"self":[{"href":"https:\/\/www.hsu-hh.de\/imb\/wp-json\/wp\/v2\/pages\/1126","targetHints":{"allow":["GET"]}}],"collection":[{"href":"https:\/\/www.hsu-hh.de\/imb\/wp-json\/wp\/v2\/pages"}],"about":[{"href":"https:\/\/www.hsu-hh.de\/imb\/wp-json\/wp\/v2\/types\/page"}],"author":[{"embeddable":true,"href":"https:\/\/www.hsu-hh.de\/imb\/wp-json\/wp\/v2\/users\/2355"}],"replies":[{"embeddable":true,"href":"https:\/\/www.hsu-hh.de\/imb\/wp-json\/wp\/v2\/comments?post=1126"}],"version-history":[{"count":19,"href":"https:\/\/www.hsu-hh.de\/imb\/wp-json\/wp\/v2\/pages\/1126\/revisions"}],"predecessor-version":[{"id":1225,"href":"https:\/\/www.hsu-hh.de\/imb\/wp-json\/wp\/v2\/pages\/1126\/revisions\/1225"}],"up":[{"embeddable":true,"href":"https:\/\/www.hsu-hh.de\/imb\/wp-json\/wp\/v2\/pages\/917"}],"wp:attachment":[{"href":"https:\/\/www.hsu-hh.de\/imb\/wp-json\/wp\/v2\/media?parent=1126"}],"wp:term":[{"taxonomy":"category","embeddable":true,"href":"https:\/\/www.hsu-hh.de\/imb\/wp-json\/wp\/v2\/categories?post=1126"},{"taxonomy":"post_tag","embeddable":true,"href":"https:\/\/www.hsu-hh.de\/imb\/wp-json\/wp\/v2\/tags?post=1126"}],"curies":[{"name":"wp","href":"https:\/\/api.w.org\/{rel}","templated":true}]}}