{"id":572,"date":"2018-05-07T20:02:39","date_gmt":"2018-05-07T18:02:39","guid":{"rendered":"https:\/\/www.hsu-hh.de\/ifi\/?page_id=572"},"modified":"2018-05-07T20:04:07","modified_gmt":"2018-05-07T18:04:07","slug":"hotframe","status":"publish","type":"page","link":"https:\/\/www.hsu-hh.de\/ifi\/en\/hotframe","title":{"rendered":"HotFrame &#8211; Heuristic OpTimization FRAMEwork"},"content":{"rendered":"<p>HotFrame is a framework with reusable C++ software components in the metaheuristics domain. For the description of the general design we refer to the references below (in particular <a href=\"https:\/\/www.bwl.uni-hamburg.de\/iwi\/forschung\/projekte\/osl-hotframe.pdf\" rel='nofollow'>this pdf<\/a>). Please note that, firstly, HotFrame has not been under active development since some years (the latest snapshot is from the year 2008, yet the code has mainly been developed until the year 2003), and, secondly, requires profound knowledge of C++ (incl. templates) to use it for a new application.<\/p>\n<p>Download: <a href=\"https:\/\/www.hsu-hh.de\/ifi\/en\/hotframemtsp-2008-06-07\">HotFrame Source Code (2008-06-07)<\/a><\/p>\n<p>Selected References:<\/p>\n<ul>\n<li>A. Fink, S. Vo\u00df: HotFrame: A Heuristic Optimization Framework (mit S. Vo\u00df). In: S. Vo\u00df and D.L. Woodruff (eds.), <a href=\"http:\/\/www.wkap.nl\/prod\/b\/1-4020-7002-0\" rel='nofollow'>Optimization Software Class Libraries<\/a>, Kluwer, Boston (2002), 81-154. [<a href=\"https:\/\/www.bwl.uni-hamburg.de\/iwi\/forschung\/projekte\/osl-hotframe.pdf\" rel='nofollow'>pdf<\/a>]<\/li>\n<li>A. Fink, S. Vo\u00df: Anwendung von Metaheuristiken zur L\u00f6sung betrieblicher Planungsprobleme &#8211; Potenziale und Grenzen einer softwaretechnischen Unterst\u00fctzung (in German). Wirtschaftsinformatik 45 (2003) 4, 395-407.<\/li>\n<li>A. Fink: Software-Wiederverwendung bei der L\u00f6sung von Planungsproblemen mittels Meta-Heuristiken, Shaker, Aachen (2000) (zugleich: Dissertation, Technische Universit\u00e4t Braunschweig).<\/li>\n<li>A. Fink, S. Vo\u00df: HOTFRAME &#8211; Heuristische L\u00f6sung diskreter Planungsprobleme mittels wiederverwendbarer Software-Komponenten. OR News 4\/98, 18-24. [<a href=\"https:\/\/www.bwl.uni-hamburg.de\/iwi\/forschung\/projekte\/ornews.pdf\" rel='nofollow'>pdf<\/a>]<\/li>\n<\/ul>\n","protected":false},"excerpt":{"rendered":"<p>HotFrame is a framework with reusable C++ software components in the metaheuristics domain. For the description of the general design we refer to the references below (in particular this pdf). [&hellip;]<\/p>\n","protected":false},"author":43,"featured_media":0,"parent":0,"menu_order":0,"comment_status":"closed","ping_status":"closed","template":"","meta":{"footnotes":""},"categories":[7],"tags":[],"class_list":["post-572","page","type-page","status-publish","hentry","category-research"],"_links":{"self":[{"href":"https:\/\/www.hsu-hh.de\/ifi\/wp-json\/wp\/v2\/pages\/572","targetHints":{"allow":["GET"]}}],"collection":[{"href":"https:\/\/www.hsu-hh.de\/ifi\/wp-json\/wp\/v2\/pages"}],"about":[{"href":"https:\/\/www.hsu-hh.de\/ifi\/wp-json\/wp\/v2\/types\/page"}],"author":[{"embeddable":true,"href":"https:\/\/www.hsu-hh.de\/ifi\/wp-json\/wp\/v2\/users\/43"}],"replies":[{"embeddable":true,"href":"https:\/\/www.hsu-hh.de\/ifi\/wp-json\/wp\/v2\/comments?post=572"}],"version-history":[{"count":13,"href":"https:\/\/www.hsu-hh.de\/ifi\/wp-json\/wp\/v2\/pages\/572\/revisions"}],"predecessor-version":[{"id":589,"href":"https:\/\/www.hsu-hh.de\/ifi\/wp-json\/wp\/v2\/pages\/572\/revisions\/589"}],"wp:attachment":[{"href":"https:\/\/www.hsu-hh.de\/ifi\/wp-json\/wp\/v2\/media?parent=572"}],"wp:term":[{"taxonomy":"category","embeddable":true,"href":"https:\/\/www.hsu-hh.de\/ifi\/wp-json\/wp\/v2\/categories?post=572"},{"taxonomy":"post_tag","embeddable":true,"href":"https:\/\/www.hsu-hh.de\/ifi\/wp-json\/wp\/v2\/tags?post=572"}],"curies":[{"name":"wp","href":"https:\/\/api.w.org\/{rel}","templated":true}]}}