{"id":500,"date":"2018-02-16T11:00:17","date_gmt":"2018-02-16T10:00:17","guid":{"rendered":"https:\/\/www.hsu-hh.de\/ifi\/?page_id=500"},"modified":"2020-07-22T18:17:03","modified_gmt":"2020-07-22T16:17:03","slug":"seminar-softwareentwicklung","status":"publish","type":"page","link":"https:\/\/www.hsu-hh.de\/ifi\/lehre\/seminar-softwareentwicklung","title":{"rendered":"Seminar Softwareentwicklung"},"content":{"rendered":"<p><strong>Kursnummer: <\/strong>23624 (Modulnr. WS16B16)<br \/>\n<strong>Dozent: <\/strong><a href=\"\/ifi\/team\/fink\/\" rel='nofollow'>Andreas Fink<\/a><br \/>\n<strong>Studiengang: <\/strong><abbr title=\"Betriebswirtschaftslehre\">BWL<\/abbr> (Wahlpflicht, B.Sc., 6. Trimester)<br \/>\n<strong>Termine:<\/strong> n.V. s.u.<br \/>\n<strong>Ilias-Kurs:<\/strong> <a href=\"https:\/\/ilias.hsu-hh.de\/goto_unibw_crs_260069.html\" rel='nofollow'>https:\/\/ilias.hsu-hh.de\/goto_unibw_crs_260069.html<\/a><\/p>\n<p>Das Seminar dient der Vertiefung und Erweiterung ausgew\u00e4hlter Inhalte im Zusammenhang mit dem korrespondierenden Komplement\u00e4rfachmodul &#8222;Softwareentwicklung&#8220; sowie weiterer Themen aus der Wirtschaftsinformatik. Gem\u00e4\u00df Pr\u00fcfungsordnung ist die Belegung des Komplement\u00e4rfachmoduls &#8222;Softwareentwicklung&#8220; eine Voraussetzung f\u00fcr die Seminarteilnahme.<\/p>\n<p>Grundlegende Hinweise zum Seminar (<abbr title=\"inclusive\">inkl.<\/abbr> Themenauswahl) finden sich in der Datei &#8222;Seminar SE 2020&#8220; im zugeh\u00f6rigen <a href=\"https:\/\/ilias.hsu-hh.de\/goto_unibw_crs_260069.html\" rel='nofollow'>Ilias-Dateibereich<\/a>.<\/p>\n<ul>\n<li>Themenvergabe und erste Einf\u00fchrung: 15.04.2020 (Teams-Videokonferenz 11:30 Uhr)<\/li>\n<li>Eine weitere Einf\u00fchrungsveranstaltung ist f\u00fcr Ende April geplant (n.V., Teams-Videokonferenz)<\/li>\n<li>Individuelle Termine zur Besprechung von Gliederung, Literatur sowie inhaltlichen und formalen Fragen<\/li>\n<li>Fertigstellung Seminararbeit (Umfang 12 bis 15 Seiten); sp\u00e4tester Abgabetermin: 23. Juli (wurde verl\u00e4ngert in Absprache aufgrund der besonderen Rahmenbedingungen\/Klausursituation)<\/li>\n<li>Vortr\u00e4ge (je 25-30 Minuten Pr\u00e4sentation zzgl. 10-15 Minuten Zeit f\u00fcr Fragen\/Diskussion, im Rahmen einer Teams-Videokonferenz im entsprechenden Kanal im Team &#8222;Modul Softwareentwicklung 2020&#8220;): Fr. 24. Juli 2020, ab 09:00 Uhr<\/li>\n<\/ul>\n<\/ul>\n<p>Zu beachten sind die Empfehlungen der Professur f\u00fcr die formale Gestaltung wissenschaftlicher Arbeiten im Studium.<\/p>\n<div class=\"col-xs-12 downloads-item\">\n<div class=\"row border-line\">\n<div class=\"thumbnail-area\"><img decoding=\"async\" class=\"download-image\" src=\"\/wp-content\/themes\/hsu\/img\/dummy\/downloads_dummy.png\" alt=\"\" \/><\/div>\n<div class=\"text-area\"><span class=\"download-text\">Empfehlungen f\u00fcr die formale Gestaltung wissenschaftlicher Arbeiten im Studium<\/span><\/div>\n<div class=\"download-area\"><a class=\"download-link\" href=\"https:\/\/www.hsu-hh.de\/ifi\/wp-content\/uploads\/sites\/697\/2017\/10\/Formale_Richtlinien_2016.pdf\"><span class=\"download-name\">pdf laden<\/span><span class=\"donwload-icon\"><img decoding=\"async\" class=\"download-icon\" src=\"\/wp-content\/themes\/hsu\/img\/icons\/download_icon.png\" alt=\"download icon\" \/><\/span><span class=\"download-size\">232 KB<\/span><\/a><\/div>\n<\/div>\n<\/div>\n","protected":false},"excerpt":{"rendered":"<p>Kursnummer: 23624 (Modulnr. WS16B16) Dozent: Andreas Fink Studiengang: BWL (Wahlpflicht, B.Sc., 6. Trimester) Termine: n.V. s.u. Ilias-Kurs: https:\/\/ilias.hsu-hh.de\/goto_unibw_crs_260069.html Das Seminar dient der Vertiefung und Erweiterung ausgew\u00e4hlter Inhalte im Zusammenhang mit [&hellip;]<\/p>\n","protected":false},"author":43,"featured_media":0,"parent":148,"menu_order":120,"comment_status":"closed","ping_status":"closed","template":"","meta":{"footnotes":""},"categories":[6],"tags":[],"class_list":["post-500","page","type-page","status-publish","hentry","category-lehre"],"_links":{"self":[{"href":"https:\/\/www.hsu-hh.de\/ifi\/wp-json\/wp\/v2\/pages\/500","targetHints":{"allow":["GET"]}}],"collection":[{"href":"https:\/\/www.hsu-hh.de\/ifi\/wp-json\/wp\/v2\/pages"}],"about":[{"href":"https:\/\/www.hsu-hh.de\/ifi\/wp-json\/wp\/v2\/types\/page"}],"author":[{"embeddable":true,"href":"https:\/\/www.hsu-hh.de\/ifi\/wp-json\/wp\/v2\/users\/43"}],"replies":[{"embeddable":true,"href":"https:\/\/www.hsu-hh.de\/ifi\/wp-json\/wp\/v2\/comments?post=500"}],"version-history":[{"count":38,"href":"https:\/\/www.hsu-hh.de\/ifi\/wp-json\/wp\/v2\/pages\/500\/revisions"}],"predecessor-version":[{"id":1285,"href":"https:\/\/www.hsu-hh.de\/ifi\/wp-json\/wp\/v2\/pages\/500\/revisions\/1285"}],"up":[{"embeddable":true,"href":"https:\/\/www.hsu-hh.de\/ifi\/wp-json\/wp\/v2\/pages\/148"}],"wp:attachment":[{"href":"https:\/\/www.hsu-hh.de\/ifi\/wp-json\/wp\/v2\/media?parent=500"}],"wp:term":[{"taxonomy":"category","embeddable":true,"href":"https:\/\/www.hsu-hh.de\/ifi\/wp-json\/wp\/v2\/categories?post=500"},{"taxonomy":"post_tag","embeddable":true,"href":"https:\/\/www.hsu-hh.de\/ifi\/wp-json\/wp\/v2\/tags?post=500"}],"curies":[{"name":"wp","href":"https:\/\/api.w.org\/{rel}","templated":true}]}}