{"id":387,"date":"2017-11-22T13:41:07","date_gmt":"2017-11-22T12:41:07","guid":{"rendered":"https:\/\/www.hsu-hh.de\/ifi\/?page_id=387"},"modified":"2022-03-31T11:24:19","modified_gmt":"2022-03-31T09:24:19","slug":"softwareentwicklung-i","status":"publish","type":"page","link":"https:\/\/www.hsu-hh.de\/ifi\/lehre\/softwareentwicklung-i","title":{"rendered":"Softwareentwicklung I"},"content":{"rendered":"<p><strong>Kursnummer: <\/strong>23518 (Modulnummer WS15B11.1, 2 TWS)<br \/>\n<strong> Dozent: <\/strong><a href=\"\/ifi\/team\/fink\/\" rel='nofollow'>Andreas Fink<\/a><br \/>\n<strong> Studiengang: <\/strong><abbr title=\"Betriebswirtschaftslehre\">BWL<\/abbr> (Wahlpflicht, B.Sc., 5. Trimester)<br \/>\n<strong> Termine: <\/strong>erste Veranstaltung planm\u00e4\u00dfig am Mo., 6. Jan., 09:45 Uhr, weitere Termine nach Absprache (s.u.)<br \/>\n<strong> Raum: <\/strong><abbr title=\"Personal Computer\">PC<\/abbr>-Labor <abbr title=\"Wirtschafts- und Sozialwissenschaften\">WiSo<\/abbr> (Raum 2161, Geb. H1)<br \/>\n<strong>Pr\u00fcfung: <\/strong> Klausur (60 Minuten, <strong>Do. 28.05.2020, 13:00-14:00, Aula R 3<\/strong>)<br \/>\n<strong> Ilias-Kurs: <\/strong> <a href=\"https:\/\/ilias.hsu-hh.de\/goto_unibw_crs_244402.html\" rel='nofollow'>https:\/\/ilias.hsu-hh.de\/goto_unibw_crs_244402.html<\/a><\/p>\n<p>Unterst\u00fctzt wird die Lehrveranstaltung durch den wissenschaftlichen Mitarbeiter <a href=\"\/ifi\/team\/gerhards\/\" rel='nofollow'>P. Gerhards<\/a> (optionaler Begleitkurs n.V. zur Unterst\u00fctzung bei den \u00dcbungsaufgaben). Besondere Voraussetzungen f\u00fcr die Teilnehmer gibt es nicht; insbesondere werden keine Programmierkenntnisse vorausgesetzt.<\/p>\n<p>Ablauf:<br \/>\nMo., 06.01.2020: 9:45-11:25 Uhr (LE 1)<br \/>\nMo., 13.01.2020: 9:45-11:15 Uhr (LE 2 (erster Teil))<br \/>\nMo., 20.01.2020: 9:45-11:15 Uhr (Aufgabenblatt 1 (1. Aufgabe), LE 2 (Rest))<br \/>\nMo., 27.01.2020: 9:45-11:15 Uhr (Aufgabenblatt 1 (2., 3., 4. Aufgabe), LE 3 (bis Folie 14)<br \/>\nMo., 03.02.2020: 9:45-11:15 Uhr (Aufgabenblatt 2, Fortsetzung LE 3 (Fehler, Schleifen))<br \/>\nMo., 10.02.2020: 9:45-11:15 Uhr (Aufgabenblatt 3, Rest LE 3 (Arrays, foreach, Sprunganweisungen))<br \/>\nMo., 17.02.2020: 9:45-11:15 Uhr (Beispielklausur Aufgabe 2, LE 4)<br \/>\nMo., 24.02.2020: 9:45-11:20 Uhr (Aufgabenblatt 4)<br \/>\nMo., 02.03.2020: 9:45-11:20 Uhr (Aufgabenblatt 5, Einstieg LE 5)<br \/>\nDi., 03.03.2020: 15:00-16:45 Uhr, Raum 2129 (H1) (LE 5)<br \/>\n<s>Mo., 16.03.2020: 9:45-11:15 Uhr<\/s> (verschoben) (Aufgabenblatt 6)<\/p>\n<p><s>Mi. 18.03.2020, 08:30-09:30, Raum 110 (H1)<\/s> (verschoben): Klausur<\/p>\n<p><strong>Hinweise zum Fortgang\/Abschluss der Veranstaltung:<\/strong><\/p>\n<ul>\n<li>Die Klausurpr\u00fcfung wird \u2013 Stand heute \u2013 fr\u00fchestens ab dem 14.04.2020 stattfinden k\u00f6nnen. Eine verbindliche Ank\u00fcndigung w\u00fcrde in diesem Fall rechtzeitig erfolgen. Die zentrale Planung hierzu l\u00e4uft und ist abh\u00e4ngig von der weiteren Entwicklung.<\/li>\n<li>Klausurrelevant sind die behandelten Vorlesungsinhalte (<abbr title=\"vergleiche\">vgl.<\/abbr> Foliens\u00e4tze LE 1 bis LE 5 (Letzteres exkl. Vererbung und Generics) sowie die Aufgabenbl\u00e4tter 1 bis 6 (bei Letzterem nur Aufgabe 1). F\u00fcr alle \u00dcbungsbl\u00e4tter stehen Musterl\u00f6sungen im Dateibereich zur Verf\u00fcgung.<\/li>\n<li>Es ist noch nicht absehbar, ob Gelegenheit besteht, den am 16.03.2020 ausgefallenen Termin vor der Klausur an einem anderen Termin durchzuf\u00fchren. Sofern Fragen zu den Inhalten der Lehrveranstaltung und den Aufgabenbl\u00e4ttern bestehen, bitte den Dozenten gerne per E-Mail kontaktieren.<\/li>\n<\/ul>\n<p>Software\/Lizenz f\u00fcr die Vollversion von Microsoft Visual Studio 2019 per \u201eMicrosoft Azure Dev Tools f\u00fcr den Unterricht\u201c unter <a href=\"https:\/\/webbox.hsu-hh.de\/rz\/index_l0CSoMVp3q9wmXXS.html\" rel='nofollow'>https:\/\/webbox.hsu-hh.de\/rz\/index_l0CSoMVp3q9wmXXS.html<\/a> (Zugang im <abbr title=\"Helmut-Schmidt-Universit\u00e4t\">HSU<\/abbr>-Netz).<br \/>\nAlternativ <abbr title=\"zum Beispiel\">z.B.<\/abbr> Verwendung der <a href=\"https:\/\/visualstudio.microsoft.com\/de\/vs\/compare\/\" rel='nofollow'>der Visual Studio Community Edition<\/a>.<\/p>\n<p><strong>Qualifikationsziele (Gesamtmodul):<\/strong> Die Studierenden<\/p>\n<ul>\n<li>k\u00f6nnen Softwareentwicklungsprojekte gem\u00e4\u00df zweckm\u00e4\u00dfiger Vorgehensmodelle systematisch angehen,<\/li>\n<li>beherrschen Grundlagen der objektorientierten Programmierung und k\u00f6nnen unter Verwendung moderner Softwarewerkzeuge Programme zur L\u00f6sung abgegrenzter Problemstellungen entwickeln,<\/li>\n<li>und beherrschen ausgew\u00e4hlte Methoden zur Gestaltung verteilter, dienstorientierter und webbasierter Anwendungssysteme im Anwendungsbereich Wirtschaft und Verwaltung.<\/li>\n<\/ul>\n<p>&nbsp;<br \/>\n<strong>Inhalte:<\/strong> Zun\u00e4chst (<abbr title=\"Wintertrimester\">WT<\/abbr> 2020) erfolgt eine Einf\u00fchrung in das Programmieren mit der objektorientierten Programmiersprache C# (\u00e4hnlich Java). Im Folgetrimester (<abbr title=\"Fr\u00fchjahrstrimester\">FT<\/abbr> 2020) werden die Inhalte vertieft, was insbesondere im Rahmen von kleingruppenbasierter Softwareprojektarbeit erfolgt. Im <abbr title=\"Fr\u00fchjahrstrimester\">FT<\/abbr> 2020 ist au\u00dferdem die Anfertigung einer <abbr title=\"Betriebswirtschaftslehre\">BWL<\/abbr>-Seminararbeit m\u00f6glich (optional).<\/p>\n<p><strong>Gliederung (Softwareentwicklung I):<\/strong><\/p>\n<ul>\n<li>Einf\u00fchrung in Vorgehensmodelle der Softwareentwicklung und Softwareprojektmanagement [LE 1]<\/li>\n<li>Programmiersprachliche Basiselemente (Variablen, Datentypen, Wert-\/Referenztypen, Operatoren, Ausdr\u00fccke, Kontrollstrukturen, Methoden) [LE 2, LE 3]<\/li>\n<li>Elementare Datenstrukturen und Algorithmen [LE 4]<\/li>\n<li>Grundlagen objektorientierter Programmierung [LE 5]<\/li>\n<\/ul>\n","protected":false},"excerpt":{"rendered":"<p>Kursnummer: 23518 (Modulnummer WS15B11.1, 2 TWS) Dozent: Andreas Fink Studiengang: BWL (Wahlpflicht, B.Sc., 5. Trimester) Termine: erste Veranstaltung planm\u00e4\u00dfig am Mo., 6. Jan., 09:45 Uhr, weitere Termine nach Absprache (s.u.) [&hellip;]<\/p>\n","protected":false},"author":43,"featured_media":0,"parent":148,"menu_order":0,"comment_status":"closed","ping_status":"closed","template":"","meta":{"footnotes":""},"categories":[6],"tags":[],"class_list":["post-387","page","type-page","status-publish","hentry","category-lehre"],"_links":{"self":[{"href":"https:\/\/www.hsu-hh.de\/ifi\/wp-json\/wp\/v2\/pages\/387","targetHints":{"allow":["GET"]}}],"collection":[{"href":"https:\/\/www.hsu-hh.de\/ifi\/wp-json\/wp\/v2\/pages"}],"about":[{"href":"https:\/\/www.hsu-hh.de\/ifi\/wp-json\/wp\/v2\/types\/page"}],"author":[{"embeddable":true,"href":"https:\/\/www.hsu-hh.de\/ifi\/wp-json\/wp\/v2\/users\/43"}],"replies":[{"embeddable":true,"href":"https:\/\/www.hsu-hh.de\/ifi\/wp-json\/wp\/v2\/comments?post=387"}],"version-history":[{"count":101,"href":"https:\/\/www.hsu-hh.de\/ifi\/wp-json\/wp\/v2\/pages\/387\/revisions"}],"predecessor-version":[{"id":2464,"href":"https:\/\/www.hsu-hh.de\/ifi\/wp-json\/wp\/v2\/pages\/387\/revisions\/2464"}],"up":[{"embeddable":true,"href":"https:\/\/www.hsu-hh.de\/ifi\/wp-json\/wp\/v2\/pages\/148"}],"wp:attachment":[{"href":"https:\/\/www.hsu-hh.de\/ifi\/wp-json\/wp\/v2\/media?parent=387"}],"wp:term":[{"taxonomy":"category","embeddable":true,"href":"https:\/\/www.hsu-hh.de\/ifi\/wp-json\/wp\/v2\/categories?post=387"},{"taxonomy":"post_tag","embeddable":true,"href":"https:\/\/www.hsu-hh.de\/ifi\/wp-json\/wp\/v2\/tags?post=387"}],"curies":[{"name":"wp","href":"https:\/\/api.w.org\/{rel}","templated":true}]}}