{"id":3592,"date":"2025-03-02T11:40:54","date_gmt":"2025-03-02T10:40:54","guid":{"rendered":"https:\/\/www.hsu-hh.de\/ifi\/?page_id=3592"},"modified":"2026-03-18T10:57:20","modified_gmt":"2026-03-18T09:57:20","slug":"stieber","status":"publish","type":"page","link":"https:\/\/www.hsu-hh.de\/ifi\/stieber","title":{"rendered":"Dr. rer. nat. Anke Stieber"},"content":{"rendered":"<div>\n<div class=\"clearfix\">\u00a0<\/div>\n<div class=\"ansprechparter-container\">\n<div class=\"row ansprechpartner-item ansprechparter-header\">\n<div class=\"col-xs-8 col-lg-12\" style=\"margin-bottom: 30px\">\n<h3 class=\"ansprechparter-headline\">\u00a0<\/h3>\n<\/div>\n<div class=\"col-md-4 col-lg-3 col-xs-4 ansprechpartner-item floatright img-circle center-block\" style=\"margin-bottom: 30px\">\n<div class=\"img-responsive-wrapper\">\u00a0<\/div>\n<\/div>\n<div class=\"col-md-12 col-lg-3 col-xs-12 ansprechpartner-item kontakt floatright\" style=\"margin-bottom: 30px\">\n<div class=\"row\">\n<div class=\"col-xs-12 col-sm-6 col-lg-12\">\n<div class=\"row\">\n<div class=\"col-xs-12 col-lg-4 row-text bold\">Raum:<\/div>\n<div class=\"col-xs-12 col-lg-8 row-text\">2130<\/div>\n<\/div>\n<\/div>\n<div class=\"col-xs-12 col-sm-6 col-lg-12\">\n<div class=\"row\">\n<div class=\"col-xs-12 col-lg-4 row-text bold\">Telefon:<\/div>\n<div class=\"col-xs-12 col-lg-8 row-text\">(040) 6541-2321<\/div>\n<\/div>\n<\/div>\n<div class=\"col-xs-12 col-sm-6 col-lg-12\">\n<div class=\"row\">\n<div class=\"col-xs-12 col-lg-4 row-text bold\">Fax:<\/div>\n<div class=\"col-xs-12 col-lg-8 row-text\">(040) 6541-3638<\/div>\n<\/div>\n<\/div>\n<div class=\"col-xs-12 col-sm-6 col-lg-12\">\n<div class=\"row\">\n<div class=\"col-xs-12 col-md-12 row-text bold\">E-Mail:<\/div>\n<div class=\"col-xs-12 col-md-12 row-text\"><a href=\"mailto:anke.stieber@hsu-hh.de\" rel='nofollow'>anke.stieber@hsu-hh.de<\/a><\/div>\n<div>\u00a0<\/div>\n<\/div>\n<\/div>\n<\/div>\n<\/div>\n<div class=\"col-md-6 col-lg-3 col-xs-12 ansprechpartner-item anschrift floatright\">\n<div class=\"row-headline\">Besucheranschrift<\/div>\n<div class=\"row-text\">Helmut-Schmidt-Universit\u00e4t<\/div>\n<div class=\"row-text\">Geb\u00e4ude H1<\/div>\n<div class=\"row-text\">Holstenhofweg 85<\/div>\n<div class=\"row-text\">22043 Hamburg<\/div>\n<\/div>\n<div class=\"col-md-6 col-lg-3 col-xs-12 ansprechpartner-item anschrift floatright\">\n<div class=\"row-headline\">Postanschrift<\/div>\n<div class=\"row-text\">Helmut-Schmidt-Universit\u00e4t<\/div>\n<div class=\"row-text\">Institut f\u00fcr Wirtschaftsinformatik<\/div>\n<div class=\"row-text\">Fakult\u00e4t <abbr title=\"Wirtschafts- und Sozialwissenschaften\">WiSo<\/abbr><\/div>\n<div class=\"row-text\">Postfach 70 08 22<\/div>\n<div class=\"row-text\">22008 Hamburg<\/div>\n<div>\u00a0<\/div>\n<\/div>\n<div>\u00a0<\/div>\n<\/div>\n<\/div>\n<div class=\"clearfix\">\u00a0<\/div>\n<\/div>\n\n\n<h2 class=\"wp-block-heading has-medium-font-size\">Publikationen und Monographien<\/h2>\n\n\n\n<p>M. I. Ciolacu, I. Fries, A. Stieber, B. Leipold, U. Lechner, <em>AI and Digital Sovereignty Framework: Conceptual Foundations for Responsible Individuals in the Age of AI<\/em>, (under review)<\/p>\n\n\n\n<p>A. Stieber, A. Fink, <em>Modeling and Solving Workflow Scheduling Problems on Shared Computing Units with Makespan and Energy Cost Objectives<\/em>, (under review)<\/p>\n\n\n\n<p>A. Stieber, <em>Bounds for the Online Moving Target Traveling Salesperson Problem on the Line<\/em>, (under review)<\/p>\n\n\n\n<p>A. Stieber, <em>Digitalisierung und intelligente Technologien in der Hochschulbildung<\/em>, (under review)<\/p>\n\n\n\n<p>A. Stieber, <em>The Multiple Traveling Salesperson Problem with Moving Targets<\/em>, Dissertationsschrift, Brandenburgische Technische Universit\u00e4t Cottbus-Senftenberg, 2022, <a href=\"https:\/\/doi.org\/10.26127\/BTUOpen-6110\" rel='nofollow'>https:\/\/doi.org\/10.26127\/BTUOpen-6110<\/a><\/p>\n\n\n\n<p>A. Stieber, A. F\u00fcgenschuh, <em>Dealing with Time in the Multiple Traveling Salespersons Problem with Moving Targets<\/em>, Central European Journal of Operational Research: Volume 30, Issue 3 (2022), Open Access 16. Oktober 2020, <a href=\"https:\/\/doi.org\/10.1007\/s10100-020-00712-7\" rel='nofollow'>https:\/\/doi.org\/10.1007\/s10100-020-00712-7<\/a><\/p>\n\n\n\n<p>A. F\u00fcgenschuh, H. Homfeld, M. Johann, H. Sch\u00fclldorf, A. Stieber, <em>Use of Optimization Tools for Routing in Rail Freight Transport<\/em>, Buchkapitel in: R. Bornd\u00f6rfer, T. Klug, L. Lamorgese, C. Mannino, M. Reuther, T. Schlechte (eds.) Booktitle: Handbook of Optimization in the Railway Industry, vol 268, Springer International Publishing AG (2018), <a href=\"https:\/\/doi.org\/10.1007\/978-3-319-72153-8_8\" rel='nofollow'>https:\/\/doi.org\/10.1007\/978-3-319-72153-8_8<\/a><\/p>\n\n\n\n<p>A. Stieber, A. F\u00fcgenschuh, <em>The Multiple Traveling Salesmen Problem with Moving Targets and Nonlinear Trajectories<\/em>, Operations Research Proceedings 2017, <a href=\"https:\/\/doi.org\/10.1007\/978-3-319-89920-6_65\" rel='nofollow'>https:\/\/doi.org\/10.1007\/978-3-319-89920-6_65<\/a><\/p>\n\n\n\n<p>A. Stieber, A. F\u00fcgenschuh, M. Epp, M. Knapp, H. Rothe, <em>The Multiple Traveling Salesmen Problem with Moving Targets<\/em>, Optimization Letters: Volume 9, Issue 8 (2015), <a href=\"https:\/\/doi.org\/10.1007\/s11590-014-0835-6\" rel='nofollow'>https:\/\/doi.org\/10.1007\/s11590-014-0835-6<\/a><\/p>\n\n\n\n<p>A. Stieber, J. Schneider, B. Nickolay, J. Kr\u00fcger, <em>A Contour Matching Algorithm to Reconstruct Ruptured Documents<\/em>, In: Goesele, M., Roth, S., Kuijper, A., Schiele, B., Schindler, K. (eds.) Pattern Recognition. LNCS, vol. 6376, pp 121\u2013130, DAGM 2010, Springer, Berlin, Heidelberg (2010), <a href=\"https:\/\/doi.org\/10.1007\/978-3-642-15986-2_13\" rel='nofollow'>https:\/\/doi.org\/10.1007\/978-3-642-15986-2_13<\/a><\/p>\n\n\n\n<p>A. Reuter, <em>Kombinatorische Auktionen und ihre Anwendungen im Schienenverkehr<\/em>, Diplomarbeit bei Martin Gr\u00f6tschel, Institut f\u00fcr Mathematik der Fakult\u00e4t II der Technischen Universit\u00e4t Berlin, 2005<\/p>\n\n\n\n<h2 class=\"wp-block-heading has-medium-font-size\">Vortr\u00e4ge<\/h2>\n\n\n\n<p>The Multiple Traveling Salesperson Problem with Moving Targets<br>Brandenburgische Technische Universit\u00e4t Cottbus-Senftenberg, 13.09.2022<\/p>\n\n\n\n<p>Handling Infeasible Instances for the Multiple Traveling Salespersons Problem with Moving Targets<br>EURO2019, Dublin 26.06.2019<\/p>\n\n\n\n<p>Modeling variants for the Multiple Traveling Salesmen Problem with Moving Targets<br>OR 2017, Berlin 06.09.2017<\/p>\n\n\n\n<p>The Multiple Traveling Salesmen Problem with Moving Targets<br>IFORS 2014, Barcelona 15.07.2014<\/p>\n\n\n\n<p>\u201eE-Puzzler\u201c Technology and Application of the Virtual Reconstruction<br>Posterpr\u00e4sentation, DAGM 2010, Darmstadt 22.09.2010<\/p>\n\n\n\n<p>\u201eE-Puzzler\u201c Automatisierte virtuelle Rekonstruktion von zerst\u00f6rten Dokumenten<br>Vortrag anl\u00e4sslich des Besuchs der Schweizer Elektrogemeinschaft Basel an der <abbr title=\"Technische Universit\u00e4t\">TU<\/abbr>-Berlin, Berlin 22.10.2009<\/p>\n\n\n\n<p><\/p>\n","protected":false},"excerpt":{"rendered":"<p>\u00a0 \u00a0 \u00a0 Raum: 2130 Telefon: (040) 6541-2321 Fax: (040) 6541-3638 E-Mail: anke.stieber@hsu-hh.de \u00a0 Besucheranschrift Helmut-Schmidt-Universit\u00e4t Geb\u00e4ude H1 Holstenhofweg 85 22043 Hamburg Postanschrift Helmut-Schmidt-Universit\u00e4t Institut f\u00fcr Wirtschaftsinformatik Fakult\u00e4t WiSo Postfach [&hellip;]<\/p>\n","protected":false},"author":3708,"featured_media":0,"parent":0,"menu_order":0,"comment_status":"closed","ping_status":"closed","template":"","meta":{"footnotes":""},"categories":[8],"tags":[],"class_list":["post-3592","page","type-page","status-publish","hentry","category-team"],"_links":{"self":[{"href":"https:\/\/www.hsu-hh.de\/ifi\/wp-json\/wp\/v2\/pages\/3592","targetHints":{"allow":["GET"]}}],"collection":[{"href":"https:\/\/www.hsu-hh.de\/ifi\/wp-json\/wp\/v2\/pages"}],"about":[{"href":"https:\/\/www.hsu-hh.de\/ifi\/wp-json\/wp\/v2\/types\/page"}],"author":[{"embeddable":true,"href":"https:\/\/www.hsu-hh.de\/ifi\/wp-json\/wp\/v2\/users\/3708"}],"replies":[{"embeddable":true,"href":"https:\/\/www.hsu-hh.de\/ifi\/wp-json\/wp\/v2\/comments?post=3592"}],"version-history":[{"count":30,"href":"https:\/\/www.hsu-hh.de\/ifi\/wp-json\/wp\/v2\/pages\/3592\/revisions"}],"predecessor-version":[{"id":4027,"href":"https:\/\/www.hsu-hh.de\/ifi\/wp-json\/wp\/v2\/pages\/3592\/revisions\/4027"}],"wp:attachment":[{"href":"https:\/\/www.hsu-hh.de\/ifi\/wp-json\/wp\/v2\/media?parent=3592"}],"wp:term":[{"taxonomy":"category","embeddable":true,"href":"https:\/\/www.hsu-hh.de\/ifi\/wp-json\/wp\/v2\/categories?post=3592"},{"taxonomy":"post_tag","embeddable":true,"href":"https:\/\/www.hsu-hh.de\/ifi\/wp-json\/wp\/v2\/tags?post=3592"}],"curies":[{"name":"wp","href":"https:\/\/api.w.org\/{rel}","templated":true}]}}