{"id":1555,"date":"2021-01-07T15:29:19","date_gmt":"2021-01-07T14:29:19","guid":{"rendered":"https:\/\/www.hsu-hh.de\/ifi\/?page_id=1555"},"modified":"2022-04-06T18:55:20","modified_gmt":"2022-04-06T16:55:20","slug":"softwareentwicklung-ft-2021","status":"publish","type":"page","link":"https:\/\/www.hsu-hh.de\/ifi\/softwareentwicklung-ft-2021","title":{"rendered":"Softwareentwicklung (FT 2021)"},"content":{"rendered":"<p>Die Lehrveranstaltung wird im FT 2021 \u201edigital\u201c angeboten (mit synchronen und asynchronen Anteilen). Die asynchron nutzbaren Lehrmaterialien (Lehrvideos\/Pr\u00e4sentationen, Aufgaben mit L\u00f6sungsquelltexten) stehen im zugeh\u00f6rigen Ilias-Kurs zur Verf\u00fcgung. Die w\u00f6chentlichen synchronen Anteile finden via Microsoft Teams statt (Live-Termine).<\/p>\n<p><strong> Modulnummer: <\/strong> WS-15-B-12<br \/>\n<strong> Dozent: <\/strong><a href=\"\/ifi\/team\/fink\/\" rel='nofollow'>Andreas Fink<\/a><br \/>\n<strong> Studiengang: <\/strong><abbr title=\"Betriebswirtschaftslehre\">BWL<\/abbr> (Wahlpflicht Vertiefungsfach\/Komplement\u00e4rfach, B.Sc., 6. Trimester), ansonsten je nach Anrechenbarkeit in anderen Studieng\u00e4ngen<br \/>\n<strong> Umfang: <\/strong> 4 TWS \/ 6 Leistungspunkte<br \/>\n<strong> Termine: <\/strong> Mo. ab 15:45 Uhr<br \/>\n<strong> Raum: <\/strong> digital (Ilias\/Teams) <s>und\/oder <abbr title=\"Personal Computer\">PC<\/abbr>-Labor <abbr title=\"Wirtschafts- und Sozialwissenschaften\">WiSo<\/abbr> (Raum 2161, Geb. H1)<\/s><br \/>\n<strong> Pr\u00fcfung: <\/strong> Projektarbeit (Implementierungsleistung)<\/p>\n<p><strong>Ablauf:<\/strong><\/p>\n<ul>\n<li>1. Woche: verk\u00fcrzter Sondertermin (wegen Ostermontag) am Mi. 07.04. 10:30-11:00 Uhr (MS Teams, Zugangsdaten im Ilias-Kurs)<\/li>\n<li>Bis zur 2. Woche: LE 1 erarbeiten (Folien, Lehrvideo); Fragen\/Vertiefung hierzu dann in der Live-Sitzung am Mo., 12.04., 15:45 Uhr<\/li>\n<ul>\n<li>Hinweis im Nachgang: Ausgabe von Sonderzeichen (z.B. Eurozeichen) auf die Konsole m\u00f6glich durch die vorausgehende Anweisung &#8222;Console.OutputEncoding = System.Text.Encoding.UTF8;&#8220; im C#-Quelltext<\/li>\n<\/ul>\n<li>Bis zur 3. Woche: LE 2 erarbeiten (Folien, Lehrvideo) und zugeh\u00f6riges Aufgabenblatt 1; Besprechung hierzu dann in der Live-Sitzung am Mo., 19.04., 15:45 Uhr<\/li>\n<li>Bis zur 4. Woche: LE 3 erarbeiten (Folien, Lehrvideo) und zugeh\u00f6rige Aufgabenbl\u00e4tter 2 und 3; Besprechung hierzu dann in der Live-Sitzung am Mo., 26.04., 15:45 Uhr<\/li>\n<li>Bis zur 5. Woche: LE 4 erarbeiten (Folien, Lehrvideo) und zugeh\u00f6rige Aufgabenbl\u00e4tter 4 und 5; Besprechung hierzu dann in der Live-Sitzung am Mo., 03.05., 16 Uhr oder gerne auch vorher Kontakt mit A. Fink bei Fragen<\/li>\n<li>Bis zur 6. Woche: LE 5 erarbeiten (Folien, Lehrvideo) und zugeh\u00f6riges Aufgabenblatt 6 (insb. Aufgabe 1); Besprechung (und gemeinsame Erarbeitung von insb. Aufgabe 2) hierzu dann in der Live-Sitzung am Mo., 10.05., 15:45 Uhr<\/li>\n<li>10. Mai 2021: Bekanntgabe Aufgabenstellung f\u00fcr die Projektarbeit\/Implementierungsleistung (Bearbeitungszeit: zweite Trimesterh\u00e4lfte, bis Ende Juni) (siehe Ilias-Kurs)<\/li>\n<li>Mo. 17.05., 15:45 Uhr: Besprechung\/R\u00fcckfragen zur Aufgabenstellung<\/li>\n<li>Mo. 31.05., 15:45 Uhr: weitere Besprechung\/R\u00fcckfragen zur Aufgabenstellung und L\u00f6sungsans\u00e4tzen<\/li>\n<li>Mo. 07.06., 16 Uhr: weitere Besprechung\/R\u00fcckfragen zur Aufgabenstellung und L\u00f6sungsans\u00e4tzen<\/li>\n<li>n.V.: weitere Besprechung\/R\u00fcckfragen zur Aufgabenstellung und L\u00f6sungsans\u00e4tzen<\/li>\n<li>Mo. 21.06., 15:45 Uhr: weitere Besprechung\/R\u00fcckfragen zur Aufgabenstellung und L\u00f6sungsans\u00e4tzen<\/li>\n<li><strong>Abgabetermin: sp\u00e4testens 13 Uhr am Tag vor dem Abgabekolloquium (Programm und Kurzausarbeitung per E-Mail an A. Fink) <\/strong><\/li>\n<li><strong>Planung Abgabekolloquium (Teams)<\/strong>:\n<ul>\n<li><s>Mo. 28.06., 16:00 Uhr: Gruppe &#8222;SCP&#8220;<\/s> (noch zu kl\u00e4ren)<\/li>\n<li>\u200bFr. 02.07., 10:00 Uhr: Gruppe &#8222;MCKP&#8220;<\/li>\n<li>\u200bFr. 02.07., 10:30 Uhr: Gruppe &#8222;TSP&#8220;<\/li>\n<\/ul>\n<\/li>\n<\/ul>\n<p><strong>Qualifikationsziele\/Inhalte:<\/strong><br \/>\nDie Studierenden lernen die Grundlagen der (objektorientierten) Programmierung und k\u00f6nnen unter Verwendung moderner Softwarewerkzeuge Programme zur L\u00f6sung abgegrenzter Problemstellungen entwickeln.<br \/>\nBesondere Vorkenntnisse zum Programmieren werden <i>nicht<\/i> vorausgesetzt.<br \/>\nDie Einf\u00fchrung in das Programmieren erfolgt mit der objektorientierten Programmiersprache C#.<\/p>\n<ul>\n<li>Programmiersprachliche Basiselemente (Variablen, Datentypen, Wert-\/Referenztypen, Operatoren, Ausdr\u00fccke, Kontrollstrukturen, Methoden)<\/li>\n<li>Objektorientierte Programmierung<\/li>\n<li>Elementare Datenstrukturen und Algorithmen<\/li>\n<\/ul>\n<p>Dies wird erg\u00e4nzt durch eine Einf\u00fchrung in Vorgehensmodelle der Softwareentwicklung und Softwareprojektmanagement.<br \/>\nAuf dieser Basis werden in kleingruppenbasierter Softwareprojektarbeit gr\u00f6\u00dfere Aufgabenstellungen bearbeitet (Programmentwicklung, je nach Aufgabe mit einer Vertiefung bestimmter Implementierungstechniken).<\/p>\n","protected":false},"excerpt":{"rendered":"<p>Die Lehrveranstaltung wird im FT 2021 \u201edigital\u201c angeboten (mit synchronen und asynchronen Anteilen). Die asynchron nutzbaren Lehrmaterialien (Lehrvideos\/Pr\u00e4sentationen, Aufgaben mit L\u00f6sungsquelltexten) stehen im zugeh\u00f6rigen Ilias-Kurs zur Verf\u00fcgung. Die w\u00f6chentlichen synchronen [&hellip;]<\/p>\n","protected":false},"author":43,"featured_media":0,"parent":0,"menu_order":0,"comment_status":"closed","ping_status":"closed","template":"","meta":{"footnotes":""},"categories":[6],"tags":[],"class_list":["post-1555","page","type-page","status-publish","hentry","category-lehre"],"_links":{"self":[{"href":"https:\/\/www.hsu-hh.de\/ifi\/wp-json\/wp\/v2\/pages\/1555","targetHints":{"allow":["GET"]}}],"collection":[{"href":"https:\/\/www.hsu-hh.de\/ifi\/wp-json\/wp\/v2\/pages"}],"about":[{"href":"https:\/\/www.hsu-hh.de\/ifi\/wp-json\/wp\/v2\/types\/page"}],"author":[{"embeddable":true,"href":"https:\/\/www.hsu-hh.de\/ifi\/wp-json\/wp\/v2\/users\/43"}],"replies":[{"embeddable":true,"href":"https:\/\/www.hsu-hh.de\/ifi\/wp-json\/wp\/v2\/comments?post=1555"}],"version-history":[{"count":94,"href":"https:\/\/www.hsu-hh.de\/ifi\/wp-json\/wp\/v2\/pages\/1555\/revisions"}],"predecessor-version":[{"id":2490,"href":"https:\/\/www.hsu-hh.de\/ifi\/wp-json\/wp\/v2\/pages\/1555\/revisions\/2490"}],"wp:attachment":[{"href":"https:\/\/www.hsu-hh.de\/ifi\/wp-json\/wp\/v2\/media?parent=1555"}],"wp:term":[{"taxonomy":"category","embeddable":true,"href":"https:\/\/www.hsu-hh.de\/ifi\/wp-json\/wp\/v2\/categories?post=1555"},{"taxonomy":"post_tag","embeddable":true,"href":"https:\/\/www.hsu-hh.de\/ifi\/wp-json\/wp\/v2\/tags?post=1555"}],"curies":[{"name":"wp","href":"https:\/\/api.w.org\/{rel}","templated":true}]}}