{"id":112,"date":"2018-01-17T14:06:36","date_gmt":"2018-01-17T13:06:36","guid":{"rendered":"https:\/\/www.hsu-hh.de\/vorlage\/?page_id=112"},"modified":"2026-02-18T12:42:21","modified_gmt":"2026-02-18T11:42:21","slug":"forschung","status":"publish","type":"page","link":"https:\/\/www.hsu-hh.de\/idgbe\/forschung\/","title":{"rendered":"Forschung &amp; Aktivit\u00e4ten"},"content":{"rendered":"\n<hr class=\"wp-block-separator has-css-opacity\" \/>\n\n\n\n<p>F\u00fcr das geplante Sammelbandprojekt &#8222;Detektivische P\u00e4dagogik. Spurensicherung einer heuristischen Denkform in Theorie, Historik und fiktionalen Erz\u00e4hlungen&#8220; (<abbr title=\"Herausgeber\">Hrsg.<\/abbr> Clemens Bach), welches im Verlag Beltz Juventa realisiert werden soll, wurde der Call for Papers ver\u00f6ffentlicht. Beitragsvorschl\u00e4ge k\u00f6nnen bis zum 24.04.2026 per Mail an bachc@hsu-hh.de eingereicht werden. <\/p>\n\n\n\n<p>Der CfP ist hier abrufbar:<\/p>\n\n\n\n<div class=\"wp-block-hsu-downloadblock\"><div class=\"thumbnail-area\"><img decoding=\"async\" src=\"\/wp-content\/themes\/hsu\/img\/dummy\/downloads_dummy.png\" alt=\"Download Symbol-Icon\" \/><\/div><div class=\"text-area\">CfP_Detektivische P\u00e4dagogik<\/div><div class=\"download-area\"><a class=\"download-link\" href=\"https:\/\/www.hsu-hh.de\/idgbe\/wp-content\/uploads\/sites\/853\/2026\/02\/Call-for-Papers_Detektivische-Paedagogik_022026.pdf\"><span class=\"download-name\">pdf laden<\/span><span class=\"download-icon\"><img decoding=\"async\" class=\"download-icon\" alt=\"download icon\" src=\"\/wp-content\/themes\/hsu\/img\/icons\/download_icon.png\" \/><\/span><span class=\"download-size\">91 kB<\/span><\/a><\/div><\/div>\n\n\n\n<p>Im Dezember 2023 wurde der von Clemens Bach (<abbr title=\"Helmut Schmidt Universit\u00e4t\">HSU<\/abbr>), Esther Berner (<abbr title=\"Helmut Schmidt Universit\u00e4t\">HSU<\/abbr>), Sebastian Engelmann (PH Karlsruhe) und Viktoria Gr\u00e4be (Ruhr-Universit\u00e4t Bochum) herausgegebene Band &#8222;Krieg und Frieden. Bildungshistorische Perspektiven&#8220; im Klinkhardt-Verlag ver\u00f6ffentlicht.<\/p>\n\n\n\n<p>Eine Karte zum Band mit allen Informationen ist hier zu finden:<\/p>\n\n\n\n<div class=\"wp-block-hsu-downloadblock\"><div class=\"thumbnail-area\"><img decoding=\"async\" src=\"\/wp-content\/themes\/hsu\/img\/dummy\/downloads_dummy.png\" alt=\"Download Symbol-Icon\" \/><\/div><div class=\"text-area\">Karte &#8222;Krieg und Frieden. Bildungshistorische Perspektiven&#8220; Klinkhardt<\/div><div class=\"download-area\"><a class=\"download-link\" href=\"https:\/\/www.hsu-hh.de\/idgbe\/wp-content\/uploads\/sites\/853\/2023\/12\/2607-5-Bach-u.a.-Karte-mail-rot.pdf\"><span class=\"download-name\">pdf laden<\/span><span class=\"download-icon\"><img decoding=\"async\" class=\"download-icon\" alt=\"download icon\" src=\"\/wp-content\/themes\/hsu\/img\/icons\/download_icon.png\" \/><\/span><span class=\"download-size\">159 kB<\/span><\/a><\/div><\/div>\n\n\n\n<div style=\"height:20px\" aria-hidden=\"true\" class=\"wp-block-spacer\"><\/div>\n\n\n\n<p>Mitorganisation Esther Berner und Susann Hofbauer des Symposiums \u201eMathilde Vaerting \u2013 Signaturen einer demokratischen P\u00e4dagogik&#8220;, 13.11.23, Universit\u00e4t Jena<\/p>\n\n\n\n<p>Vortrag Esther Berner: M\u00e4nnerherrschaft &#8211; Frauenherrschaft: Zur Einordnung M. Vaertings in den zeitgen\u00f6ssischen Matriarchatsdiskurs. Anl\u00e4sslich des Symposium \u201eMathilde Vaerting \u2013 Signaturen einer demokratischen P\u00e4dagogik&#8220;. Universit\u00e4t Jena, 13.11.2023<\/p>\n\n\n\n<p>Vortrag Susann Hofbauer: Mathilde Vaertings \u201eDie erzieherische Aufgabe in der Demokratie&#8220;. Anl\u00e4sslich des Symposiums \u201eMathilde Vaerting \u2013 Signaturen einer demokratischen P\u00e4dagogik&#8220;, 13.11.2023, Universit\u00e4t Jena<\/p>\n\n\n\n<div style=\"height:20px\" aria-hidden=\"true\" class=\"wp-block-spacer\"><\/div>\n\n\n\n<p>Susann Hofbauer &amp; Esther Berner organisieren in Kooperation mit dem Zentrum Gender &amp; Diversity der Universit\u00e4t Hamburg vom 13.-15. September 2023 die Jahrestagung der Kommission Wissenschaftsforschung der Deutschen Gesellschaft f\u00fcr Erziehungswissenschaft: &#8222;Nicht die Wahrheit wird anerkannt&#8230;&#8220; Deutungen, Zuordnungen und Tradierungen in der Erziehungswissenschaft. <\/p>\n\n\n\n<p>Den Flyer und das Programm finden Sie hier:<\/p>\n\n\n\n<div class=\"wp-block-hsu-downloadblock\"><div class=\"thumbnail-area\"><img decoding=\"async\" src=\"\/wp-content\/themes\/hsu\/img\/dummy\/downloads_dummy.png\" alt=\"Download Symbol-Icon\" \/><\/div><div class=\"text-area\">Flyer_Programm_WiFo-DGfE_2023<\/div><div class=\"download-area\"><a class=\"download-link\" href=\"https:\/\/www.hsu-hh.de\/idgbe\/wp-content\/uploads\/sites\/853\/2023\/07\/Flyer__Jahrestagung_WiFo-Erziehungswissenschaft.pdf\"><span class=\"download-name\">pdf laden<\/span><span class=\"download-icon\"><img decoding=\"async\" class=\"download-icon\" alt=\"download icon\" src=\"\/wp-content\/themes\/hsu\/img\/icons\/download_icon.png\" \/><\/span><span class=\"download-size\">2 MB<\/span><\/a><\/div><\/div>\n\n\n\n<p>Das Plakat zur Tagung ist hier zu finden:<\/p>\n\n\n\n<div class=\"wp-block-hsu-downloadblock\"><div class=\"thumbnail-area\"><img decoding=\"async\" src=\"\/wp-content\/themes\/hsu\/img\/dummy\/downloads_dummy.png\" alt=\"Download Symbol-Icon\" \/><\/div><div class=\"text-area\">Plakat_Jahrestagung_WiFo-DGfE_2023<\/div><div class=\"download-area\"><a class=\"download-link\" href=\"https:\/\/www.hsu-hh.de\/idgbe\/wp-content\/uploads\/sites\/853\/2023\/07\/Plakat__Jahrestagung_DGfE-23-Final.pdf\"><span class=\"download-name\">pdf laden<\/span><span class=\"download-icon\"><img decoding=\"async\" class=\"download-icon\" alt=\"download icon\" src=\"\/wp-content\/themes\/hsu\/img\/icons\/download_icon.png\" \/><\/span><span class=\"download-size\">2 MB<\/span><\/a><\/div><\/div>\n\n\n\n<p>Das Anmeldeformular ist hier abrufbar:<\/p>\n\n\n\n<div class=\"wp-block-hsu-downloadblock\"><div class=\"thumbnail-area\"><img decoding=\"async\" src=\"\/wp-content\/themes\/hsu\/img\/dummy\/downloads_dummy.png\" alt=\"Download Symbol-Icon\" \/><\/div><div class=\"text-area\">Anmeldung_Tagung_WiFo_DGfE_2023<\/div><div class=\"download-area\"><a class=\"download-link\" href=\"https:\/\/www.hsu-hh.de\/idgbe\/wp-content\/uploads\/sites\/853\/2023\/07\/Anmeldeformular-WiFo_interaktiv-final-1.pdf\"><span class=\"download-name\">pdf laden<\/span><span class=\"download-icon\"><img decoding=\"async\" class=\"download-icon\" alt=\"download icon\" src=\"\/wp-content\/themes\/hsu\/img\/icons\/download_icon.png\" \/><\/span><span class=\"download-size\">133 kB<\/span><\/a><\/div><\/div>\n\n\n\n<div style=\"height:20px\" aria-hidden=\"true\" class=\"wp-block-spacer\"><\/div>\n\n\n\n<p>Vortrag von Esther Berner: &#8222;Politische Bildung &#8211; Wie, wo und durch wen? Die Debatten in der Gr\u00fcndungsphase der Bundeswehr.&#8220; Der gebildete K\u00e4mpfer? Zur Bedeutung der politischen Bildung in der Bundeswehr im Kontext neuer politischer Anforderungen und gesellschaftlicher Radikalisierungstendenzen. ZMSBw Potsdam, 22.\/23.6.2023<\/p>\n\n\n\n<p>Vortrag von Esther Berner: &#8222;Gesundheit &amp; Gemeinschaft: Motive der Nachkriegsp\u00e4dagogik am Beispiel der Schullandheimbewegung in Deutschland nach dem Ersten Weltkrieg.&#8220; A Child in Times of Need and in Hope. Overcoming the Distress of War, Epidemics, and Social, Psychological and Physical Handicaps in Children and Youths. The National Pedagogical Museum and Library of J.&nbsp;A. Comenius, Praha, 19.-20.06.2023<\/p>\n\n\n\n<p>Vortrag von Esther Berner: &#8222;Zum Stellenwert der Geistes- und Sozialwissenschaften an den Universit\u00e4ten der Bundeswehr: damals und heute.&#8220; Ringvorlesung \u201e50 Jahre Helmut-Schmidt-Universit\u00e4t\/Universit\u00e4t der Bundeswehr Hamburg&#8220;. Helmut Schmidt Universit\u00e4t Hamburg, 14.06.2023<\/p>\n\n\n\n<p>Am 09. Juni 2023 findet an der <abbr title=\"Helmut Schmidt Universit\u00e4t\">HSU<\/abbr> der Workshop &#8222;Denken und Arbeiten mit und nach Latour. Forschungspraktische Auseinandersetzungen mit der Akteur-Netzwerk-Theorie&#8220; statt, Susann Hofbauer ist hier auch mit einem Beitrag vertreten. Weitere Informationen zum Workshop finden Sie hier: <\/p>\n\n\n\n<div class=\"wp-block-hsu-downloadblock\"><div class=\"thumbnail-area\"><img decoding=\"async\" src=\"\/wp-content\/themes\/hsu\/img\/dummy\/downloads_dummy.png\" alt=\"Download Symbol-Icon\" \/><\/div><div class=\"text-area\">Workshop Latour <abbr title=\"Helmut Schmidt Universit\u00e4t\">HSU<\/abbr> 2023 Flyer<\/div><div class=\"download-area\"><a class=\"download-link\" href=\"https:\/\/www.hsu-hh.de\/idgbe\/wp-content\/uploads\/sites\/853\/2023\/05\/Flyer_Workshop_Latour_090623.pdf\"><span class=\"download-name\">pdf laden<\/span><span class=\"download-icon\"><img decoding=\"async\" class=\"download-icon\" alt=\"download icon\" src=\"\/wp-content\/themes\/hsu\/img\/icons\/download_icon.png\" \/><\/span><span class=\"download-size\">2 MB<\/span><\/a><\/div><\/div>\n\n\n\n<div style=\"height:20px\" aria-hidden=\"true\" class=\"wp-block-spacer\"><\/div>\n\n\n\n<p>An der Helmut-Schmidt-Universit\u00e4t findet 2022 die Ringvorlesung <a rel=\"noreferrer noopener\" href=\"https:\/\/www.hsu-hh.de\/gleibziv\/ringvorlesung-2022-und-es-gibt-sie-doch-frauen-in-der-wissenschaft-veranstaltet-vom-zivilen-gleichstellungsbuero\" target=\"_blank\">&#8222;,&#8230; und es gibt sie doch!\u2018 Frauen in der Wissenschaft&#8220;<\/a> statt. Susann Hofbauer &amp; Esther Berner sind am 25. April (11 Uhr, online) auf der Tagung mit dem Vortrag &#8222;Macht, Geschlecht &amp; Bildung: Die ,Jenaer Zwangsprofessorin\u2018 Mathilde Vaerting (1884\u20131977)&#8220; vertreten. Alle Informationen zur Ringvorlesung finden Sie hier:<\/p>\n\n\n\n<div class=\"wp-block-hsu-downloadblock\"><div class=\"thumbnail-area\"><img decoding=\"async\" src=\"\/wp-content\/themes\/hsu\/img\/dummy\/downloads_dummy.png\" alt=\"Download Symbol-Icon\" \/><\/div><div class=\"text-area\">Ringvorlesung <abbr title=\"Helmut Schmidt Universit\u00e4t\">HSU<\/abbr> 2022<\/div><div class=\"download-area\"><a class=\"download-link\" href=\"https:\/\/www.hsu-hh.de\/idgbe\/wp-content\/uploads\/sites\/853\/2022\/04\/2022_Ringvorlesung-Plakat.pdf\"><span class=\"download-name\">pdf laden<\/span><span class=\"download-icon\"><img decoding=\"async\" class=\"download-icon\" alt=\"download icon\" src=\"\/wp-content\/themes\/hsu\/img\/icons\/download_icon.png\" \/><\/span><span class=\"download-size\">208 kB<\/span><\/a><\/div><\/div>\n\n\n\n<div style=\"height:20px\" aria-hidden=\"true\" class=\"wp-block-spacer\"><\/div>\n\n\n\n<p>Vom 28.-29. April 2022 findet die Tagung &#8222;Krieg &amp; Frieden \u2013 Bildungshistorische Perspektiven&#8220; an der PH Karlsruhe in Zusammenarbeit mit der <abbr title=\"Helmut Schmidt Universit\u00e4t\">HSU<\/abbr> Hamburg, der PH Karlsruhe und der Universit\u00e4t Hildesheim in Pr\u00e4senz statt. Das Programm und alle weiteren Informationen finden Sie hier:<\/p>\n\n\n\n<div class=\"wp-block-hsu-downloadblock\"><div class=\"thumbnail-area\"><img decoding=\"async\" src=\"\/wp-content\/themes\/hsu\/img\/dummy\/downloads_dummy.png\" alt=\"Download Symbol-Icon\" \/><\/div><div class=\"text-area\">Tagungsprogramm: &#8222;Krieg &amp; Frieden \u2013 Bildungshistorische Perspektiven&#8220;<br>28.-29.04.2022<\/div><div class=\"download-area\"><a class=\"download-link\" href=\"https:\/\/www.hsu-hh.de\/idgbe\/wp-content\/uploads\/sites\/853\/2022\/03\/Krieg-Frieden_Programm_28.-29.04.22-1.pdf\"><span class=\"download-name\">pdf laden<\/span><span class=\"download-icon\"><img decoding=\"async\" class=\"download-icon\" alt=\"download icon\" src=\"\/wp-content\/themes\/hsu\/img\/icons\/download_icon.png\" \/><\/span><span class=\"download-size\">176 kB<\/span><\/a><\/div><\/div>\n\n\n\n<div style=\"height:20px\" aria-hidden=\"true\" class=\"wp-block-spacer\"><\/div>\n\n\n\n<div style=\"height:20px\" aria-hidden=\"true\" class=\"wp-block-spacer\"><\/div>\n\n\n\n<p><\/p>\n","protected":false},"excerpt":{"rendered":"<p>F\u00fcr das geplante Sammelbandprojekt &#8222;Detektivische P\u00e4dagogik. Spurensicherung einer heuristischen Denkform in Theorie, Historik und fiktionalen Erz\u00e4hlungen&#8220; (Hrsg. Clemens Bach), welches im Verlag Beltz Juventa realisiert werden soll, wurde der Call [&hellip;]<\/p>\n","protected":false},"author":26,"featured_media":0,"parent":0,"menu_order":0,"comment_status":"closed","ping_status":"closed","template":"","meta":{"footnotes":""},"categories":[4],"tags":[],"class_list":["post-112","page","type-page","status-publish","hentry","category-forschung"],"_links":{"self":[{"href":"https:\/\/www.hsu-hh.de\/idgbe\/wp-json\/wp\/v2\/pages\/112","targetHints":{"allow":["GET"]}}],"collection":[{"href":"https:\/\/www.hsu-hh.de\/idgbe\/wp-json\/wp\/v2\/pages"}],"about":[{"href":"https:\/\/www.hsu-hh.de\/idgbe\/wp-json\/wp\/v2\/types\/page"}],"author":[{"embeddable":true,"href":"https:\/\/www.hsu-hh.de\/idgbe\/wp-json\/wp\/v2\/users\/26"}],"replies":[{"embeddable":true,"href":"https:\/\/www.hsu-hh.de\/idgbe\/wp-json\/wp\/v2\/comments?post=112"}],"version-history":[{"count":54,"href":"https:\/\/www.hsu-hh.de\/idgbe\/wp-json\/wp\/v2\/pages\/112\/revisions"}],"predecessor-version":[{"id":885,"href":"https:\/\/www.hsu-hh.de\/idgbe\/wp-json\/wp\/v2\/pages\/112\/revisions\/885"}],"wp:attachment":[{"href":"https:\/\/www.hsu-hh.de\/idgbe\/wp-json\/wp\/v2\/media?parent=112"}],"wp:term":[{"taxonomy":"category","embeddable":true,"href":"https:\/\/www.hsu-hh.de\/idgbe\/wp-json\/wp\/v2\/categories?post=112"},{"taxonomy":"post_tag","embeddable":true,"href":"https:\/\/www.hsu-hh.de\/idgbe\/wp-json\/wp\/v2\/tags?post=112"}],"curies":[{"name":"wp","href":"https:\/\/api.w.org\/{rel}","templated":true}]}}