{"id":923,"date":"2021-02-25T20:20:40","date_gmt":"2021-02-25T19:20:40","guid":{"rendered":"https:\/\/www.hsu-hh.de\/icu\/?page_id=923"},"modified":"2025-09-03T18:33:01","modified_gmt":"2025-09-03T16:33:01","slug":"projektteam","status":"publish","type":"page","link":"https:\/\/www.hsu-hh.de\/icu\/diwop\/projektteam\/","title":{"rendered":"Projektteam"},"content":{"rendered":"\n<p><\/p>\n\n\n\n<p><\/p>\n\n\n\n<div class=\"wp-block-columns is-layout-flex wp-container-core-columns-is-layout-9d6595d7 wp-block-columns-is-layout-flex\">\n<div class=\"wp-block-column is-layout-flow wp-block-column-is-layout-flow\">\n<h2 class=\"wp-block-heading\"><strong>Projektleitung<\/strong><\/h2>\n\n\n\n<p><strong><a href=\"https:\/\/www.hsu-hh.de\/icu\/scheytt\/\" data-type=\"URL\" data-id=\"https:\/\/www.hsu-hh.de\/icu\/scheytt\/\"><abbr title=\"Universit\u00e4tsprofessor\">Univ.-Prof.<\/abbr> <abbr title=\"Doktor\">Dr.<\/abbr> Tobias Scheytt<\/a><\/strong><br>Helmut-Schmidt-Universit\u00e4t |<br>Universit\u00e4t der Bundeswehr Hamburg<br>Institut f\u00fcr Controlling und Unternehmensrechnung<br><strong>E-Mail:<\/strong>&nbsp;<a href=\"mailto:scheytt@hsu-hh.de\" rel='nofollow'>scheytt@hsu-hh.de<\/a><\/p>\n\n\n\n<p><strong>LinkedIn:&nbsp;<\/strong><\/p>\n\n\n\n<p><a href=\"https:\/\/www.linkedin.com\/in\/tobias-scheytt-74a16463\/\" rel='nofollow'>Tobias Scheytt Scheytt | LinkedIn<\/a><\/p>\n\n\n\n<p><strong>Co-Projektleitung\/Ansprechperson:<br><a href=\"https:\/\/www.hsu-hh.de\/icu\/jj\/\" data-type=\"URL\" data-id=\"https:\/\/www.hsu-hh.de\/icu\/jj\/\"><abbr title=\"Doktor\">Dr.<\/abbr> Jaromir Junne<\/a><\/strong><br>Helmut-Schmidt-Universit\u00e4t |<br>Universit\u00e4t der Bundeswehr Hamburg<br>Institut f\u00fcr Controlling und Unternehmensrechnung<br><strong>Tel.:<\/strong> +49 40 6541-2373<br><strong>E-Mail:<\/strong>&nbsp;<a href=\"mailto:jjunne@hsu-hh.de\" rel='nofollow'>jjunne@hsu-hh.de<\/a><\/p>\n\n\n\n<p><strong>LinkedIn:&nbsp;<\/strong><\/p>\n\n\n\n<p><a href=\"https:\/\/www.linkedin.com\/in\/jaromir-junne\/\" rel='nofollow'>Jaromir Junne Junne | LinkedIn<\/a><\/p>\n<\/div>\n\n\n\n<div class=\"wp-block-column is-layout-flow wp-block-column-is-layout-flow\">\n<h2 class=\"wp-block-heading\"><strong>Kooperationspartner<\/strong><\/h2>\n\n\n\n<p>Universit\u00e4t Bern (CH)<br>Kompetenzzentrum f\u00fcr Public Management (KPM)<\/p>\n\n\n\n<p><strong><abbr title=\"Professor\">Prof.<\/abbr> Claus Jacobs, PhD<\/strong><br><a href=\"https:\/\/www.kpm.unibe.ch\/\" target=\"_blank\" rel=\"noreferrer noopener\">www.kpm.unibe.ch<\/a>                        <strong>E- Mail:<\/strong> <a>claus.jacobs@unibe.ch<\/a><\/p>\n\n\n\n<p><strong>LinkedIn<\/strong>:&nbsp;<\/p>\n\n\n\n<p><a href=\"https:\/\/www.linkedin.com\/in\/claus-d-jacobs-93134964\/\" rel='nofollow'>&nbsp;Claus D. Jacobs Jacobs | LinkedIn<\/a><\/p>\n\n\n\n<p><\/p>\n\n\n\n<p><strong>Magdalena Waeber<\/strong><\/p>\n\n\n\n<p><strong>E-Mail:<\/strong><a> <\/a><a>magdalena.waeber@unibe.ch<\/a><\/p>\n\n\n\n<p><strong>LinkedIn<\/strong>:<\/p>\n\n\n\n<p>&nbsp;<a href=\"https:\/\/www.linkedin.com\/in\/magdalena-waeber\/\" rel='nofollow'>Magdalena Waeber Waeber | LinkedIn<\/a><\/p>\n<\/div>\n\n\n\n<div class=\"wp-block-column is-layout-flow wp-block-column-is-layout-flow\">\n<h2 class=\"wp-block-heading\">Projektmitarbeitende<\/h2>\n\n\n\n<p><strong><a href=\"https:\/\/www.hsu-hh.de\/icu\/ngh\/\" data-type=\"link\" data-id=\"https:\/\/www.hsu-hh.de\/icu\/ngh\/\"><abbr title=\"Doktor\">Dr.<\/abbr> Nadine Gerhardt-Huber<\/a><\/strong> Helmut-Schmidt-Universit\u00e4t |<br>Universit\u00e4t der Bundeswehr Hamburg<br>Institut f\u00fcr Controlling und Unternehmensrechnung               <strong>E-Mail:<\/strong> gerhardn@hsu-hh.de<\/p>\n\n\n\n<p><strong>LinkedIn:<\/strong><\/p>\n\n\n\n<p><strong>&nbsp;<\/strong><a href=\"https:\/\/www.linkedin.com\/in\/nadine-gerhardt-huber-6a8284b7\/\" rel='nofollow'><strong>Nadine Gerhardt-Huber Gerhardt-Huber | LinkedIn<\/strong><\/a><\/p>\n\n\n\n<p><strong><br><a href=\"https:\/\/www.hsu-hh.de\/icu\/dkurta\/\" data-type=\"link\" data-id=\"https:\/\/www.hsu-hh.de\/icu\/mitarbeiter-2\/\">Dorina Kurta<\/a><\/strong>                        Helmut-Schmidt-Universit\u00e4t |<br>Universit\u00e4t der Bundeswehr Hamburg<br>Institut f\u00fcr Controlling und Unternehmensrechnung               <strong>E-Mail: <\/strong>kurtad@hsu-hh.de<\/p>\n\n\n\n<p><strong>LinkedIn:<\/strong><\/p>\n\n\n\n<p><a href=\"https:\/\/www.linkedin.com\/in\/dorina-k-202a23226\/\" rel='nofollow'>Dorina Kurta Kurta | LinkedIn<\/a><\/p>\n\n\n\n<p><br><strong><a href=\"https:\/\/www.hsu-hh.de\/icu\/felixgenth\/\" data-type=\"link\" data-id=\"https:\/\/www.hsu-hh.de\/icu\/mitarbeiter-2\/\">Felix Genth<\/a>                            <\/strong>Helmut-Schmidt-Universit\u00e4t |<br>Universit\u00e4t der Bundeswehr Hamburg<br>Institut f\u00fcr Controlling und Unternehmensrechnung.               <strong>E-Mail:<\/strong> genthf@hsu-hh.de<\/p>\n\n\n\n<p><strong>LinkedIn:<\/strong><a href=\"\/\/93E7643C-7B0E-4F39-A30D-C22CDF7D34B3\/%20Felix%20Genth%20Genth%20|%20LinkedIn\" rel='nofollow'>&nbsp;<\/a><\/p>\n\n\n\n<p><a href=\"\/\/93E7643C-7B0E-4F39-A30D-C22CDF7D34B3\/%20Felix%20Genth%20Genth%20|%20LinkedIn\" rel='nofollow'>Felix Genth Genth | LinkedIn<\/a><\/p>\n\n\n\n<p><strong><br><a href=\"https:\/\/www.hsu-hh.de\/icu\/lukaslahme\/\" data-type=\"link\" data-id=\"https:\/\/www.hsu-hh.de\/icu\/mitarbeiter-2\/\">Lukas Lahme<\/a><\/strong><br>Helmut-Schmidt-Universit\u00e4t |<br>Universit\u00e4t der Bundeswehr Hamburg<br>Institut f\u00fcr Controlling und Unternehmensrechnung.                 <strong>E-Mail:&nbsp;<\/strong>lukas.lahme@hsu-hh.de<\/p>\n\n\n\n<p><strong>LinkedIn:&nbsp;<\/strong><\/p>\n\n\n\n<p><a href=\"https:\/\/www.linkedin.com\/in\/lukas-lahme-2184bb237\/\" rel='nofollow'>Lukas Lahme Lahme | LinkedIn<\/a><\/p>\n\n\n\n<p><\/p>\n<\/div>\n\n\n\n<div class=\"wp-block-column is-layout-flow wp-block-column-is-layout-flow\">\n<h2 class=\"wp-block-heading\">Studentische Hilfskr\u00e4fte des Projektes<\/h2>\n\n\n\n<p><strong>Nicholas Herfter<\/strong><\/p>\n\n\n\n<p>Helmut-Schmidt-Universit\u00e4t |<br>Universit\u00e4t der Bundeswehr Hamburg<br>Institut f\u00fcr Controlling und Unternehmensrechnung<\/p>\n\n\n\n<p><\/p>\n\n\n\n<p><strong>Leonie Kimmich<\/strong><\/p>\n\n\n\n<p>Helmut-Schmidt-Universit\u00e4t |<br>Universit\u00e4t der Bundeswehr Hamburg<br>Institut f\u00fcr Controlling und Unternehmensrechnung<\/p>\n\n\n\n<p><\/p>\n\n\n\n<p><strong>Paul Jacobs<\/strong><\/p>\n\n\n\n<p>Helmut-Schmidt-Universit\u00e4t |<br>Universit\u00e4t der Bundeswehr Hamburg<br>Institut f\u00fcr Controlling und Unternehmensrechnung<\/p>\n\n\n\n<p><\/p>\n\n\n\n<p><strong>Kester Siegmann<\/strong><\/p>\n\n\n\n<p>Helmut-Schmidt-Universit\u00e4t |<br>Universit\u00e4t der Bundeswehr Hamburg<br>Institut f\u00fcr Controlling und Unternehmensrechnung<\/p>\n\n\n\n<p><\/p>\n<\/div>\n<\/div>\n\n\n\n<p><\/p>\n\n\n\n<p><\/p>\n","protected":false},"excerpt":{"rendered":"<p>Projektleitung Univ.-Prof. Dr. Tobias ScheyttHelmut-Schmidt-Universit\u00e4t |Universit\u00e4t der Bundeswehr HamburgInstitut f\u00fcr Controlling und UnternehmensrechnungE-Mail:&nbsp;scheytt@hsu-hh.de LinkedIn:&nbsp; Tobias Scheytt Scheytt | LinkedIn Co-Projektleitung\/Ansprechperson:Dr. Jaromir JunneHelmut-Schmidt-Universit\u00e4t |Universit\u00e4t der Bundeswehr HamburgInstitut f\u00fcr Controlling und UnternehmensrechnungTel.: [&hellip;]<\/p>\n","protected":false},"author":2885,"featured_media":0,"parent":1693,"menu_order":0,"comment_status":"closed","ping_status":"closed","template":"","meta":{"footnotes":""},"categories":[80],"tags":[],"class_list":["post-923","page","type-page","status-publish","hentry","category-diwop"],"_links":{"self":[{"href":"https:\/\/www.hsu-hh.de\/icu\/wp-json\/wp\/v2\/pages\/923","targetHints":{"allow":["GET"]}}],"collection":[{"href":"https:\/\/www.hsu-hh.de\/icu\/wp-json\/wp\/v2\/pages"}],"about":[{"href":"https:\/\/www.hsu-hh.de\/icu\/wp-json\/wp\/v2\/types\/page"}],"author":[{"embeddable":true,"href":"https:\/\/www.hsu-hh.de\/icu\/wp-json\/wp\/v2\/users\/2885"}],"replies":[{"embeddable":true,"href":"https:\/\/www.hsu-hh.de\/icu\/wp-json\/wp\/v2\/comments?post=923"}],"version-history":[{"count":45,"href":"https:\/\/www.hsu-hh.de\/icu\/wp-json\/wp\/v2\/pages\/923\/revisions"}],"predecessor-version":[{"id":1699,"href":"https:\/\/www.hsu-hh.de\/icu\/wp-json\/wp\/v2\/pages\/923\/revisions\/1699"}],"up":[{"embeddable":true,"href":"https:\/\/www.hsu-hh.de\/icu\/wp-json\/wp\/v2\/pages\/1693"}],"wp:attachment":[{"href":"https:\/\/www.hsu-hh.de\/icu\/wp-json\/wp\/v2\/media?parent=923"}],"wp:term":[{"taxonomy":"category","embeddable":true,"href":"https:\/\/www.hsu-hh.de\/icu\/wp-json\/wp\/v2\/categories?post=923"},{"taxonomy":"post_tag","embeddable":true,"href":"https:\/\/www.hsu-hh.de\/icu\/wp-json\/wp\/v2\/tags?post=923"}],"curies":[{"name":"wp","href":"https:\/\/api.w.org\/{rel}","templated":true}]}}