{"id":200,"date":"2021-01-21T14:35:12","date_gmt":"2021-01-21T13:35:12","guid":{"rendered":"https:\/\/www.hsu-hh.de\/icu\/?page_id=200"},"modified":"2021-01-30T10:40:03","modified_gmt":"2021-01-30T09:40:03","slug":"quantification-administrative-capacity-and-democracy-quad","status":"publish","type":"page","link":"https:\/\/www.hsu-hh.de\/icu\/quantification-administrative-capacity-and-democracy-quad\/","title":{"rendered":"Quantification, Administrative Capacity and Democracy (QUAD)"},"content":{"rendered":"\n<h6 class=\"wp-block-heading\">Kooperatives Forschungsprojekt der London School of Economics and Political Sciences (UK), \u00c9cole nationale sup\u00e9rieure de mines de Paris (Frankreich), Universiteit Leiden (Niederlande), Universit\u00e4t Bielefeld und der Helmut-Schmidt-Universit\u00e4t (Deutschland)<\/h6>\n\n\n\n<h4 class=\"wp-block-heading\">Inhaltsverzeichnis<\/h4>\n\n\n\n<ol class=\"wp-block-list\"><li>Abstract<\/li><li>Kenndaten des Projekts<\/li><li>Projektbeteiligte<\/li><\/ol>\n\n\n\n<h2 class=\"wp-block-heading\">Abstract<\/h2>\n\n\n\n<p>Numbers increasingly govern public services. Both policymaking activities and administrative control are increasingly structured around calculations such as cost-benefit analyses, estimates of social and financial returns, measurements of performance and risk, benchmarking, quantified impact assessments, ratings and rankings, all of which provide information in the form of a numerical representation. Through quantification, public services have experienced a fundamental transformation from \u201cgovernment by rules\u201d to \u201cgovernance by numbers\u201d, with fundamental implications not just for our understanding of the nature of public service itself, but also for wider debates about the nature of citizenship and democracy.<\/p>\n\n\n\n<p>This project scrutinizes the relationships between quantification, administrative capacity and democracy across three policy sectors (health\/hospitals, higher education\/universities, criminal justice\/prisons) and four countries (France, Germany, Netherlands, UK). It offers a cross-national and cross-sectoral study of how managerialist ideas and instruments of quantification have been adopted and how they mattered. More specifically, it examines<\/p>\n\n\n\n<ol class=\"wp-block-list\"><li>how quantification has travelled across sectors and states;<\/li><li>relations between quantification and administrative capacity; and<\/li><li>how quantification has redefined relations between public service and liberal democratic understandings of public welfare, notions of                          citizenship, equity, accountability and legitimacy.<\/li><\/ol>\n\n\n\n<h2 class=\"wp-block-heading\">Kenndaten des Projekts<\/h2>\n\n\n\n<p><strong>F\u00f6rderlinie:<\/strong>&nbsp; &nbsp; &nbsp; &nbsp; &nbsp; &nbsp; Open Research Area (ORA) for the Social Sciences<\/p>\n\n\n\n<p><strong>Geldgeber:<\/strong>&nbsp; &nbsp; &nbsp; &nbsp; &nbsp; &nbsp; &nbsp;Die vier nationalen Forschungsf\u00f6rderungsorganisationen:<\/p>\n\n\n\n<p>&#8211; Vereinigtes K\u00f6nigreich: Economic &amp; Social Research Council (ESRC)<br>&#8211; Frankreich: Agence Nationale de Recherche (ANC)<br>&#8211; Niederlande: Nederlandse Organisatie voor Wetenschappelijk Onderzoek (NWO)<br>&#8211; Deutschland: Deutsche Forschungsgemeinschaft (DFG), Deutschland<\/p>\n\n\n\n<p><strong>Laufzeit:<\/strong>&nbsp; &nbsp; &nbsp; &nbsp; &nbsp; &nbsp; &nbsp; &nbsp; Drei Jahre, beginnend 2. Quartal 2016<\/p>\n\n\n\n<h2 class=\"wp-block-heading\">Projektbeteiligte<\/h2>\n\n\n\n<div class=\"wp-block-columns is-layout-flex wp-container-core-columns-is-layout-9d6595d7 wp-block-columns-is-layout-flex\">\n<div class=\"wp-block-column is-layout-flow wp-block-column-is-layout-flow\">\n<div class=\"wp-block-columns is-layout-flex wp-container-core-columns-is-layout-9d6595d7 wp-block-columns-is-layout-flex\">\n<div class=\"wp-block-column is-layout-flow wp-block-column-is-layout-flow\">\n<p class=\"has-text-align-left\"><strong>Land<\/strong><\/p>\n<\/div>\n\n\n\n<div class=\"wp-block-column is-layout-flow wp-block-column-is-layout-flow\">\n<p class=\"has-text-align-left\"><strong>Universit\u00e4t<\/strong><\/p>\n<\/div>\n<\/div>\n<\/div>\n\n\n\n<div class=\"wp-block-column is-layout-flow wp-block-column-is-layout-flow\">\n<div class=\"wp-block-columns is-layout-flex wp-container-core-columns-is-layout-9d6595d7 wp-block-columns-is-layout-flex\">\n<div class=\"wp-block-column is-layout-flow wp-block-column-is-layout-flow\">\n<p class=\"has-text-align-left\"><strong>Institut<\/strong><\/p>\n<\/div>\n\n\n\n<div class=\"wp-block-column is-layout-flow wp-block-column-is-layout-flow\">\n<p class=\"has-text-align-left\"><strong>Wissenschaftler\/in<\/strong><\/p>\n<\/div>\n<\/div>\n<\/div>\n<\/div>\n\n\n\n<div class=\"wp-block-columns is-layout-flex wp-container-core-columns-is-layout-9d6595d7 wp-block-columns-is-layout-flex\">\n<div class=\"wp-block-column is-layout-flow wp-block-column-is-layout-flow\">\n<div class=\"wp-block-columns is-layout-flex wp-container-core-columns-is-layout-9d6595d7 wp-block-columns-is-layout-flex\">\n<div class=\"wp-block-column is-layout-flow wp-block-column-is-layout-flow\">\n<p>Frankreich<\/p>\n<\/div>\n\n\n\n<div class=\"wp-block-column is-layout-flow wp-block-column-is-layout-flow\">\n<p>Mines ParisTech (ENS des mines)<\/p>\n<\/div>\n<\/div>\n<\/div>\n\n\n\n<div class=\"wp-block-column is-layout-flow wp-block-column-is-layout-flow\">\n<div class=\"wp-block-columns is-layout-flex wp-container-core-columns-is-layout-9d6595d7 wp-block-columns-is-layout-flex\">\n<div class=\"wp-block-column is-layout-flow wp-block-column-is-layout-flow\">\n<p>Centre de Sociologie de l\u2019Innovation (CSI)<\/p>\n<\/div>\n\n\n\n<div class=\"wp-block-column is-layout-flow wp-block-column-is-layout-flow\">\n<p>Prof. Dr. Fabian Muniesa<br>Dr. Florence Paterson<\/p>\n<\/div>\n<\/div>\n<\/div>\n<\/div>\n\n\n\n<div class=\"wp-block-columns is-layout-flex wp-container-core-columns-is-layout-9d6595d7 wp-block-columns-is-layout-flex\">\n<div class=\"wp-block-column is-layout-flow wp-block-column-is-layout-flow\">\n<div class=\"wp-block-columns is-layout-flex wp-container-core-columns-is-layout-9d6595d7 wp-block-columns-is-layout-flex\">\n<div class=\"wp-block-column is-layout-flow wp-block-column-is-layout-flow\">\n<p>Niederlande<\/p>\n<\/div>\n\n\n\n<div class=\"wp-block-column is-layout-flow wp-block-column-is-layout-flow\">\n<p>Universit\u00e4t Leiden<\/p>\n<\/div>\n<\/div>\n<\/div>\n\n\n\n<div class=\"wp-block-column is-layout-flow wp-block-column-is-layout-flow\">\n<div class=\"wp-block-columns is-layout-flex wp-container-core-columns-is-layout-9d6595d7 wp-block-columns-is-layout-flex\">\n<div class=\"wp-block-column is-layout-flow wp-block-column-is-layout-flow\">\n<p>Institute of Political Science<br>Department of Government<\/p>\n<\/div>\n\n\n\n<div class=\"wp-block-column is-layout-flow wp-block-column-is-layout-flow\">\n<p>Prof. Dr. Arjen Boin<br>Prof. Dr. Martin Lodge<br>Prof. Dr. Andrea Mennicken<\/p>\n<\/div>\n<\/div>\n\n\n\n<p><\/p>\n<\/div>\n<\/div>\n\n\n\n<div class=\"wp-block-columns is-layout-flex wp-container-core-columns-is-layout-9d6595d7 wp-block-columns-is-layout-flex\">\n<div class=\"wp-block-column is-layout-flow wp-block-column-is-layout-flow\">\n<div class=\"wp-block-columns is-layout-flex wp-container-core-columns-is-layout-9d6595d7 wp-block-columns-is-layout-flex\">\n<div class=\"wp-block-column is-layout-flow wp-block-column-is-layout-flow\">\n<p>UK<\/p>\n<\/div>\n\n\n\n<div class=\"wp-block-column is-layout-flow wp-block-column-is-layout-flow\">\n<p>London School of Economics and Political Sciences (LSE)<\/p>\n<\/div>\n<\/div>\n<\/div>\n\n\n\n<div class=\"wp-block-column is-layout-flow wp-block-column-is-layout-flow\">\n<div class=\"wp-block-columns is-layout-flex wp-container-core-columns-is-layout-9d6595d7 wp-block-columns-is-layout-flex\">\n<div class=\"wp-block-column is-layout-flow wp-block-column-is-layout-flow\">\n<p>Department of Accounting<\/p>\n<\/div>\n\n\n\n<div class=\"wp-block-column is-layout-flow wp-block-column-is-layout-flow\">\n<p>Prof.&nbsp;Dr.&nbsp;Peter Miller<br>Prof.&nbsp;Dr.&nbsp;Liisa Kurunm\u00e4ki<\/p>\n<\/div>\n<\/div>\n<\/div>\n<\/div>\n\n\n\n<div class=\"wp-block-columns is-layout-flex wp-container-core-columns-is-layout-9d6595d7 wp-block-columns-is-layout-flex\">\n<div class=\"wp-block-column is-layout-flow wp-block-column-is-layout-flow\">\n<div class=\"wp-block-columns is-layout-flex wp-container-core-columns-is-layout-9d6595d7 wp-block-columns-is-layout-flex\">\n<div class=\"wp-block-column is-layout-flow wp-block-column-is-layout-flow\">\n<p>Deutschland<\/p>\n<\/div>\n\n\n\n<div class=\"wp-block-column is-layout-flow wp-block-column-is-layout-flow\">\n<p>Universit\u00e4t Bielefeld<\/p>\n<\/div>\n<\/div>\n<\/div>\n\n\n\n<div class=\"wp-block-column is-layout-flow wp-block-column-is-layout-flow\">\n<div class=\"wp-block-columns is-layout-flex wp-container-core-columns-is-layout-9d6595d7 wp-block-columns-is-layout-flex\">\n<div class=\"wp-block-column is-layout-flow wp-block-column-is-layout-flow\">\n<p>Fakult\u00e4t f\u00fcr Soziologie; Arbeitsbereich<br>Recht &amp; Gesellschaft<\/p>\n<\/div>\n\n\n\n<div class=\"wp-block-column is-layout-flow wp-block-column-is-layout-flow\">\n<p>Prof.&nbsp;Dr.&nbsp;Michael Huber<br>Prof.&nbsp;Dr.&nbsp;Alfons Bora<\/p>\n<\/div>\n<\/div>\n<\/div>\n<\/div>\n\n\n\n<div class=\"wp-block-columns is-layout-flex wp-container-core-columns-is-layout-9d6595d7 wp-block-columns-is-layout-flex\">\n<div class=\"wp-block-column is-layout-flow wp-block-column-is-layout-flow\">\n<div class=\"wp-block-columns is-layout-flex wp-container-core-columns-is-layout-9d6595d7 wp-block-columns-is-layout-flex\">\n<div class=\"wp-block-column is-layout-flow wp-block-column-is-layout-flow\"><\/div>\n\n\n\n<div class=\"wp-block-column is-layout-flow wp-block-column-is-layout-flow\">\n<p>Helmut-Schmidt-Universit\u00e4t Hamburg<\/p>\n<\/div>\n<\/div>\n<\/div>\n\n\n\n<div class=\"wp-block-column is-layout-flow wp-block-column-is-layout-flow\">\n<div class=\"wp-block-columns is-layout-flex wp-container-core-columns-is-layout-9d6595d7 wp-block-columns-is-layout-flex\">\n<div class=\"wp-block-column is-layout-flow wp-block-column-is-layout-flow\">\n<p>Institut f\u00fcr Controlling &amp; Unternehmensrechnung<\/p>\n<\/div>\n\n\n\n<div class=\"wp-block-column is-layout-flow wp-block-column-is-layout-flow\">\n<p>Prof.&nbsp;Dr.&nbsp;Tobias Scheytt<br>Dr.&nbsp;Christian Huber<\/p>\n<\/div>\n<\/div>\n<\/div>\n<\/div>\n","protected":false},"excerpt":{"rendered":"<p>Kooperatives Forschungsprojekt der London School of Economics and Political Sciences (UK), \u00c9cole nationale sup\u00e9rieure de mines de Paris (Frankreich), Universiteit Leiden (Niederlande), Universit\u00e4t Bielefeld und der Helmut-Schmidt-Universit\u00e4t (Deutschland) Inhaltsverzeichnis Abstract [&hellip;]<\/p>\n","protected":false},"author":2885,"featured_media":0,"parent":0,"menu_order":0,"comment_status":"closed","ping_status":"closed","template":"","meta":{"footnotes":""},"categories":[4],"tags":[],"class_list":["post-200","page","type-page","status-publish","hentry","category-forschung"],"_links":{"self":[{"href":"https:\/\/www.hsu-hh.de\/icu\/wp-json\/wp\/v2\/pages\/200","targetHints":{"allow":["GET"]}}],"collection":[{"href":"https:\/\/www.hsu-hh.de\/icu\/wp-json\/wp\/v2\/pages"}],"about":[{"href":"https:\/\/www.hsu-hh.de\/icu\/wp-json\/wp\/v2\/types\/page"}],"author":[{"embeddable":true,"href":"https:\/\/www.hsu-hh.de\/icu\/wp-json\/wp\/v2\/users\/2885"}],"replies":[{"embeddable":true,"href":"https:\/\/www.hsu-hh.de\/icu\/wp-json\/wp\/v2\/comments?post=200"}],"version-history":[{"count":3,"href":"https:\/\/www.hsu-hh.de\/icu\/wp-json\/wp\/v2\/pages\/200\/revisions"}],"predecessor-version":[{"id":572,"href":"https:\/\/www.hsu-hh.de\/icu\/wp-json\/wp\/v2\/pages\/200\/revisions\/572"}],"wp:attachment":[{"href":"https:\/\/www.hsu-hh.de\/icu\/wp-json\/wp\/v2\/media?parent=200"}],"wp:term":[{"taxonomy":"category","embeddable":true,"href":"https:\/\/www.hsu-hh.de\/icu\/wp-json\/wp\/v2\/categories?post=200"},{"taxonomy":"post_tag","embeddable":true,"href":"https:\/\/www.hsu-hh.de\/icu\/wp-json\/wp\/v2\/tags?post=200"}],"curies":[{"name":"wp","href":"https:\/\/api.w.org\/{rel}","templated":true}]}}