{"id":184,"date":"2021-01-21T13:59:46","date_gmt":"2021-01-21T12:59:46","guid":{"rendered":"https:\/\/www.hsu-hh.de\/icu\/?page_id=184"},"modified":"2021-01-30T10:41:22","modified_gmt":"2021-01-30T09:41:22","slug":"abschlusstagung","status":"publish","type":"page","link":"https:\/\/www.hsu-hh.de\/icu\/abschlusstagung\/","title":{"rendered":"Abschlusstagung"},"content":{"rendered":"\n<h5 class=\"wp-block-heading\">Steuerung und Effekte von Qualit\u00e4tssicherung und Qualit\u00e4tsmanagement in Studium und Lehre<\/h5>\n\n\n\n<p><em>Gemeinsame Abschlusstagung der Projekte&nbsp;EIQSL,&nbsp;WiQu&nbsp;und&nbsp;WirQung&nbsp;am 28. und 29. September 2017 an der Helmut-Schmidt-Universit\u00e4t\/Universit\u00e4t der Bundeswehr Hamburg<\/em><\/p>\n\n\n\n<p>Seit den 1990er Jahre wurden im Bereich Studium und Lehre zunehmend Evaluations- und Akkreditierungsverfahren eingef\u00fchrt. Trotz der kontroversen Diskussion dieser von der Hochschulpolitik und den Hochschulen bef\u00f6rderten Entwicklung existieren nur wenige wissenschaftliche Erkenntnisse \u00fcber die Steuerung und die Effekte von Qualit\u00e4tssicherung (QS) bzw. Qualit\u00e4tsmanagement (QM) im Bereich Studium und Lehre.<\/p>\n\n\n\n<p>Vor diesem Hintergrund untersuchen drei vom Bundesministerium f\u00fcr Bildung und Forschung (BMBF) gef\u00f6rderte Forschungsprojekte die QS und das QM deutscher Hochschulen:<\/p>\n\n\n\n<ul class=\"wp-block-list\"><li>Das Projekt EIQSL setzt sich mit der Legitimation unterschiedlicher Verfahren sowie mit dem Zusammenhang und den Effekten der hochschulinternen und -externen Steuerung von Studium und Lehre auseinander.<\/li><li>Das Projekt WiQu untersucht prozedurale, strukturelle und personelle Wirkungsfaktoren von QS und QM.<\/li><li>Das Projekt WirQung wirft eine steuerungstheoretische Perspektive auf die Wirkungsweise und Wirksamkeit qualit\u00e4tsbezogener Steuerungspraktiken.<\/li><\/ul>\n\n\n\n<p>Ihre empirischen Ergebnisse stellen die Forschungsprojekte im Rahmen einer gemeinsamen Abschlusstagung am 28. und 29. September 2017 vor. Ziel dessen ist es, die sich erg\u00e4nzenden Analysen zum Untersuchungsgegenstand QS\/QM zusammenzubringen und dabei sowohl hochschulexterne als auch hochschulinterne Dynamiken und Effekte sowie Qualit\u00e4ts- und Steuerungsvorstellungen in den Blick zu nehmen. Neben der wissenschaftlichen Auseinandersetzung mit den gewonnenen Forschungsergebnissen dient die Tagung auch der Diskussion und Reflexion m\u00f6glicher Implikationen f\u00fcr die Praxis und Weiterentwicklung von QS\/QM.<\/p>\n\n\n\n<p>Entsprechend richtet sich die Tagung sowohl an Forscherinnen und Forscher, die sich f\u00fcr die Sicherung und das Management der Qualit\u00e4t von Studium und Lehre an Hochschulen interessieren, als auch an QM-Praktikerinnen und Praktiker in den Hochschulen, an Akteure der Hochschulpolitik und der externen Qualit\u00e4tssicherung.<\/p>\n\n\n\n<p>Aktuelle Hinweise finden Sie auch auf twitter unter&nbsp;<a rel=\"noreferrer noopener\" href=\"https:\/\/twitter.com\/hashtag\/QMTagung2017\" target=\"_blank\">#QMTagung2017<\/a>.<\/p>\n\n\n\n<h4 class=\"wp-block-heading\">Veranstalter<\/h4>\n\n\n\n<p>Die Tagung wird gemeinsam durch die vom <a href=\"https:\/\/www.bmbf.de\/\" data-type=\"URL\" data-id=\"https:\/\/www.bmbf.de\/\" rel='nofollow'>BMBF<\/a> gef\u00f6rderte Forschungsprojekte WiQu, WirQung und EIQSL veranstaltet:<\/p>\n\n\n\n<ul class=\"wp-block-list\"><li>WiQu: Wirkungsforschung in der Qualit\u00e4tssicherung von Lehre und Studium \u2013 prozedurale, strukturelle und personelle Ursachen der Wirkungen von Qualit\u00e4tssicherungseinrichtungen (F\u00f6rderinitiative&nbsp;Leistungsbewertung in der Wissenschaft, F\u00f6rderkennzeichen 01PY13003)<\/li><li>WirQung: Die Organisation des Qualit\u00e4tsmanagements \u2013 Wirkmechanismen und Wirksamkeit organisationaler Ans\u00e4tze in Studium und Lehre (F\u00f6rderkennzeichen 01PB14006)<\/li><li>EIQSL: Externe und interne Qualit\u00e4tssicherung von Studium und Lehre durch Akkreditierungs- und Evaluationsverfahren (F\u00f6rderinitiative&nbsp;Leistungsbewertung in der Wissenschaft, F\u00f6rderkennzeichen 01PY13017)<\/li><\/ul>\n\n\n\n<p>F\u00fcr Fragen steht das Organisationsteam unter der E-Mailadresse&nbsp;<a href=\"mailto:QMTagung@hsu-hh.de?subject=QM-Tagung%202017\" rel='nofollow'>QMTagung@hsu-hh.de<\/a>&nbsp;gerne zur Verf\u00fcgung:<\/p>\n\n\n\n<ul class=\"wp-block-list\"><li>Dr.&nbsp;Florian Reith<br>Empirische Sozialforschung und Statistik,&nbsp;Helmut-Schmidt-Universit\u00e4t\/Universit\u00e4t der Bundeswehr Hamburg<\/li><\/ul>\n\n\n\n<ul class=\"wp-block-list\"><li>Dipl.-Ing. Benjamin Ditzel<br>Institut f\u00fcr Controlling und Unternehmensrechnung,&nbsp;Helmut-Schmidt-Universit\u00e4t\/Universit\u00e4t der Bundeswehr Hamburg<\/li><\/ul>\n\n\n\n<ul class=\"wp-block-list\"><li>Janosch Baumann<br><a href=\"https:\/\/www.uni-kassel.de\/einrichtungen\/incher\/startseite.html\" target=\"_blank\" rel=\"noreferrer noopener\">INCHER-Kassel<\/a>, Universit\u00e4t Kassel<\/li><\/ul>\n\n\n\n<h4 class=\"wp-block-heading\">Dokumentation der Tagung<\/h4>\n\n\n\n<p>Projektvorstellung WiQu&nbsp;(Dr.&nbsp;M. Seyfried, WiQu)<\/p>\n\n\n\n<div class=\"wp-block-hsu-downloadblock\"><div class=\"thumbnail-area\"><img decoding=\"async\" src=\"\/wp-content\/themes\/hsu\/img\/dummy\/downloads_dummy.png\" alt=\"Download Symbol-Icon\" \/><\/div><div class=\"text-area\">Projektvorstellung WiQu<\/div><div class=\"download-area\"><a class=\"download-link\" href=\"https:\/\/www.hsu-hh.de\/icu\/wp-content\/uploads\/sites\/851\/2021\/01\/WiQu-2017-Projektvorstellung.pdf\"><span class=\"download-name\">pdf laden<\/span><span class=\"download-icon\"><img decoding=\"async\" class=\"download-icon\" alt=\"download icon\" src=\"\/wp-content\/themes\/hsu\/img\/icons\/download_icon.png\" \/><\/span><span class=\"download-size\">398 kB<\/span><\/a><\/div><\/div>\n\n\n\n<p>Plenum 1:&nbsp;Thesen&nbsp;(Prof.&nbsp;Dr.&nbsp;T. Scheytt, WirQung)<\/p>\n\n\n\n<div class=\"wp-block-hsu-downloadblock\"><div class=\"thumbnail-area\"><img decoding=\"async\" src=\"\/wp-content\/themes\/hsu\/img\/dummy\/downloads_dummy.png\" alt=\"Download Symbol-Icon\" \/><\/div><div class=\"text-area\">Thesen Plenum 1<\/div><div class=\"download-area\"><a class=\"download-link\" href=\"https:\/\/www.hsu-hh.de\/icu\/wp-content\/uploads\/sites\/851\/2021\/01\/Scheytt-2017-Thesen-Plenum-1.pdf\"><span class=\"download-name\">pdf laden<\/span><span class=\"download-icon\"><img decoding=\"async\" class=\"download-icon\" alt=\"download icon\" src=\"\/wp-content\/themes\/hsu\/img\/icons\/download_icon.png\" \/><\/span><span class=\"download-size\">105 kB<\/span><\/a><\/div><\/div>\n\n\n\n<p>Forum 1:&nbsp;<strong>Qualit\u00e4tssicherung und Verfahren<\/strong><\/p>\n\n\n\n<ul class=\"wp-block-list\"><li>Serving Two Masters: QM zwischen Entwicklung und Legitimation&nbsp;(M. Ansmann, WiQu)<\/li><\/ul>\n\n\n\n<div class=\"wp-block-hsu-downloadblock\"><div class=\"thumbnail-area\"><img decoding=\"async\" src=\"\/wp-content\/themes\/hsu\/img\/dummy\/downloads_dummy.png\" alt=\"Download Symbol-Icon\" \/><\/div><div class=\"text-area\">Serving Two Masters<\/div><div class=\"download-area\"><a class=\"download-link\" href=\"https:\/\/www.hsu-hh.de\/icu\/wp-content\/uploads\/sites\/851\/2021\/01\/Ansmann-2017-Serving-Two-Masters.pdf\"><span class=\"download-name\">pdf laden<\/span><span class=\"download-icon\"><img decoding=\"async\" class=\"download-icon\" alt=\"download icon\" src=\"\/wp-content\/themes\/hsu\/img\/icons\/download_icon.png\" \/><\/span><span class=\"download-size\">420 kB<\/span><\/a><\/div><\/div>\n\n\n\n<p>Forum 2:&nbsp;<strong>Governance von Qualit\u00e4t<\/strong><\/p>\n\n\n\n<ul class=\"wp-block-list\"><li>B\u00fcrokratisierung durch QM?&nbsp;&nbsp;(Dr.&nbsp;M. Seyfried, WiQu)<\/li><\/ul>\n\n\n\n<div class=\"wp-block-hsu-downloadblock\"><div class=\"thumbnail-area\"><img decoding=\"async\" src=\"\/wp-content\/themes\/hsu\/img\/dummy\/downloads_dummy.png\" alt=\"Download Symbol-Icon\" \/><\/div><div class=\"text-area\">QM und B\u00fcrokratie<\/div><div class=\"download-area\"><a class=\"download-link\" href=\"https:\/\/www.hsu-hh.de\/icu\/wp-content\/uploads\/sites\/851\/2021\/01\/Seyfried-2017-QM-und-Buerokratie.pdf\"><span class=\"download-name\">pdf laden<\/span><span class=\"download-icon\"><img decoding=\"async\" class=\"download-icon\" alt=\"download icon\" src=\"\/wp-content\/themes\/hsu\/img\/icons\/download_icon.png\" \/><\/span><span class=\"download-size\">851 kB<\/span><\/a><\/div><\/div>\n\n\n\n<p>Forum 3:&nbsp;<strong>Formen des QM<\/strong><\/p>\n\n\n\n<ul class=\"wp-block-list\"><li>Unterschiedliche Steuerungslogiken von QS\/QM in Studium und Lehre\u00a0 (B. Ditzel, WirQung)<\/li><li>Formen des QM in der Praxis\u00a0 (Prof.\u00a0Dr.\u00a0A. Boentert, FH M\u00fcnster)<\/li><\/ul>\n\n\n\n<div class=\"wp-block-hsu-downloadblock\"><div class=\"thumbnail-area\"><img decoding=\"async\" src=\"\/wp-content\/themes\/hsu\/img\/dummy\/downloads_dummy.png\" alt=\"Download Symbol-Icon\" \/><\/div><div class=\"text-area\">Steuerungslogiken QM<\/div><div class=\"download-area\"><a class=\"download-link\" href=\"https:\/\/www.hsu-hh.de\/icu\/wp-content\/uploads\/sites\/851\/2021\/01\/Steuerungslogiken-QM.pdf\"><span class=\"download-name\">pdf laden<\/span><span class=\"download-icon\"><img decoding=\"async\" class=\"download-icon\" alt=\"download icon\" src=\"\/wp-content\/themes\/hsu\/img\/icons\/download_icon.png\" \/><\/span><span class=\"download-size\">710 kB<\/span><\/a><\/div><\/div>\n\n\n\n<div class=\"wp-block-hsu-downloadblock\"><div class=\"thumbnail-area\"><img decoding=\"async\" src=\"\/wp-content\/themes\/hsu\/img\/dummy\/downloads_dummy.png\" alt=\"Download Symbol-Icon\" \/><\/div><div class=\"text-area\">Formen des QM<\/div><div class=\"download-area\"><a class=\"download-link\" href=\"https:\/\/www.hsu-hh.de\/icu\/wp-content\/uploads\/sites\/851\/2021\/01\/Formen-des-QM.pdf\"><span class=\"download-name\">pdf laden<\/span><span class=\"download-icon\"><img decoding=\"async\" class=\"download-icon\" alt=\"download icon\" src=\"\/wp-content\/themes\/hsu\/img\/icons\/download_icon.png\" \/><\/span><span class=\"download-size\">1 MB<\/span><\/a><\/div><\/div>\n\n\n\n<p>Forum 5:&nbsp;<strong>Widerstand gegen QM<\/strong><\/p>\n\n\n\n<ul class=\"wp-block-list\"><li>Abwehrmuster gleich Widerstand? Zur Er\u00f6rterung der Motive von Professoren im Umgang mit QM&nbsp;(M. Lust, WirQung)<\/li><\/ul>\n\n\n\n<div class=\"wp-block-hsu-downloadblock\"><div class=\"thumbnail-area\"><img decoding=\"async\" src=\"\/wp-content\/themes\/hsu\/img\/dummy\/downloads_dummy.png\" alt=\"Download Symbol-Icon\" \/><\/div><div class=\"text-area\">Abwehrmuster gleich Widerstand<\/div><div class=\"download-area\"><a class=\"download-link\" href=\"https:\/\/www.hsu-hh.de\/icu\/wp-content\/uploads\/sites\/851\/2021\/01\/Abwehrmuster-gleich-Widerstand.pdf\"><span class=\"download-name\">pdf laden<\/span><span class=\"download-icon\"><img decoding=\"async\" class=\"download-icon\" alt=\"download icon\" src=\"\/wp-content\/themes\/hsu\/img\/icons\/download_icon.png\" \/><\/span><span class=\"download-size\">541 kB<\/span><\/a><\/div><\/div>\n\n\n\n<p>Forum 7:&nbsp;<strong>Wirksamkeit von QM<\/strong><\/p>\n\n\n\n<ul class=\"wp-block-list\"><li>Ziele und Effekte von QM&nbsp;&nbsp;(Dr.&nbsp;M. Seyfried, WiQu)<\/li><li>Bedingte Wirksamkeit von QM&nbsp; (B. Ditzel, WirQung)<\/li><\/ul>\n\n\n\n<div class=\"wp-block-hsu-downloadblock\"><div class=\"thumbnail-area\"><img decoding=\"async\" src=\"\/wp-content\/themes\/hsu\/img\/dummy\/downloads_dummy.png\" alt=\"Download Symbol-Icon\" \/><\/div><div class=\"text-area\">Ziele und Effekte QM<\/div><div class=\"download-area\"><a class=\"download-link\" href=\"https:\/\/www.hsu-hh.de\/icu\/wp-content\/uploads\/sites\/851\/2021\/01\/Ziele-und-Effekte-QM.pdf\"><span class=\"download-name\">pdf laden<\/span><span class=\"download-icon\"><img decoding=\"async\" class=\"download-icon\" alt=\"download icon\" src=\"\/wp-content\/themes\/hsu\/img\/icons\/download_icon.png\" \/><\/span><span class=\"download-size\">257 kB<\/span><\/a><\/div><\/div>\n\n\n\n<div class=\"wp-block-hsu-downloadblock\"><div class=\"thumbnail-area\"><img decoding=\"async\" src=\"\/wp-content\/themes\/hsu\/img\/dummy\/downloads_dummy.png\" alt=\"Download Symbol-Icon\" \/><\/div><div class=\"text-area\">Bedingte Wirksamkeit QM<\/div><div class=\"download-area\"><a class=\"download-link\" href=\"https:\/\/www.hsu-hh.de\/icu\/wp-content\/uploads\/sites\/851\/2021\/01\/Bedingte-Wirksamkeit-QM.pdf\"><span class=\"download-name\">pdf laden<\/span><span class=\"download-icon\"><img decoding=\"async\" class=\"download-icon\" alt=\"download icon\" src=\"\/wp-content\/themes\/hsu\/img\/icons\/download_icon.png\" \/><\/span><span class=\"download-size\">614 kB<\/span><\/a><\/div><\/div>\n\n\n\n<p>Forum 8:&nbsp;<strong>organisationale Praxis des QM<\/strong><\/p>\n\n\n\n<ul class=\"wp-block-list\"><li>Qualit\u00e4tsmanagement zwischen Expertentum und Macht&nbsp;(Prof.&nbsp;Dr.&nbsp;T. Scheytt, WirQung)<\/li><\/ul>\n\n\n\n<div class=\"wp-block-hsu-downloadblock\"><div class=\"thumbnail-area\"><img decoding=\"async\" src=\"\/wp-content\/themes\/hsu\/img\/dummy\/downloads_dummy.png\" alt=\"Download Symbol-Icon\" \/><\/div><div class=\"text-area\">Macht und Expertentum QM<\/div><div class=\"download-area\"><a class=\"download-link\" href=\"https:\/\/www.hsu-hh.de\/icu\/wp-content\/uploads\/sites\/851\/2021\/01\/Macht-und-Expertentum-QM.pdf\"><span class=\"download-name\">pdf laden<\/span><span class=\"download-icon\"><img decoding=\"async\" class=\"download-icon\" alt=\"download icon\" src=\"\/wp-content\/themes\/hsu\/img\/icons\/download_icon.png\" \/><\/span><span class=\"download-size\">466 kB<\/span><\/a><\/div><\/div>\n\n\n\n<p>Forum 10:&nbsp;<strong>Qualit\u00e4tsmanagement-Personal<\/strong><\/p>\n\n\n\n<ul class=\"wp-block-list\"><li>Der perfekte QMler&nbsp; (Dr.&nbsp;F. Reith, WiQU)<\/li><li>Kommentierung&nbsp;durch B. Ditzel (WirQung)<\/li><\/ul>\n\n\n\n<div class=\"wp-block-hsu-downloadblock\"><div class=\"thumbnail-area\"><img decoding=\"async\" src=\"\/wp-content\/themes\/hsu\/img\/dummy\/downloads_dummy.png\" alt=\"Download Symbol-Icon\" \/><\/div><div class=\"text-area\">Der perfekte QMler<\/div><div class=\"download-area\"><a class=\"download-link\" href=\"https:\/\/www.hsu-hh.de\/icu\/wp-content\/uploads\/sites\/851\/2021\/01\/Der-perfekte-QMler.pdf\"><span class=\"download-name\">pdf laden<\/span><span class=\"download-icon\"><img decoding=\"async\" class=\"download-icon\" alt=\"download icon\" src=\"\/wp-content\/themes\/hsu\/img\/icons\/download_icon.png\" \/><\/span><span class=\"download-size\">621 kB<\/span><\/a><\/div><\/div>\n\n\n\n<div class=\"wp-block-hsu-downloadblock\"><div class=\"thumbnail-area\"><img decoding=\"async\" src=\"\/wp-content\/themes\/hsu\/img\/dummy\/downloads_dummy.png\" alt=\"Download Symbol-Icon\" \/><\/div><div class=\"text-area\">Kommentierung durch Ditzel<\/div><div class=\"download-area\"><a class=\"download-link\" href=\"https:\/\/www.hsu-hh.de\/icu\/wp-content\/uploads\/sites\/851\/2021\/01\/Kommentierung-durch-Ditzel.pdf\"><span class=\"download-name\">pdf laden<\/span><span class=\"download-icon\"><img decoding=\"async\" class=\"download-icon\" alt=\"download icon\" src=\"\/wp-content\/themes\/hsu\/img\/icons\/download_icon.png\" \/><\/span><span class=\"download-size\">300 kB<\/span><\/a><\/div><\/div>\n\n\n\n<p>Forum 11:&nbsp;<strong>QM &#8211; Reflexionen aus der Praxis<\/strong><\/p>\n\n\n\n<ul class=\"wp-block-list\"><li>Traumzeit oder Realit\u00e4tssinn: QM-ExpertInnen und ihr Blick auf ihre Praxis&nbsp; (Prof.&nbsp;Dr.&nbsp;T. Scheytt, B. Ditzel, M. Lust, WirQung)<\/li><\/ul>\n\n\n\n<div class=\"wp-block-hsu-downloadblock\"><div class=\"thumbnail-area\"><img decoding=\"async\" src=\"\/wp-content\/themes\/hsu\/img\/dummy\/downloads_dummy.png\" alt=\"Download Symbol-Icon\" \/><\/div><div class=\"text-area\">Traumzeit oder Realitaetssinn<\/div><div class=\"download-area\"><a class=\"download-link\" href=\"https:\/\/www.hsu-hh.de\/icu\/wp-content\/uploads\/sites\/851\/2021\/01\/Traumzeit-oder-Realitaetssinn.pdf\"><span class=\"download-name\">pdf laden<\/span><span class=\"download-icon\"><img decoding=\"async\" class=\"download-icon\" alt=\"download icon\" src=\"\/wp-content\/themes\/hsu\/img\/icons\/download_icon.png\" \/><\/span><span class=\"download-size\">773 kB<\/span><\/a><\/div><\/div>\n\n\n\n<h5 class=\"wp-block-heading\">Tagungsprogramm und ausf\u00fchrliches Programmheft mit Abstracts zu den Foren<\/h5>\n\n\n\n<div class=\"wp-block-hsu-downloadblock\"><div class=\"thumbnail-area\"><img decoding=\"async\" src=\"\/wp-content\/themes\/hsu\/img\/dummy\/downloads_dummy.png\" alt=\"Download Symbol-Icon\" \/><\/div><div class=\"text-area\">Tagungsprogramm<\/div><div class=\"download-area\"><a class=\"download-link\" href=\"https:\/\/www.hsu-hh.de\/icu\/wp-content\/uploads\/sites\/851\/2021\/01\/Tagungsprogramm.pdf\"><span class=\"download-name\">pdf laden<\/span><span class=\"download-icon\"><img decoding=\"async\" class=\"download-icon\" alt=\"download icon\" src=\"\/wp-content\/themes\/hsu\/img\/icons\/download_icon.png\" \/><\/span><span class=\"download-size\">723 kB<\/span><\/a><\/div><\/div>\n\n\n\n<div class=\"wp-block-hsu-downloadblock\"><div class=\"thumbnail-area\"><img decoding=\"async\" src=\"\/wp-content\/themes\/hsu\/img\/dummy\/downloads_dummy.png\" alt=\"Download Symbol-Icon\" \/><\/div><div class=\"text-area\">Programmheft<\/div><div class=\"download-area\"><a class=\"download-link\" href=\"https:\/\/www.hsu-hh.de\/icu\/wp-content\/uploads\/sites\/851\/2021\/01\/Programmheft.pdf\"><span class=\"download-name\">pdf laden<\/span><span class=\"download-icon\"><img decoding=\"async\" class=\"download-icon\" alt=\"download icon\" src=\"\/wp-content\/themes\/hsu\/img\/icons\/download_icon.png\" \/><\/span><span class=\"download-size\">808 kB<\/span><\/a><\/div><\/div>\n","protected":false},"excerpt":{"rendered":"<p>Steuerung und Effekte von Qualit\u00e4tssicherung und Qualit\u00e4tsmanagement in Studium und Lehre Gemeinsame Abschlusstagung der Projekte&nbsp;EIQSL,&nbsp;WiQu&nbsp;und&nbsp;WirQung&nbsp;am 28. und 29. September 2017 an der Helmut-Schmidt-Universit\u00e4t\/Universit\u00e4t der Bundeswehr Hamburg Seit den 1990er Jahre [&hellip;]<\/p>\n","protected":false},"author":2885,"featured_media":0,"parent":0,"menu_order":0,"comment_status":"closed","ping_status":"closed","template":"","meta":{"footnotes":""},"categories":[4],"tags":[],"class_list":["post-184","page","type-page","status-publish","hentry","category-forschung"],"_links":{"self":[{"href":"https:\/\/www.hsu-hh.de\/icu\/wp-json\/wp\/v2\/pages\/184","targetHints":{"allow":["GET"]}}],"collection":[{"href":"https:\/\/www.hsu-hh.de\/icu\/wp-json\/wp\/v2\/pages"}],"about":[{"href":"https:\/\/www.hsu-hh.de\/icu\/wp-json\/wp\/v2\/types\/page"}],"author":[{"embeddable":true,"href":"https:\/\/www.hsu-hh.de\/icu\/wp-json\/wp\/v2\/users\/2885"}],"replies":[{"embeddable":true,"href":"https:\/\/www.hsu-hh.de\/icu\/wp-json\/wp\/v2\/comments?post=184"}],"version-history":[{"count":5,"href":"https:\/\/www.hsu-hh.de\/icu\/wp-json\/wp\/v2\/pages\/184\/revisions"}],"predecessor-version":[{"id":574,"href":"https:\/\/www.hsu-hh.de\/icu\/wp-json\/wp\/v2\/pages\/184\/revisions\/574"}],"wp:attachment":[{"href":"https:\/\/www.hsu-hh.de\/icu\/wp-json\/wp\/v2\/media?parent=184"}],"wp:term":[{"taxonomy":"category","embeddable":true,"href":"https:\/\/www.hsu-hh.de\/icu\/wp-json\/wp\/v2\/categories?post=184"},{"taxonomy":"post_tag","embeddable":true,"href":"https:\/\/www.hsu-hh.de\/icu\/wp-json\/wp\/v2\/tags?post=184"}],"curies":[{"name":"wp","href":"https:\/\/api.w.org\/{rel}","templated":true}]}}