{"id":1788,"date":"2025-11-05T15:46:10","date_gmt":"2025-11-05T14:46:10","guid":{"rendered":"https:\/\/www.hsu-hh.de\/icu\/?page_id=1788"},"modified":"2025-11-05T18:31:15","modified_gmt":"2025-11-05T17:31:15","slug":"wips","status":"publish","type":"page","link":"https:\/\/www.hsu-hh.de\/icu\/wips\/","title":{"rendered":"WIPS &#8211; Wirkungsmessung in der Pr\u00e4ventionsarbeit an Schulen"},"content":{"rendered":"\n<p><strong>Das Forschungsprojekt WIPS (Wirkungsmessung in der Pr\u00e4ventionsarbeit an Schulen) an der Helmut-Schmidt-Universit\u00e4t Hamburg kooperiert eng mit dem Hamburger Verein BOXSCHOOL &#8211; Verein f\u00fcr Gewaltpr\u00e4vention. In dieser Zusammenarbeit erarbeiten die Mitarbeiter und Mitarbeiterinnen beider Institutionen gemeinsam ein Konzept zur \u201eWirkungsmessung in der schulischen Pr\u00e4ventionsarbeit\u201c<\/strong>. <strong>Mit Hilfe eines solchen Konzeptes soll es Organisationen in der Gewaltpr\u00e4ventionsarbeit erm\u00f6glicht werden, die eigenen Angebote zielorientiert an den Bed\u00fcrfnissen der Kinder und Jugendlichen anzupassen. Zugleich sollen die Ergebnisse der Wirkungsmessungen als Referenzen f\u00fcr den Ausbau der Zusammenarbeit mit Schulen, sowie f\u00fcr Kooperationen mit zust\u00e4ndigen Beh\u00f6rden\/F\u00f6rdermittelgebern und unterst\u00fctzenden Unternehmen genutzt werden. Die Wirkungsmessung beruht auf dem Konzept des Public Value und verwandten Konzepten der Evaluationsforschung (Programmevaluation).<\/strong><\/p>\n\n\n\n<p>Das Forschungsprojekt hat eine voraussichtliche Laufzeit von 01. August 2025 bis 31. M\u00e4rz 2026. Nach Festlegung der konzeptionellen Parameter erfolgt im ersten Halbjahr des Schuljahres 2025\/2026 die Datenerhebung in der schulischen Pr\u00e4ventionsarbeit. Daran schlie\u00dft sich die kooperative Konzeptentwicklung an. Die Publikation der Forschungsergebnisse erfolgt nach M\u00e4rz 2026.<\/p>\n\n\n\n<p>  <\/p>\n\n\n\n<div class=\"wp-block-columns is-layout-flex wp-container-core-columns-is-layout-9d6595d7 wp-block-columns-is-layout-flex\">\n<div class=\"wp-block-column is-layout-flow wp-block-column-is-layout-flow\" style=\"flex-basis:66.66%\">\n<p><strong>Unser Kooperationspartner: <a href=\"https:\/\/boxschool.jimdoweb.com\/\" rel='nofollow'>BOXSCHOOL &#8211; Verein f\u00fcr Gewaltpr\u00e4vention e.V.<\/a> <\/strong><\/p>\n\n\n\n<p>BOXSCHOOL e.V. widmet sich der F\u00f6rderung der Jugendhilfe sowie des Sports und versteht sich als Unterst\u00fctzung f\u00fcr Hamburger Schulen im Umgang mit deliquenten, dissozial- und gewaltauff\u00e4lligen Kindern und Jugendlichen, sowie Kindern und Jugendlichen, die im Abseits stehen oder Opfer von Gewalt geworden sind.<\/p>\n<\/div>\n\n\n\n<div class=\"wp-block-column is-layout-flow wp-block-column-is-layout-flow\">\n<figure class=\"wp-block-image size-full is-resized\"><img loading=\"lazy\" decoding=\"async\" width=\"258\" height=\"299\" src=\"https:\/\/www.hsu-hh.de\/icu\/wp-content\/uploads\/sites\/851\/2025\/11\/Boxschool-e.V.jpg\" data-credit=\"Boxschool e.V.\" alt=\"Boxschool e.V.\" class=\"wp-image-1792\" style=\"width:224px;height:auto\" \/><\/figure>\n<\/div>\n\n\n\n<div class=\"wp-block-column is-layout-flow wp-block-column-is-layout-flow\" style=\"flex-basis:33.33%\"><\/div>\n<\/div>\n\n\n\n<p><\/p>\n\n\n\n<p><\/p>\n\n\n\n<p><\/p>\n","protected":false},"excerpt":{"rendered":"<p>Das Forschungsprojekt WIPS (Wirkungsmessung in der Pr\u00e4ventionsarbeit an Schulen) an der Helmut-Schmidt-Universit\u00e4t Hamburg kooperiert eng mit dem Hamburger Verein BOXSCHOOL &#8211; Verein f\u00fcr Gewaltpr\u00e4vention. In dieser Zusammenarbeit erarbeiten die Mitarbeiter [&hellip;]<\/p>\n","protected":false},"author":2133,"featured_media":0,"parent":0,"menu_order":0,"comment_status":"closed","ping_status":"closed","template":"","meta":{"footnotes":""},"categories":[55],"tags":[],"class_list":["post-1788","page","type-page","status-publish","hentry","category-projekte"],"_links":{"self":[{"href":"https:\/\/www.hsu-hh.de\/icu\/wp-json\/wp\/v2\/pages\/1788","targetHints":{"allow":["GET"]}}],"collection":[{"href":"https:\/\/www.hsu-hh.de\/icu\/wp-json\/wp\/v2\/pages"}],"about":[{"href":"https:\/\/www.hsu-hh.de\/icu\/wp-json\/wp\/v2\/types\/page"}],"author":[{"embeddable":true,"href":"https:\/\/www.hsu-hh.de\/icu\/wp-json\/wp\/v2\/users\/2133"}],"replies":[{"embeddable":true,"href":"https:\/\/www.hsu-hh.de\/icu\/wp-json\/wp\/v2\/comments?post=1788"}],"version-history":[{"count":7,"href":"https:\/\/www.hsu-hh.de\/icu\/wp-json\/wp\/v2\/pages\/1788\/revisions"}],"predecessor-version":[{"id":1798,"href":"https:\/\/www.hsu-hh.de\/icu\/wp-json\/wp\/v2\/pages\/1788\/revisions\/1798"}],"wp:attachment":[{"href":"https:\/\/www.hsu-hh.de\/icu\/wp-json\/wp\/v2\/media?parent=1788"}],"wp:term":[{"taxonomy":"category","embeddable":true,"href":"https:\/\/www.hsu-hh.de\/icu\/wp-json\/wp\/v2\/categories?post=1788"},{"taxonomy":"post_tag","embeddable":true,"href":"https:\/\/www.hsu-hh.de\/icu\/wp-json\/wp\/v2\/tags?post=1788"}],"curies":[{"name":"wp","href":"https:\/\/api.w.org\/{rel}","templated":true}]}}