{"id":1551,"date":"2025-04-16T16:45:57","date_gmt":"2025-04-16T14:45:57","guid":{"rendered":"https:\/\/www.hsu-hh.de\/icu\/?page_id=1551"},"modified":"2025-09-23T13:45:12","modified_gmt":"2025-09-23T11:45:12","slug":"pregov4","status":"publish","type":"page","link":"https:\/\/www.hsu-hh.de\/icu\/projekte\/pregov\/pregov4\/","title":{"rendered":"PREGOV IV &#8211; Algorithmic prediction and governance of human wellbeing and social care"},"content":{"rendered":"\n<p>13-14th November 2025<\/p>\n\n\n\n<p><strong><strong>WORKSHOP<\/strong><\/strong><\/p>\n\n\n\n<p>Aufbauend auf den <a href=\"https:\/\/www.hsu-hh.de\/icu\/pregov\/\">Vorjahres-Workshops<\/a>, findet vom 13.-14. November 2025 die Fortsetzung \u201ePREGOV IV &#8211; Algorithmic prediction and governance of human wellbeing and social care\u201c in Hamburg statt. Der Workshop findet innerhalb des <a href=\"https:\/\/dtecbw.de\/home\" rel='nofollow'>dtec.bw Forschungsprojektes<\/a>  &#8222;<a href=\"https:\/\/www.hsu-hh.de\/icu\/diwop\/\">Digitalisierung in der freien Wohlfahrtspflege (DiWoP)<\/a>&#8220; statt.<\/p>\n\n\n\n<p>Ziel des Workshop wird es sein, die zunehmende Digitalisierung der Public Governance, mit besonderem Fokus auf die freie Wohlfahrtspflege, weiter zu erforschen und zu untersuchen, inwiefern neue Methoden der Datafizierung, Quantifizierung und Automatisierung es Regierungen und anderen m\u00e4chtigen Stakeholdern erm\u00f6glichen, zukunftsbezogene Prognosen zu konstruieren.<\/p>\n\n\n\n<p><strong>PROGRAMME<\/strong><\/p>\n\n\n\n<p><a href=\"https:\/\/www.hsu-hh.de\/icu\/wp-content\/uploads\/sites\/851\/2025\/09\/PreGovIV_Programme.pdf\">Workshop-Programme PREGOV IV (PDF)<\/a><\/p>\n\n\n\n<p><strong>ORGANISATION<\/strong><\/p>\n\n\n\n<p><a href=\"https:\/\/www.hsu-hh.de\/icu\/junne\/\"><abbr title=\"Doktor\">Dr.<\/abbr> Jaromir Junne<\/a>, <br><a href=\"https:\/\/www.hsu-hh.de\/icu\/ngh\/\"><abbr title=\"Doktor\">Dr.<\/abbr> Nadine Gerhardt-Huber<\/a>,<br><a href=\"https:\/\/www.hsu-hh.de\/icu\/iloga-balep\/\"><abbr title=\"Doktor\">Dr.<\/abbr> Nathalie Iloga Balep<\/a>,<br><a href=\"https:\/\/www.hsu-hh.de\/digigov\/maximilian-heimstaedt\/\"><abbr title=\"Professor\">Prof.<\/abbr> <abbr title=\"Doktor\">Dr.<\/abbr> Maximilian Heimst\u00e4dt<\/a>, und<br><a href=\"https:\/\/www.hsu-hh.de\/digigov\/suna-oezdemir\/\">Suna \u00d6zdemir, M.A.<\/a><\/p>\n\n\n\n<p><strong>KONTAKT<\/strong> <strong>UND WORKSHOP-ANMELDUNG<\/strong><\/p>\n\n\n\n<p>Wenn Sie sich f\u00fcr den Workshop anmelden m\u00f6chten, schicken Sie uns gerne eine Email mit Ihren Namen, Ihrem akademischen Titel und Ihrer Universit\u00e4t \/ Organisation an: <a href=\"mailto:pregov-contact@hsu-hh.de\" rel='nofollow'>pregov-contact@hsu-hh.de<\/a><\/p>\n\n\n\n<p><strong>ORT<\/strong><\/p>\n\n\n\n<p>Pop-Up-Horst, <a href=\"https:\/\/www.google.com\/maps\/place\/Winterhuder+Weg+112,+22085+Hamburg\/@53.5766015,10.0178141,17z\/data=!3m1!4b1!4m6!3m5!1s0x47b18ed32289fd8d:0x93b854938cf66309!8m2!3d53.5766015!4d10.0200028!16s%2Fg%2F11c5jb474k\" rel='nofollow'>Winterhuder Weg 112, 22085 Hamburg<\/a><br><\/p>\n\n\n\n<p><br><strong>VERANSTALTER<\/strong><\/p>\n\n\n\n<div class=\"wp-block-columns is-layout-flex wp-container-core-columns-is-layout-9d6595d7 wp-block-columns-is-layout-flex\">\n<div class=\"wp-block-column is-layout-flow wp-block-column-is-layout-flow\">\n<figure class=\"wp-block-image size-full\"><img loading=\"lazy\" decoding=\"async\" width=\"614\" height=\"448\" src=\"https:\/\/www.hsu-hh.de\/icu\/wp-content\/uploads\/sites\/851\/2022\/04\/HSU_RGB.jpg\" data-credit=\"HSU\" alt=\"HSU-LOGO\" class=\"wp-image-1183\" srcset=\"https:\/\/www.hsu-hh.de\/icu\/wp-content\/uploads\/sites\/851\/2022\/04\/HSU_RGB.jpg 614w, https:\/\/www.hsu-hh.de\/icu\/wp-content\/uploads\/sites\/851\/2022\/04\/HSU_RGB-300x219.jpg 300w\" sizes=\"auto, (max-width: 614px) 100vw, 614px\" \/><\/figure>\n<\/div>\n\n\n\n<div class=\"wp-block-column is-layout-flow wp-block-column-is-layout-flow\">\n<figure class=\"wp-block-image size-full\"><img loading=\"lazy\" decoding=\"async\" width=\"790\" height=\"426\" src=\"https:\/\/www.hsu-hh.de\/icu\/wp-content\/uploads\/sites\/851\/2022\/04\/MicrosoftTeams-image.png\" data-credit=\"https:\/\/dtecbw.de\/home\/forschung\/hsu\/projekt-diwop\/projekt-diwop\" alt=\"DiWop-Logo\" class=\"wp-image-1185\" srcset=\"https:\/\/www.hsu-hh.de\/icu\/wp-content\/uploads\/sites\/851\/2022\/04\/MicrosoftTeams-image.png 790w, https:\/\/www.hsu-hh.de\/icu\/wp-content\/uploads\/sites\/851\/2022\/04\/MicrosoftTeams-image-300x162.png 300w, https:\/\/www.hsu-hh.de\/icu\/wp-content\/uploads\/sites\/851\/2022\/04\/MicrosoftTeams-image-768x414.png 768w\" sizes=\"auto, (max-width: 790px) 100vw, 790px\" \/><figcaption class=\"wp-element-caption\">Dieser Workshop ist Teil des dtec-<a href=\"https:\/\/www.hsu-hh.de\/icu\/diwop\/\">Forschungsprojektes DiWoP<\/a>.<\/figcaption><\/figure>\n<\/div>\n\n\n\n<div class=\"wp-block-column is-layout-flow wp-block-column-is-layout-flow\">\n<figure class=\"wp-block-image size-full\"><img decoding=\"async\" src=\"https:\/\/www.hsu-hh.de\/icu\/wp-content\/uploads\/sites\/851\/2025\/04\/dtec.bw_EU-Foederhinweis_RGB_vertikal.svg\" alt=\"\" class=\"wp-image-1552\" \/><figcaption class=\"wp-element-caption\">Dieser Workshop wird vom <a href=\"https:\/\/dtecbw.de\/home\" rel='nofollow'>dtec.bw \u2013 Digitalisierungs- und Technologieforschungszentrum der Bundeswehr<\/a> finanziert, wof\u00fcr wir uns herzlich bedanken. dtec.bw wird von der Europ\u00e4ischen Union \u2013 NextGenerationEU finanziert.<\/figcaption><\/figure>\n<\/div>\n<\/div>\n\n\n\n<div class=\"wp-block-columns is-layout-flex wp-container-core-columns-is-layout-9d6595d7 wp-block-columns-is-layout-flex\">\n<div class=\"wp-block-column is-layout-flow wp-block-column-is-layout-flow\">\n<figure class=\"wp-block-image size-full\"><img loading=\"lazy\" decoding=\"async\" width=\"481\" height=\"279\" src=\"https:\/\/www.hsu-hh.de\/icu\/wp-content\/uploads\/sites\/851\/2021\/02\/Logo-ICU-Entwurf1.png\" data-credit=\"ICU\" alt=\"\" class=\"wp-image-845\" srcset=\"https:\/\/www.hsu-hh.de\/icu\/wp-content\/uploads\/sites\/851\/2021\/02\/Logo-ICU-Entwurf1.png 481w, https:\/\/www.hsu-hh.de\/icu\/wp-content\/uploads\/sites\/851\/2021\/02\/Logo-ICU-Entwurf1-300x174.png 300w\" sizes=\"auto, (max-width: 481px) 100vw, 481px\" \/><\/figure>\n<\/div>\n\n\n\n<div class=\"wp-block-column is-layout-flow wp-block-column-is-layout-flow\">\n<figure class=\"wp-block-image size-full is-resized\"><img loading=\"lazy\" decoding=\"async\" width=\"205\" height=\"80\" src=\"https:\/\/www.hsu-hh.de\/icu\/wp-content\/uploads\/sites\/851\/2025\/04\/OPAL-Logo_klein.png\" data-credit=\"\" alt=\"\" class=\"wp-image-1553\" style=\"width:331px;height:auto\" \/><figcaption class=\"wp-element-caption\">Dieser Workshop ist Teil des <a href=\"https:\/\/www.hsu-hh.de\/opal\/\">OPAL Forschungsclusters<\/a> an der Helmut-Schmidt-Universit\u00e4t<a href=\"https:\/\/www.hsu-hh.de\/opal\/\">.<\/a><\/figcaption><\/figure>\n<\/div>\n\n\n\n<div class=\"wp-block-column is-layout-flow wp-block-column-is-layout-flow\"><\/div>\n<\/div>\n","protected":false},"excerpt":{"rendered":"<p>13-14th November 2025 WORKSHOP Aufbauend auf den Vorjahres-Workshops, findet vom 13.-14. November 2025 die Fortsetzung \u201ePREGOV IV &#8211; Algorithmic prediction and governance of human wellbeing and social care\u201c in Hamburg [&hellip;]<\/p>\n","protected":false},"author":2133,"featured_media":0,"parent":969,"menu_order":0,"comment_status":"closed","ping_status":"closed","template":"","meta":{"footnotes":""},"categories":[4,82],"tags":[],"class_list":["post-1551","page","type-page","status-publish","hentry","category-forschung","category-pregov"],"_links":{"self":[{"href":"https:\/\/www.hsu-hh.de\/icu\/wp-json\/wp\/v2\/pages\/1551","targetHints":{"allow":["GET"]}}],"collection":[{"href":"https:\/\/www.hsu-hh.de\/icu\/wp-json\/wp\/v2\/pages"}],"about":[{"href":"https:\/\/www.hsu-hh.de\/icu\/wp-json\/wp\/v2\/types\/page"}],"author":[{"embeddable":true,"href":"https:\/\/www.hsu-hh.de\/icu\/wp-json\/wp\/v2\/users\/2133"}],"replies":[{"embeddable":true,"href":"https:\/\/www.hsu-hh.de\/icu\/wp-json\/wp\/v2\/comments?post=1551"}],"version-history":[{"count":7,"href":"https:\/\/www.hsu-hh.de\/icu\/wp-json\/wp\/v2\/pages\/1551\/revisions"}],"predecessor-version":[{"id":1777,"href":"https:\/\/www.hsu-hh.de\/icu\/wp-json\/wp\/v2\/pages\/1551\/revisions\/1777"}],"up":[{"embeddable":true,"href":"https:\/\/www.hsu-hh.de\/icu\/wp-json\/wp\/v2\/pages\/969"}],"wp:attachment":[{"href":"https:\/\/www.hsu-hh.de\/icu\/wp-json\/wp\/v2\/media?parent=1551"}],"wp:term":[{"taxonomy":"category","embeddable":true,"href":"https:\/\/www.hsu-hh.de\/icu\/wp-json\/wp\/v2\/categories?post=1551"},{"taxonomy":"post_tag","embeddable":true,"href":"https:\/\/www.hsu-hh.de\/icu\/wp-json\/wp\/v2\/tags?post=1551"}],"curies":[{"name":"wp","href":"https:\/\/api.w.org\/{rel}","templated":true}]}}