{"id":73,"date":"2017-07-03T15:52:08","date_gmt":"2017-07-03T13:52:08","guid":{"rendered":"https:\/\/www.hsu-hh.de\/vorlage\/?page_id=73"},"modified":"2026-03-29T18:36:33","modified_gmt":"2026-03-29T16:36:33","slug":"startseite","status":"publish","type":"page","link":"https:\/\/www.hsu-hh.de\/hrm-pol\/","title":{"rendered":"Professur f\u00fcr Personalpolitik"},"content":{"rendered":"\n<figure class=\"wp-block-image size-large is-resized\"><img loading=\"lazy\" decoding=\"async\" width=\"1024\" height=\"772\" src=\"https:\/\/www.hsu-hh.de\/hrm-pol\/wp-content\/uploads\/sites\/798\/2026\/03\/Screenshot-2026-03-20-115626-e1774004820671-1024x772.png\" data-credit=\"HSU\" alt=\"\u00dcbersicht\" class=\"wp-image-5118\" style=\"aspect-ratio:1.3333333333333333;object-fit:contain;width:859px;height:auto\" srcset=\"https:\/\/www.hsu-hh.de\/hrm-pol\/wp-content\/uploads\/sites\/798\/2026\/03\/Screenshot-2026-03-20-115626-e1774004820671-1024x772.png 1024w, https:\/\/www.hsu-hh.de\/hrm-pol\/wp-content\/uploads\/sites\/798\/2026\/03\/Screenshot-2026-03-20-115626-e1774004820671-300x226.png 300w, https:\/\/www.hsu-hh.de\/hrm-pol\/wp-content\/uploads\/sites\/798\/2026\/03\/Screenshot-2026-03-20-115626-e1774004820671-768x579.png 768w, https:\/\/www.hsu-hh.de\/hrm-pol\/wp-content\/uploads\/sites\/798\/2026\/03\/Screenshot-2026-03-20-115626-e1774004820671-1536x1158.png 1536w, https:\/\/www.hsu-hh.de\/hrm-pol\/wp-content\/uploads\/sites\/798\/2026\/03\/Screenshot-2026-03-20-115626-e1774004820671-1100x829.png 1100w, https:\/\/www.hsu-hh.de\/hrm-pol\/wp-content\/uploads\/sites\/798\/2026\/03\/Screenshot-2026-03-20-115626-e1774004820671.png 1715w\" sizes=\"auto, (max-width: 1024px) 100vw, 1024px\" \/><\/figure>\n\n\n\n<h2 class=\"wp-block-heading\">Profil<\/h2>\n\n\n\n<details class=\"wp-block-details is-layout-flow wp-block-details-is-layout-flow\"><summary>Forschung und Lehre zu Arbeit, Personal und Organisation an dieser Professur<\/summary>\n<p>&#8230; sind sozialwissenschaftlich fundiert sowie interdisziplin\u00e4r und international orientiert. Theoretisch und methodisch ist die Forschung multiparadigmatisch angelegt unter Einbeziehung von Ans\u00e4tzen der kritischen Managementforschung.<\/p>\n\n\n\n<p>Diese kritischen, politikorientierten Ans\u00e4tze lenken den Blick auf Organisationen als interessenpluralistische Herrschaftsgebilde, in denen individuelle und kollektive Akteure ihre Interessen durchzusetzen suchen, sowie auf Diskurse und diskursive Praktiken, in deren Rahmen &#8222;Personal&#8220;, Personalstrategien und Personalstrukturen unter Rekurs auf gesellschaftliche Strukturen verfertigt werden. Interessen und Ressourcen der beteiligten Akteure, Konflikte und Machtwirkungen von Managementpraktiken sind daher ebenso zentrale Analysekategorien wie die Effizienz und Effektivit\u00e4t von Praktiken und Konzepten des Personalmanagements.<\/p>\n\n\n\n<p>Thematisch befassen wir uns mit Merkmalen von Arbeit und Arbeitsverh\u00e4ltnissen (<abbr title=\"zum Beispiel\">z.B.<\/abbr> Emotionsarbeit, Dienstleistungsarbeit), mit Personalstrategien und Personalpraktiken (<abbr title=\"zum Beispiel\">z.B.<\/abbr> Fach- und F\u00fchrungskr\u00e4ftebindung, Besch\u00e4ftigung von Personen mit Migrationshintergrund, Alter(n)smanagement) sowie mit Prozessen und Strukturen der Organisation in ihrem Zusammenhang mit sozialen Ph\u00e4nomenen und Institutionen (<abbr title=\"zum Beispiel\">z.B.<\/abbr> betriebliche Mitbestimmung; Diversit\u00e4t, Chancengleichheit und Inklusion).<\/p>\n<\/details>\n\n\n\n<p><\/p>\n\n\n\n<h2 class=\"wp-block-heading\">K\u00fcrzlich erschienene Publikationen<\/h2>\n\n\n\n<p>(Auswahl, mehr auf den <a href=\"https:\/\/www.hsu-hh.de\/hrm-pol\/team-d\" data-type=\"page\" data-id=\"134\">Teamseiten<\/a> sowie unter <a href=\"https:\/\/www.hsu-hh.de\/hrm-pol\/forschung\/forschungsprojekte\" data-type=\"page\" data-id=\"2368\">Projekte<\/a>)<\/p>\n\n\n\n<p>Bernauer, V., Joecks, J., Reimer, T., &amp; Tamm, G. (2026). Using or concealing gay identity at work: A typology of gay leaders\u2019 career strategies. <em>German Journal of Human Resource Management.<\/em>&nbsp;Advance online publication. <a href=\"https:\/\/doi.org\/10.1177\/23970022251410919\" target=\"_blank\" rel=\"noreferrer noopener\">https:\/\/doi.org\/10.1177\/23970022251410919<\/a><\/p>\n\n\n\n<p>Friess, W. (2025). <em>Diversity Management an der Hochschule.&nbsp;Eine Dispositivanalyse zu Herstellungsprozessen von Vielfalt<\/em>. <a href=\"https:\/\/doi.org\/10.14361\/9783839419144\" rel='nofollow'>https:\/\/doi.org\/10.14361\/9783839419144&nbsp;&nbsp;<\/a><\/p>\n\n\n\n<p>Kornau, A. (2025). Diversity Coaching!? Eine begrifflich-konzeptionelle Ann\u00e4herung anhand einer systematischen Literaturanalyse. <em>Organisationsberatung, Supervision, Coaching<\/em>. Advanced online publication. <a href=\"https:\/\/doi.org\/10.1007\/s11613-024-00923-w\" rel='nofollow'>https:\/\/doi.org\/10.1007\/s11613-024-00923-w<\/a><\/p>\n\n\n\n<div class=\"wp-block-media-text is-stacked-on-mobile\" style=\"grid-template-columns:15% auto\"><figure class=\"wp-block-media-text__media\"><img loading=\"lazy\" decoding=\"async\" width=\"200\" height=\"303\" src=\"https:\/\/www.hsu-hh.de\/hrm-pol\/wp-content\/uploads\/sites\/798\/2026\/03\/coverimage-Elgar-Encyclopedia-Gender-in-Management.webp\" data-credit=\"HSU\" alt=\"\" class=\"wp-image-5314 size-full\" srcset=\"https:\/\/www.hsu-hh.de\/hrm-pol\/wp-content\/uploads\/sites\/798\/2026\/03\/coverimage-Elgar-Encyclopedia-Gender-in-Management.webp 200w, https:\/\/www.hsu-hh.de\/hrm-pol\/wp-content\/uploads\/sites\/798\/2026\/03\/coverimage-Elgar-Encyclopedia-Gender-in-Management-198x300.webp 198w\" sizes=\"auto, (max-width: 200px) 100vw, 200px\" \/><\/figure><div class=\"wp-block-media-text__content\">\n<p>Beitr\u00e4ge in J. Helms Mills, A. J. Mills, K. S. Williams, &amp; R. Bendl (Eds.) (2025). <em>Elgar encyclopedia on gender and management<\/em>. Elgar. <a href=\"https:\/\/doi.org\/10.4337\/9781803922065\" rel='nofollow'>https:\/\/doi.org\/10.4337\/9781803922065<\/a>:<\/p>\n\n\n\n<ul class=\"wp-block-list\">\n<li>Bernauer, V. S., &amp; Deal, N. M. (2025). Gender research on airlines (pp. 206-207). <\/li>\n\n\n\n<li>Deal, N. M., &amp; Bernauer, V. S. (2025). Albert J. Mills and Jean Helms Mills (pp. 29-30).<\/li>\n\n\n\n<li>Kornau, A. (2025). Gender in alternative organizations (pp.198-200). <\/li>\n\n\n\n<li>Sieben, B., Bernauer, V. S., &amp; Haunschild, A. (2025). Gendered class work (pp. 216-17).<\/li>\n<\/ul>\n\n\n\n<p><\/p>\n<\/div><\/div>\n\n\n\n<p>Bernauer, V. S., &amp; Kornau, A. (2024). E-voice in the digitalised workplace. Insights from an alternative organisation. Human Resource Management Journal, 34(2), 369-385. <a href=\"https:\/\/doi.org\/10.1111\/1748-8583.12460\" target=\"_blank\" rel=\"noreferrer noopener\">https:\/\/doi.org\/10.1111\/1748-8583.12460<\/a>&nbsp;<\/p>\n\n\n\n<p>Kornau, A., Knappert, L., Tatli, A., &amp; Sieben, B. (2023). Contested fields of equality, diversity and inclusion at work: An institutional work lens on power relations and actors\u2019 strategies in Germany and Turkey. <em>The International Journal of Human Resource Management, 34<\/em>(12), 2481-2515. &nbsp;<a href=\"https:\/\/doi.org\/10.1080\/09585192.2022.2086014\" rel='nofollow'>https:\/\/doi.org\/10.1080\/09585192.2022.2086014<\/a><\/p>\n\n\n\n<p>Knappert, L., Ortlieb, R., Kornau, A., Maletzky de Garc\u00eda, M., van Dyke, H. (2023). The ecosystem of managing refugee employment: Complementarity and its microfoundations. <em>Academy of Management Discoveries, 9<\/em>(3), 339\u2013362. <a href=\"https:\/\/doi.org\/10.5465\/amd.2020.0157\" rel='nofollow'>https:\/\/doi.org\/10.5465\/amd.2020.0157<\/a><\/p>\n\n\n\n<p>Bernauer, V. S., Sieben, B., &amp; Haunschild, A. (2023). \u201cYou can call me Susan!\u201d Doing gendered-class work in luxury service encounters. <em>Equality, Diversity and Inclusion: An International Journal, 42<\/em>(4), 494-511. <a href=\"https:\/\/doi.org\/10.1108\/EDI-10-2021-0272\" target=\"_blank\" rel=\"noreferrer noopener\">https:\/\/doi.org\/10.1108\/EDI-10-2021-0272&nbsp;<\/a><\/p>\n\n\n\n<h2 class=\"wp-block-heading\"><a href=\"https:\/\/www.hsu-hh.de\/hrm-pol\/startseite\/konferenzbeitrage\" target=\"_blank\" rel=\"noreferrer noopener\">Pr\u00e4senz der Professur auf (inter)nationalen Konferenzen<\/a><\/h2>\n\n\n\n<p>Wir arbeiten international vernetzt und sind regelm\u00e4\u00dfig auf (inter-)nationalen Fachtagungen vertreten. Einen Einblick dazu erhalten Sie <a href=\"https:\/\/www.hsu-hh.de\/hrm-pol\/startseite\/konferenzbeitrage\" data-type=\"page\" data-id=\"5037\" target=\"_blank\" rel=\"noreferrer noopener\">hier<\/a>.<\/p>\n\n\n\n<div class=\"wp-block-columns is-layout-flex wp-container-core-columns-is-layout-9d6595d7 wp-block-columns-is-layout-flex\">\n<div class=\"wp-block-column is-layout-flow wp-block-column-is-layout-flow\">\n<h2 class=\"wp-block-heading\"><a href=\"https:\/\/www.hsu-hh.de\/hrm-pol\/startseite\/fachveranstaltungen\" data-type=\"page\" data-id=\"5041\">Fachveranstaltungen<\/a><\/h2>\n\n\n\n<p><a href=\"https:\/\/www.hsu-hh.de\/hrm-pol\/startseite\/fachveranstaltungen\" data-type=\"page\" data-id=\"5041\">Hier <\/a>finden Sie Dokumentationen und Links zu Tagungen, Workshops und anderen Veranstaltungen, die von Barbara Sieben und ihrem Team (mit)organisiert wurden.<\/p>\n\n\n\n<p><\/p>\n\n\n\n<p><\/p>\n\n\n\n<hr class=\"wp-block-separator has-alpha-channel-opacity\" \/>\n<\/div>\n<\/div>\n\n\n\n<div class=\"wp-block-media-text is-stacked-on-mobile\" style=\"grid-template-columns:25% auto\"><figure class=\"wp-block-media-text__media\"><img loading=\"lazy\" decoding=\"async\" width=\"733\" height=\"414\" src=\"https:\/\/www.hsu-hh.de\/hrm-pol\/wp-content\/uploads\/sites\/798\/2026\/03\/hochschulen-zeigen-haltung-logo-png.png\" data-credit=\"TU D\/Hochschulen zeigen Haltung\" alt=\"\" class=\"wp-image-5332 size-full\" srcset=\"https:\/\/www.hsu-hh.de\/hrm-pol\/wp-content\/uploads\/sites\/798\/2026\/03\/hochschulen-zeigen-haltung-logo-png.png 733w, https:\/\/www.hsu-hh.de\/hrm-pol\/wp-content\/uploads\/sites\/798\/2026\/03\/hochschulen-zeigen-haltung-logo-png-300x169.png 300w\" sizes=\"auto, (max-width: 733px) 100vw, 733px\" \/><\/figure><div class=\"wp-block-media-text__content\">\n<p><strong>Es ist Zeit, Haltung zu zeigen, und jeder Form von gruppenbezogener Menschenfeindlichkeit, Wissenschaftsfeindlichkeit, Rechtsextremismus und Demokratiefeindlichkeit entgegen zu treten!<\/strong><\/p>\n<\/div><\/div>\n\n\n\n<p>Die bundesweite Kampagne \u201eHOCHSCHULEN ZEIGEN HALTUNG\u201c steht f\u00fcr eine offene, solidarische und freie Wissenschafts- und Hochschulkultur und ruft zur Solidarit\u00e4t gegen antidemokratische Einflussnahmen und Angriffe auf, denen Akteur*innen an Hochschulen zunehmend ausgesetzt sind. Die Kampagne wurde im Oktober 2025 <abbr title=\"unter anderem\">u.a.<\/abbr> von dem <a title=\"Link zu Antidiskriminierung an Hochschulen\" href=\"https:\/\/www.uni-marburg.de\/de\/universitaet\/administration\/verwaltung\/stabsstellen\/adis\/netzwerk-antidiskriminierung\" rel='nofollow'>Netzwerk Antidiskriminierung an Hochschulen,<\/a> dem <a title=\"Link zur Website Netzwerk Diversity\" href=\"https:\/\/netzwerk-diversity.de\/\" rel='nofollow'>Netzwerk Diversity <\/a>an Hochschulen und der <a title=\"Link zu Bukof (Bundeskonferenz der Frauen- und Gleichstellungsbeauftragten an Hochschulen e. V. (bukof).Bundeskonferenz der Frauen- und Gleichstellungsbeauftragten an Hochschulen e. V.)\" href=\"https:\/\/bukof.de\/\" rel='nofollow'>Bundeskonferenz der Frauen- und Gleichstellungsbeauftragten an Hochschulen e. V. (bukof)<\/a> initiiert; unterst\u00fctzt wird sie von zahlreichen Hochschulen sowie auch vom Zentrum f\u00fcr Gender und Diversity (ZGD) als gemeinsame Einrichtung Hamburgischer Hochschulen.<\/p>\n\n\n\n<p>Hier geht es zu weiteren Erl\u00e4uterungen und konkreten Forderungen der Kampagne: <a href=\"https:\/\/www.zgd-hamburg.de\/ueber-uns\/aktuelles\/26-02-25-hochschulen-zeigen-haltung.html\" rel='nofollow'>https:\/\/www.zgd-hamburg.de\/ueber-uns\/aktuelles\/26-02-25-hochschulen-zeigen-haltung.html<\/a><\/p>\n","protected":false},"excerpt":{"rendered":"<p>Profil K\u00fcrzlich erschienene Publikationen (Auswahl, mehr auf den Teamseiten sowie unter Projekte) Bernauer, V., Joecks, J., Reimer, T., &amp; Tamm, G. (2026). Using or concealing gay identity at work: A [&hellip;]<\/p>\n","protected":false},"author":1,"featured_media":0,"parent":0,"menu_order":0,"comment_status":"closed","ping_status":"closed","template":"","meta":{"footnotes":""},"categories":[38,35],"tags":[40,42],"class_list":["post-73","page","type-page","status-publish","hentry","category-personalpolitik","category-startseite","tag-personalpolitik","tag-professur"],"_links":{"self":[{"href":"https:\/\/www.hsu-hh.de\/hrm-pol\/wp-json\/wp\/v2\/pages\/73","targetHints":{"allow":["GET"]}}],"collection":[{"href":"https:\/\/www.hsu-hh.de\/hrm-pol\/wp-json\/wp\/v2\/pages"}],"about":[{"href":"https:\/\/www.hsu-hh.de\/hrm-pol\/wp-json\/wp\/v2\/types\/page"}],"author":[{"embeddable":true,"href":"https:\/\/www.hsu-hh.de\/hrm-pol\/wp-json\/wp\/v2\/users\/1"}],"replies":[{"embeddable":true,"href":"https:\/\/www.hsu-hh.de\/hrm-pol\/wp-json\/wp\/v2\/comments?post=73"}],"version-history":[{"count":170,"href":"https:\/\/www.hsu-hh.de\/hrm-pol\/wp-json\/wp\/v2\/pages\/73\/revisions"}],"predecessor-version":[{"id":5405,"href":"https:\/\/www.hsu-hh.de\/hrm-pol\/wp-json\/wp\/v2\/pages\/73\/revisions\/5405"}],"wp:attachment":[{"href":"https:\/\/www.hsu-hh.de\/hrm-pol\/wp-json\/wp\/v2\/media?parent=73"}],"wp:term":[{"taxonomy":"category","embeddable":true,"href":"https:\/\/www.hsu-hh.de\/hrm-pol\/wp-json\/wp\/v2\/categories?post=73"},{"taxonomy":"post_tag","embeddable":true,"href":"https:\/\/www.hsu-hh.de\/hrm-pol\/wp-json\/wp\/v2\/tags?post=73"}],"curies":[{"name":"wp","href":"https:\/\/api.w.org\/{rel}","templated":true}]}}