{"id":5041,"date":"2026-03-26T17:28:32","date_gmt":"2026-03-26T16:28:32","guid":{"rendered":"https:\/\/www.hsu-hh.de\/hrm-pol\/?page_id=5041"},"modified":"2026-03-26T17:44:57","modified_gmt":"2026-03-26T16:44:57","slug":"fachveranstaltungen","status":"publish","type":"page","link":"https:\/\/www.hsu-hh.de\/hrm-pol\/startseite\/fachveranstaltungen","title":{"rendered":"Fachveranstaltungen"},"content":{"rendered":"\n<p>Hier finden Sie Dokumentationen und Links zu Tagungen, Workshops und anderen Veranstaltungen, die von Barbara Sieben und ihrem Team (mit)organisiert wurden:<\/p>\n\n\n\n<ul class=\"wp-block-list\">\n<li><a href=\"https:\/\/www.hsu-hh.de\/hrm-pol\/gastvortrag-mvd-brink-6-2024\" target=\"_blank\" rel=\"noreferrer noopener\">Interaktiver Gastvortrag: \u201cMentoring and sponsorship: re-thinking possibilities for career support\u201d, Juni 2024<\/a><\/li>\n\n\n\n<li><a href=\"https:\/\/www.hsu-hh.de\/hrm-pol\/startseite\/veranstaltungsreihe-diversitaet-leben-zwischen-wunsch-und-wirklichkeit-%c7%80-einblicke-aus-wissenschaft-und-praxis-2023-2024-hsu\">Veranstaltungsreihe \u201eDiversit\u00e4t leben \u2013 zwischen Wunsch und Wirklichkeit \u01c0 Einblicke aus Wissenschaft und Praxis\u201c (2023-2024,&nbsp;<abbr title=\"Helmut Schmidt Universit\u00e4t\">HSU<\/abbr>)<\/a><\/li>\n\n\n\n<li><a href=\"https:\/\/www.hsu-hh.de\/hrm-pol\/startseite\/diversity-bite-05-23-diversity-zwischen-bunter-vielfalt-unterschieden-und-ungleichheiten\">\u201eDiversity Bite\u201c 05\/23: \u201eDiversity zwischen bunter Vielfalt, Unterschieden und Ungleichheiten\u201c<\/a><\/li>\n\n\n\n<li>Weiterbildung zu <a href=\"https:\/\/hsu-hh-weiterbildung.de\/sonstige-angebote\/\" target=\"_blank\" rel=\"noreferrer noopener\">Diversit\u00e4t und Chancengleichheit im Traineeprogramm des Bundesministeriums f\u00fcr Finanzen, Berlin im Auftrag des Zentrums f\u00fcr wissenschaftliche Weiterbildung (ZWW) der\u00a0<abbr title=\"Helmut Schmidt Universit\u00e4t\">HSU<\/abbr><\/a>\u00a0(seit 2023)\u00a0<\/li>\n\n\n\n<li><a href=\"https:\/\/www.hsu-hh.de\/hrm-pol\/fuehrungskraefte-workshop-zu-diversitaet-und-chancengleichheit-am-technischen-ausbildungszentrum-der-luftwaffe-fassberg-2021\">F\u00fchrungskr\u00e4fte-Workshop zu Diversit\u00e4t und Chancengleichheit am Technischen Ausbildungszentrum der Luftwaffe, Fa\u00dfberg (2021)<\/a><\/li>\n\n\n\n<li><a href=\"https:\/\/www.hsu-hh.de\/hrm-pol\/fuehrungskraefte-workshop-leading-diversity-leading-digitally-leadershiphelmholtz-kompakt-2021\">F\u00fchrungskr\u00e4fte-Workshop \u201eLeading diversity, leading digitally\u201c,&nbsp;<\/a><a href=\"https:\/\/www.hsu-hh.de\/hrm-pol\/fuehrungskraefte-workshop-leading-diversity-leading-digitally-leadershiphelmholtz-kompakt-2021\">Leadership@Helmholtz: kompakt (2021)<\/a><\/li>\n\n\n\n<li><a href=\"https:\/\/www.hsu-hh.de\/hrm-pol\/paper-hackathon-zu-equity-issues-in-hospitality-tourism-ht-exploring-inequalities-itsa-biennial-conference-jakarta-indonesia-singapore-virtuell\">Paper Hackathon \u201eEquity issues in hospitality &amp; tourism. Exploring (in)equalities\u201c, ITSA Biennial Conference (2020)<\/a>&nbsp;<\/li>\n\n\n\n<li><a href=\"https:\/\/www.hsu-hh.de\/hrm-pol\/pdws-equity-issues-in-hospitality-tourism-ht-exploring-inequalities-sexual-orientation-leadership-constraints-vehicles-for-aspiring-lgb-le\">PDWs \u201eEquity issues in hospitality &amp; tourism. Exploring (in)equalities\u201c &amp; \u201eSexual orientation &amp; leadership. Constraints &amp; vehicles for aspiring LGB leaders\u201c, AOM Annual Meeting, Vancouver\/virtual (2020)<\/a><\/li>\n\n\n\n<li><a href=\"https:\/\/www.hsu-hh.de\/hrm-pol\/pdw-equality-and-diversity-in-under-researched-countries-aom-annual-meeting-chicago\">PDW \u201eEquality and Diversity in under-researched countries\u201d, AOM Annual Meeting, Chicago (2018)<\/a><\/li>\n\n\n\n<li><a href=\"https:\/\/www.hsu-hh.de\/hrm-pol\/deutscher-diversity-tag-an-der-hsu-diversity-in-der-hochschule-2018\">Deutscher Diversity-Tag an der&nbsp;<abbr title=\"Helmut Schmidt Universit\u00e4t\">HSU<\/abbr>: \u201eDiversity in der Hochschule\u201c (2018)&nbsp;<\/a><\/li>\n\n\n\n<li><a href=\"https:\/\/www.hsu-hh.de\/hrm-pol\/pilotmodul-leading-diversity-hsu\">Pilotmodul \u201eLeading Diversity\u201c,&nbsp;<abbr title=\"Helmut Schmidt Universit\u00e4t\">HSU<\/abbr>&nbsp;(2017\/2018)<\/a><\/li>\n\n\n\n<li><a href=\"https:\/\/www.hsu-hh.de\/hrm-pol\/gedenkkolloquium-fuer-gertraude-krell-freie-universitaet-berlin\">Gedenkkolloquium f\u00fcr Gertraude Krell, Freie Universit\u00e4t Berlin (2017)<\/a><\/li>\n\n\n\n<li><a href=\"https:\/\/www.hsu-hh.de\/hrm-pol\/wissenschaftspanel-organisations-und-personalforschung-zu-gender-und-diversity-ein-breites-und-umkaempftes-feld-aus-bildungskongress-der-bundeswehr-hsu\">Wissenschaftspanel \u201eOrganisations- und Personalforschung zu Gender und Diversity: Ein breites und umk\u00e4mpftes Feld\u201c, (Aus-)Bildungskongress der Bundeswehr,&nbsp;<abbr title=\"Helmut Schmidt Universit\u00e4t\">HSU<\/abbr>&nbsp;(2016)<\/a><\/li>\n\n\n\n<li><a href=\"https:\/\/www.hsu-hh.de\/hrm-pol\/presenter-symposium-diversity-and-inclusion-through-hrm-country-perspectives-aom-annual-meeting-anaheim-2016\">Presenter Symposium \u201eDiversity and Inclusion through HRM: Country Perspectives\u201c, AOM Annual Meeting, Anaheim (2016)<\/a><\/li>\n\n\n\n<li><a href=\"https:\/\/www.hsu-hh.de\/hrm-pol\/workshop-equality-and-diversity-in-turkey-and-germany-istanbul\">Workshop \u201eEquality and Diversity in Turkey and Germany\u201c, Istanbul (2016)<\/a><\/li>\n\n\n\n<li><a href=\"https:\/\/www.hsu-hh.de\/hrm-pol\/diversity-netzwerk-tagung-2015\" target=\"_blank\" rel=\"noreferrer noopener\">Fachtagung und wissenschaftliches Vernetzungstreffen der Diversity-Forschenden aus Deutschland, \u00d6sterreich und der Schweiz,&nbsp;<abbr title=\"Helmut Schmidt Universit\u00e4t\">HSU<\/abbr>&nbsp;(2015)<\/a><\/li>\n\n\n\n<li><a href=\"https:\/\/www.hsu-hh.de\/hrm-pol\/girls-day-an-der-hsu-workshop-auch-wir-sind-deivoers-wissenschaft-als-karriere-vielfalt-erforschen-ist-eine-option\">Girls\u2018 Day-Workshop \u201eAuch wir sind [deiv\u00f6rs]! Wissenschaft als Karriere? Vielfalt erforschen ist eine Option\u201c,&nbsp;<abbr title=\"Helmut Schmidt Universit\u00e4t\">HSU<\/abbr>&nbsp;(seit 2015)<\/a><\/li>\n<\/ul>\n\n\n\n<p><\/p>\n","protected":false},"excerpt":{"rendered":"<p>Hier finden Sie Dokumentationen und Links zu Tagungen, Workshops und anderen Veranstaltungen, die von Barbara Sieben und ihrem Team (mit)organisiert wurden:<\/p>\n","protected":false},"author":4075,"featured_media":0,"parent":73,"menu_order":0,"comment_status":"closed","ping_status":"closed","template":"","meta":{"footnotes":""},"categories":[278,276],"tags":[],"class_list":["post-5041","page","type-page","status-publish","hentry","category-fachveranstaltungen-de","category-professurseite-de"],"_links":{"self":[{"href":"https:\/\/www.hsu-hh.de\/hrm-pol\/wp-json\/wp\/v2\/pages\/5041","targetHints":{"allow":["GET"]}}],"collection":[{"href":"https:\/\/www.hsu-hh.de\/hrm-pol\/wp-json\/wp\/v2\/pages"}],"about":[{"href":"https:\/\/www.hsu-hh.de\/hrm-pol\/wp-json\/wp\/v2\/types\/page"}],"author":[{"embeddable":true,"href":"https:\/\/www.hsu-hh.de\/hrm-pol\/wp-json\/wp\/v2\/users\/4075"}],"replies":[{"embeddable":true,"href":"https:\/\/www.hsu-hh.de\/hrm-pol\/wp-json\/wp\/v2\/comments?post=5041"}],"version-history":[{"count":3,"href":"https:\/\/www.hsu-hh.de\/hrm-pol\/wp-json\/wp\/v2\/pages\/5041\/revisions"}],"predecessor-version":[{"id":5204,"href":"https:\/\/www.hsu-hh.de\/hrm-pol\/wp-json\/wp\/v2\/pages\/5041\/revisions\/5204"}],"up":[{"embeddable":true,"href":"https:\/\/www.hsu-hh.de\/hrm-pol\/wp-json\/wp\/v2\/pages\/73"}],"wp:attachment":[{"href":"https:\/\/www.hsu-hh.de\/hrm-pol\/wp-json\/wp\/v2\/media?parent=5041"}],"wp:term":[{"taxonomy":"category","embeddable":true,"href":"https:\/\/www.hsu-hh.de\/hrm-pol\/wp-json\/wp\/v2\/categories?post=5041"},{"taxonomy":"post_tag","embeddable":true,"href":"https:\/\/www.hsu-hh.de\/hrm-pol\/wp-json\/wp\/v2\/tags?post=5041"}],"curies":[{"name":"wp","href":"https:\/\/api.w.org\/{rel}","templated":true}]}}