{"id":2997,"date":"2022-03-16T14:45:21","date_gmt":"2022-03-16T13:45:21","guid":{"rendered":"https:\/\/www.hsu-hh.de\/hrm-pol\/?page_id=2997"},"modified":"2022-08-25T00:42:19","modified_gmt":"2022-08-24T22:42:19","slug":"deutscher-diversity-tag-an-der-hsu-diversity-in-der-hochschule-2018","status":"publish","type":"page","link":"https:\/\/www.hsu-hh.de\/hrm-pol\/deutscher-diversity-tag-an-der-hsu-diversity-in-der-hochschule-2018","title":{"rendered":"Deutscher Diversity-Tag an der HSU: \u201eDiversity in der Hochschule\u201c (2018)"},"content":{"rendered":"\n<figure class=\"wp-block-image size-full is-style-default\"><img loading=\"lazy\" decoding=\"async\" width=\"375\" height=\"267\" src=\"https:\/\/www.hsu-hh.de\/hrm-pol\/wp-content\/uploads\/sites\/798\/2018\/05\/HSU-Aqa.jpg\" data-credit=\"ZWW 2017 Pilot module \u201eLeading Diversity\u201d (LeaD),  Artist: OTL Michael H\u00fclcher. Photo: Reinhard Scheiblich \" alt=\" \" class=\"wp-image-999\" srcset=\"https:\/\/www.hsu-hh.de\/hrm-pol\/wp-content\/uploads\/sites\/798\/2018\/05\/HSU-Aqa.jpg 375w, https:\/\/www.hsu-hh.de\/hrm-pol\/wp-content\/uploads\/sites\/798\/2018\/05\/HSU-Aqa-300x214.jpg 300w\" sizes=\"auto, (max-width: 375px) 100vw, 375px\" \/><figcaption><strong>Diversity an der <abbr title=\"Helmut Schmidt Universit\u00e4t\">HSU<\/abbr>\/UniBw H<\/strong><\/figcaption><\/figure>\n\n\n<p>Der Pr\u00e4sident der Helmut-Schmidt-Universit\u00e4t \u2013 Universit\u00e4t der Bundeswehr Hamburg lud anl\u00e4sslich des 6. Deutschen Diversity-Tages am 5. Juni 2018 zu einem \u00f6ffentlichen Veranstaltungstag unter dem Motto \u201eDiversity in der Hochschule\u201c ein. Das ganzt\u00e4gige und aktionsreiche Programm wurde von Professor_innen, wissenschaftlichen Mitarbeiter_innen sowie Studierenden der Fakult\u00e4t f\u00fcr Geistes- und Sozialwissenschaften gestaltet, koordiniert und begleitet. Zu dem Austausch \u00fcber Fragen von Diversity in der Hochschule und in anderen Organisationen war neben Mitgliedern der Helmut-Schmidt-Universit\u00e4t und weiterer Hamburger Bundeswehr-Dienststellen wie der F\u00fchrungsakademie der Bundeswehr und des Bundeswehr-Krankenhauses Hamburg insbesondere auch eine weitere interessierte \u00d6ffentlichkeit herzlich eingeladen. Das Programm umfasste Vortr\u00e4ge, eine Podiumsdiskussion, Workshops und Ausstellungen rund um die Themenbereiche \u201aFachkulturen diversit\u00e4tsorientiert beleuchten\u2019, \u201amenschen(rechts)verachtenden Orientierungen entgegentreten\u2019 sowie \u201adiversit\u00e4tsbewusste Praktiken entwickeln\u2019. Zum kr\u00f6nenden Abschluss hielt Marieke van den Brink, Radboud University Nijmegen, einen Vortrag zum Thema \u201e<a href=\"https:\/\/www.hsu-hh.de\/hrm-pol\/wp-content\/uploads\/sites\/798\/2022\/08\/DDT-Flyer_A4__Abschlussvortrag_M-v-d-Brink__180530.pdf\">Gender Practices in Recruitment and Selection in Academia<\/a>\u201c.\u00a0<\/p>\n<p>Ein Bericht:\u00a0<\/p>\n<p>Sieben, B., B\u00fcchter, K., Gomolla, M., &amp; Wienhaus, A. (2018). Deutscher Diversity-Tag 2018 an der Helmut-Schmidt-Universit\u00e4t. <em>Zeitschrift f\u00fcr Diversit\u00e4tsforschung und -management 2<\/em> (2), 222-223. <a href=\"https:\/\/doi.org\/10.3224\/zdfm.v3i2.13\" rel='nofollow'>https:\/\/doi.org\/10.3224\/zdfm.v3i2.13\u00a0<\/a> <br \/>Link zum vollst\u00e4ndigen Programm: <a href=\"https:\/\/www.hsu-hh.de\/geiso\/diversity-tag-2018-an-der-hsu\">https:\/\/www.hsu-hh.de\/geiso\/diversity-tag-2018-an-der-hsu\u00a0<\/a><\/p>\n\n<div class=\"wp-block-image is-style-default\">\n<figure class=\"aligncenter size-full\"><img loading=\"lazy\" decoding=\"async\" width=\"423\" height=\"177\" src=\"https:\/\/www.hsu-hh.de\/hrm-pol\/wp-content\/uploads\/sites\/798\/2018\/05\/TDV.jpg\" data-credit=\"HSU\" alt=\"Charta\" class=\"wp-image-1005\" srcset=\"https:\/\/www.hsu-hh.de\/hrm-pol\/wp-content\/uploads\/sites\/798\/2018\/05\/TDV.jpg 423w, https:\/\/www.hsu-hh.de\/hrm-pol\/wp-content\/uploads\/sites\/798\/2018\/05\/TDV-300x126.jpg 300w\" sizes=\"auto, (max-width: 423px) 100vw, 423px\" \/><\/figure>\n<\/div>","protected":false},"excerpt":{"rendered":"<p>Der Pr\u00e4sident der Helmut-Schmidt-Universit\u00e4t \u2013 Universit\u00e4t der Bundeswehr Hamburg lud anl\u00e4sslich des 6. Deutschen Diversity-Tages am 5. Juni 2018 zu einem \u00f6ffentlichen Veranstaltungstag unter dem Motto \u201eDiversity in der Hochschule\u201c [&hellip;]<\/p>\n","protected":false},"author":2873,"featured_media":0,"parent":0,"menu_order":0,"comment_status":"closed","ping_status":"closed","template":"","meta":{"footnotes":""},"categories":[247,246],"tags":[],"class_list":["post-2997","page","type-page","status-publish","hentry","category-fachveranstaltungen","category-professurseite"],"_links":{"self":[{"href":"https:\/\/www.hsu-hh.de\/hrm-pol\/wp-json\/wp\/v2\/pages\/2997","targetHints":{"allow":["GET"]}}],"collection":[{"href":"https:\/\/www.hsu-hh.de\/hrm-pol\/wp-json\/wp\/v2\/pages"}],"about":[{"href":"https:\/\/www.hsu-hh.de\/hrm-pol\/wp-json\/wp\/v2\/types\/page"}],"author":[{"embeddable":true,"href":"https:\/\/www.hsu-hh.de\/hrm-pol\/wp-json\/wp\/v2\/users\/2873"}],"replies":[{"embeddable":true,"href":"https:\/\/www.hsu-hh.de\/hrm-pol\/wp-json\/wp\/v2\/comments?post=2997"}],"version-history":[{"count":21,"href":"https:\/\/www.hsu-hh.de\/hrm-pol\/wp-json\/wp\/v2\/pages\/2997\/revisions"}],"predecessor-version":[{"id":3948,"href":"https:\/\/www.hsu-hh.de\/hrm-pol\/wp-json\/wp\/v2\/pages\/2997\/revisions\/3948"}],"wp:attachment":[{"href":"https:\/\/www.hsu-hh.de\/hrm-pol\/wp-json\/wp\/v2\/media?parent=2997"}],"wp:term":[{"taxonomy":"category","embeddable":true,"href":"https:\/\/www.hsu-hh.de\/hrm-pol\/wp-json\/wp\/v2\/categories?post=2997"},{"taxonomy":"post_tag","embeddable":true,"href":"https:\/\/www.hsu-hh.de\/hrm-pol\/wp-json\/wp\/v2\/tags?post=2997"}],"curies":[{"name":"wp","href":"https:\/\/api.w.org\/{rel}","templated":true}]}}