{"id":1159,"date":"2019-12-16T13:48:39","date_gmt":"2019-12-16T12:48:39","guid":{"rendered":"https:\/\/www.hsu-hh.de\/hrm-pol\/?page_id=1159"},"modified":"2025-04-05T18:26:21","modified_gmt":"2025-04-05T16:26:21","slug":"ilka-frerichs-m-sc","status":"publish","type":"page","link":"https:\/\/www.hsu-hh.de\/hrm-pol\/team-d\/ehemalige\/ilka-frerichs-m-sc","title":{"rendered":"Ilka Marie Frerichs, M.Sc."},"content":{"rendered":"<div class=\"clearfix\"><\/div>\n<div class=\"ansprechparter-container\">\n<div class=\"row ansprechpartner-item ansprechparter-header\">\n<div class=\"col-xs-8 col-lg-12\" style=\"margin-bottom: 30px\">\n<h3 class=\"ansprechparter-headline\"><em>Doktorandin<\/em><\/h3>\n<\/div>\n<div class=\"col-md-4 col-lg-3 col-xs-4 ansprechpartner-item floatright img-circle center-block\" style=\"margin-bottom: 30px\">\n<div><\/div>\n<div class=\"img-responsive-wrapper\"><img loading=\"lazy\" decoding=\"async\" class=\"alignnone size-thumbnail wp-image-1229\" src=\"https:\/\/www.hsu-hh.de\/hrm-pol\/wp-content\/uploads\/sites\/798\/2020\/02\/Ilka-SHK-Profilbild-150x150.jpg\" alt=\"Wissenschaftliche Mitarbeiterin Ilka Frerichs\" width=\"150\" height=\"150\" data-credit=\"Frerichs, Ilka\" srcset=\"https:\/\/www.hsu-hh.de\/hrm-pol\/wp-content\/uploads\/sites\/798\/2020\/02\/Ilka-SHK-Profilbild-150x150.jpg 150w, https:\/\/www.hsu-hh.de\/hrm-pol\/wp-content\/uploads\/sites\/798\/2020\/02\/Ilka-SHK-Profilbild-100x100.jpg 100w\" sizes=\"auto, (max-width: 150px) 100vw, 150px\" \/><\/div>\n<\/div>\n<div class=\"col-md-12 col-lg-3 col-xs-12 ansprechpartner-item kontakt floatright\" style=\"margin-bottom: 30px\">\n<div class=\"row\">\n<div class=\"col-xs-12 col-sm-6 col-lg-12\">\n<div class=\"row\">\n<div class=\"col-xs-12 col-md-12 row-text bold\">E-Mail:<\/div>\n<div class=\"col-xs-12 col-md-12 row-text\"><a href=\"mailto:ilka.frerichs@hsu-hh.de\" rel='nofollow'>ilka.frerichs@hsu-hh.de<\/a><\/div>\n<\/div>\n<\/div>\n<\/div>\n<\/div>\n<div class=\"col-md-6 col-lg-3 col-xs-12 ansprechpartner-item anschrift floatright\"><\/div>\n<div class=\"col-md-6 col-lg-3 col-xs-12 ansprechpartner-item anschrift floatright\">\n<div class=\"row-text\"><\/div>\n<\/div>\n<\/div>\n<\/div>\n<div><\/div>\n<div class=\"clearfix\"><strong>\u00a0<\/strong><\/div>\n<div class=\"clearfix\"><strong>Ilka Marie Frerichs <\/strong>ist Doktorandin an der Helmut-Schmidt-Universit\u00e4t und war dort bis Juni 2021 an der Professur f\u00fcr Personalpolitik t\u00e4tig. 2021 hat sie in der Management Review Quarterly und 2020 im German Journal of Human Resource Management ver\u00f6ffentlicht. Sie war Ad-Hoc Reviewerin f\u00fcr die Zeitschrift Equality, Diversity and Inclusion: An International Journal sowie f\u00fcr die European Academy of Management. Im Rahmen ihrer Lehrt\u00e4tigkeit f\u00fchrte sie Bachelor- und Master-Seminare zu Themen des (International) Human Resource Management mit einem speziellen Fokus auf Chancengleichheits-, Diversit\u00e4ts- und Inklusionsaspekte sowie zur Perspektivenvielfalt der Personalforschung durch. Zudem wirkte sie an Doktoranden-Workshops zu bibliometrischen Analysen mit.<\/div>\n<div><\/div>\n<div><\/div>\n<div><\/div>\n<div class=\"clearfix\"><\/div>\n<div><\/div>\n<div><\/div>\n<div><\/div>\n<h3>Lebenslauf<\/h3>\n<p><strong>Akademische T\u00e4tigkeiten<\/strong><\/p>\n<p>2019 \u2013 2021: Wissenschaftliche Mitarbeiterin an der Professur f\u00fcr Personalpolitik (<abbr title=\"Professor\">Prof.<\/abbr> <abbr title=\"Doktor\">Dr.<\/abbr> Barbara Sieben), an der Fakult\u00e4t f\u00fcr Geistes- und Sozialwissenschaften, Helmut Schmidt Universit\u00e4t\u00a0\u2013 Universit\u00e4t der Bundeswehr Hamburg<\/p>\n<p>2016 \u2013 2019: Wissenschaftliche Mitarbeiterin an den Professuren f\u00fcr Arbeit, Personal und Organisation (<abbr title=\"Professor\">Prof.<\/abbr> <abbr title=\"Doktor\">Dr.<\/abbr> Sven Hauff) sowie Personalpolitik (<abbr title=\"Professor\">Prof.<\/abbr> <abbr title=\"Doktor\">Dr.<\/abbr> Barbara Sieben), an der Fakult\u00e4t f\u00fcr Geistes- und Sozialwissenschaften, Helmut Schmidt Universit\u00e4t\u00a0\u2013 Universit\u00e4t der Bundeswehr Hamburg<\/p>\n<p>2014 \u2013 2015: Wissenschaftliche Mitarbeiterin am Institut f\u00fcr Personalmanagement (<abbr title=\"Professor\">Prof.<\/abbr> <abbr title=\"Doktor\">Dr.<\/abbr> Peter Conrad), an der Fakult\u00e4t f\u00fcr Geistes- und Sozialwissenschaften, Helmut Schmidt Universit\u00e4t\u00a0\u2013 Universit\u00e4t der Bundeswehr Hamburg<\/p>\n<p>2012 \u2013 2013: Studentische Hilfskraft an der Professur f\u00fcr Personal und Arbeit (<abbr title=\"Professor\">Prof.<\/abbr> <abbr title=\"Doktor\">Dr.<\/abbr> Hans-Gerd Ridder), an der Fakult\u00e4t f\u00fcr Wirtschaftswissenschaften, Leibniz Universit\u00e4t Hannover<\/p>\n<p><strong>Akademische Ausbildung<\/strong><\/p>\n<p>2012 \u2013 2013 Master of Science Wirtschaftswissenschaften an der Leibniz Universit\u00e4t Hannover<br \/>\nMasterarbeit: Strategisches Personalmanagement: Eine Analyse der Implementierung einer Personalstrategie in Organisationen<\/p>\n<p>2008 \u2013 2012 Bachelor of Science Wirtschaftswissenschaften an der Leibniz Universit\u00e4t Hannover<br \/>\nBachelorarbeit: Der Beitrag von Lernprozessen zur Herausbildung dynamischer F\u00e4higkeiten am Beispiel von Innovationen<\/p>\n<p><strong>Berufliche T\u00e4tigkeit<\/strong><\/p>\n<p>2013 \u2013 2014 Praktikantin im Talentmanagement der Techniker Krankenkasse<\/p>\n<p>2012 Praktikantin im Personalmanagement der Sparkasse Hannover<\/p>\n<p><strong>Berufliche und schulische Ausbildung<\/strong><\/p>\n<p>2008 Allgemeine Hochschulreife am Gymnasium am Treckfahrtstief Emden<\/p>\n<h3>Forschungsschwerpunkte und Publikationen<\/h3>\n<p><strong>Aktuelles Forschungsprojekt:<\/strong><\/p>\n<h3>Forschungsschwerpunkte<\/h3>\n<p>Corporate Social Responsibility, bibliometrische und multiparadigmatische Analysen, Critical Management Studies<\/p>\n<h3>Dissertation<\/h3>\n<p><strong>Dissertationsprojek<\/strong>t<\/p>\n<p>Angestrebt wird eine Monografie zum Thema Corporate Social Responsibility.<\/p>\n<h3>Zeitschriftenbeitr\u00e4ge<\/h3>\n<p>Frerichs, I. M., &amp; Teichert, T. (2023). Research streams in corporate social responsibility literature: A bibliometric analysis. <em>Management Review Quarterly, 73, <\/em>231\u2013261. <a href=\"https:\/\/doi.org\/10.1007\/s11301-021-00237-6\" rel='nofollow'>https:\/\/doi.org\/10.1007\/s11301-021-00237-6\u00a0<\/a><\/p>\n<p>Kornau, A., Frerichs, I. M., &amp; Sieben, B. (2020). An empirical analysis of research paradigms within international human resource management: The need for more diversity<em>.<\/em> <em>German Journal of Human Resource Management, 34<\/em>(2), 148\u2013177. <a href=\"https:\/\/doi.org\/10.1177\/2397002220908035\" rel='nofollow'>https:\/\/doi.org\/10.1177\/2397002220908035\u00a0<\/a><\/p>\n<h3>Ehemalige Funktionen in Funktionen in Forschung und Lehre<\/h3>\n<p>Lehre im Bachelor und Masterstudiengang Bildungs- und Erziehungswissenschaften, Fach Personalmanagement<\/p>\n<p>Betreuung von\u00a0Bachelor- und Masterarbeiten<\/p>\n<p><strong>Seminare<\/strong><\/p>\n<p>2021 \u201eManagement der Human Resources I: International Human Resource Management und Betriebliche Chancengleichheitspolitik&#8220;<\/p>\n<p>2020 \u201eForschungsperspektiven auf Arbeit, Personal und Organisation\u201c<\/p>\n<p>2019 \u201eManagement der Human Resources I-II: International Human Resource Management und Betriebliche Chancengleichheitspolitik \u201c<\/p>\n<p>2019 \u201eSozio-\u00f6konomische Grundlagen des Personalmanagements\u201c<\/p>\n<p>2018 \u201eManagement der Human Resources I-II: International Human Resource Management und Betriebliche Chancengleichheitspolitik \u201c<\/p>\n<p>2017-2018 Funktionen und Instrumente des Personalmanagements I-III<\/p>\n<p>2017 \u201eManagement der Human Resources I-II: International Human Resource Management und Betriebliche Chancengleichheitspolitik \u201c<\/p>\n<p>2017 \u201eSozio-\u00f6konomische Grundlagen des Personalmanagements\u201c<\/p>\n<p>2015 \u201eManagement of Human Resources II\u201c<\/p>\n","protected":false},"excerpt":{"rendered":"<p>Doktorandin E-Mail: ilka.frerichs@hsu-hh.de \u00a0 Ilka Marie Frerichs ist Doktorandin an der Helmut-Schmidt-Universit\u00e4t und war dort bis Juni 2021 an der Professur f\u00fcr Personalpolitik t\u00e4tig. 2021 hat sie in der Management [&hellip;]<\/p>\n","protected":false},"author":2873,"featured_media":0,"parent":812,"menu_order":0,"comment_status":"closed","ping_status":"closed","template":"","meta":{"footnotes":""},"categories":[8,94],"tags":[],"class_list":["post-1159","page","type-page","status-publish","hentry","category-team","category-team-de"],"_links":{"self":[{"href":"https:\/\/www.hsu-hh.de\/hrm-pol\/wp-json\/wp\/v2\/pages\/1159","targetHints":{"allow":["GET"]}}],"collection":[{"href":"https:\/\/www.hsu-hh.de\/hrm-pol\/wp-json\/wp\/v2\/pages"}],"about":[{"href":"https:\/\/www.hsu-hh.de\/hrm-pol\/wp-json\/wp\/v2\/types\/page"}],"author":[{"embeddable":true,"href":"https:\/\/www.hsu-hh.de\/hrm-pol\/wp-json\/wp\/v2\/users\/2873"}],"replies":[{"embeddable":true,"href":"https:\/\/www.hsu-hh.de\/hrm-pol\/wp-json\/wp\/v2\/comments?post=1159"}],"version-history":[{"count":48,"href":"https:\/\/www.hsu-hh.de\/hrm-pol\/wp-json\/wp\/v2\/pages\/1159\/revisions"}],"predecessor-version":[{"id":4580,"href":"https:\/\/www.hsu-hh.de\/hrm-pol\/wp-json\/wp\/v2\/pages\/1159\/revisions\/4580"}],"up":[{"embeddable":true,"href":"https:\/\/www.hsu-hh.de\/hrm-pol\/wp-json\/wp\/v2\/pages\/812"}],"wp:attachment":[{"href":"https:\/\/www.hsu-hh.de\/hrm-pol\/wp-json\/wp\/v2\/media?parent=1159"}],"wp:term":[{"taxonomy":"category","embeddable":true,"href":"https:\/\/www.hsu-hh.de\/hrm-pol\/wp-json\/wp\/v2\/categories?post=1159"},{"taxonomy":"post_tag","embeddable":true,"href":"https:\/\/www.hsu-hh.de\/hrm-pol\/wp-json\/wp\/v2\/tags?post=1159"}],"curies":[{"name":"wp","href":"https:\/\/api.w.org\/{rel}","templated":true}]}}