{"id":231,"date":"2022-11-15T15:40:52","date_gmt":"2022-11-15T14:40:52","guid":{"rendered":"https:\/\/www.hsu-hh.de\/hpccp\/?page_id=231"},"modified":"2023-03-13T14:50:17","modified_gmt":"2023-03-13T13:50:17","slug":"hpc-bw","status":"publish","type":"page","link":"https:\/\/www.hsu-hh.de\/hpccp\/de\/","title":{"rendered":"hpc.bw \u2013 Kompetenzplattform f\u00fcr Softwareeffizienz und H\u00f6chstleistungsrechnen"},"content":{"rendered":"\n<p>Hochleistungsrechnen (HPC = High Performance Computing) setzt sich mit der Entwicklung effizienter Software unter Ber\u00fccksichtigung von Algorithmik, der Nutzung ad\u00e4quater Programmiersprachen und Programmierumgebungen sowie der codespezifischen Optimierung der Rechenanweisungen auseinander. Durch die fortschreitende Digitalisierung stellt HPC inzwischen einen essenziellen Building Block dar, von dem Wissenschaft, Forschung und Entwicklung in vielen Disziplinen innerhalb und au\u00dferhalb der Bundeswehr abh\u00e4ngen. Kombinatorische Optimierungsprobleme in Logistik und Produktion, numerische Simulationen im Ingenieurbereich oder Bildanalyse- und maschinelle Lernverfahren mit Echtzeitanforderungen in der medizinischen Diagnostik sind nur drei Beispiele mit hoher HPC-Relevanz.<\/p>\n\n\n\n<p>Jedoch wird oft das Potenzial existierender Softwarel\u00f6sungen nicht ausgesch\u00f6pft, weil Rechenressourcen nicht effizient genug genutzt werden. Gr\u00fcnde hierf\u00fcr liegen beispielsweise im Zeitaufwand f\u00fcr entsprechende Software-Optimierungen oder im fehlenden HPC-Fachwissen. Ergo besteht eine L\u00fccke zwischen der eigentlichen Verf\u00fcgbarkeit von Rechenleistung, dem Wissen \u00fcber Potenziale und der Nutzbarkeit der zu Grunde liegenden Systeme. Dies hat eine Reduktion in der Produktivit\u00e4t beim Einsatz digitaler Forschungsmethoden zur Folge.<\/p>\n\n\n\n<div style=\"height:20px\" aria-hidden=\"true\" class=\"wp-block-spacer\"><\/div>\n\n\n\n<p>Ziel des Projekts HPC.Bw ist es, innovative standort\u00fcbergreifende HPC-Forschung an den Bundeswehruniversit\u00e4ten zu st\u00e4rken und den Transfer von HPC-Kenntnissen in verschiedenste Disziplinen zu forcieren, um damit<\/p>\n\n\n\n<ol class=\"wp-block-list\">\n<li>Forschung und Entwicklung in den jeweiligen Disziplinen nachhaltig zu st\u00e4rken,<\/li>\n\n\n\n<li>interdisziplin\u00e4ren Austausch zwischen HPC-verwandten Problemstellungen zu f\u00f6rdern,<\/li>\n\n\n\n<li>neue Forschungsfragen f\u00fcr HPC aus den verschiedenen disziplinspezifischen Problemstellungen abzuleiten und zu beantworten und<\/li>\n\n\n\n<li>eine gemeinsame HPC-Kompetenzplattform f\u00fcr Bedarfstr\u00e4ger innerhalb und au\u00dferhalb der Bundeswehr aufzubauen.<\/li>\n<\/ol>\n\n\n\n<div style=\"height:20px\" aria-hidden=\"true\" class=\"wp-block-spacer\"><\/div>\n\n\n\n<p>Hierzu soll ein Multiplikatorprogramm aufgebaut werden, welches Informationen rund um HPC streut und via Multiplikatoren Kontaktpunkte zu HPC-Experten an den Bundeswehruniversit\u00e4ten bietet. Dies wird erg\u00e4nzt durch Weiterbildungskonzepte zur Nutzung von HPC-Ressourcen. Um die (Forschungs-)Produktivit\u00e4t zu steigern, sollen weiterhin durch das HPC.Bw-Personal genutzte Softwarepakete effizienter gestaltet <abbr title=\"beziehungsweise\">bzw.<\/abbr> f\u00fcr die Nutzung auf HPC-Plattformen wie Supercomputer vorbereitet werden. Gest\u00fctzt werden diese Aktivit\u00e4ten durch die Etablierung eines Container-basierten HPC-Rechenzentrums. Um eine Nachhaltigkeit in HPC-Hardware und -Software zu gew\u00e4hrleisten, sind kontinuierliche Evaluierungen von innovativen HPC-Systemen im Rahmen von Benchmarks sowie die Unterst\u00fctzung von HPC-Softwareprojekten bez\u00fcglich Software-Design, Testing <abbr title=\"et cetera\">etc.<\/abbr> geplant.<\/p>\n\n\n\n<div style=\"height:20px\" aria-hidden=\"true\" class=\"wp-block-spacer\"><\/div>\n\n\n\n<p><strong>Projektlaufzeit:<\/strong>&nbsp;01.04.2021 bis 31.12.2024<\/p>\n\n\n\n<div class=\"wp-block-columns is-layout-flex wp-container-core-columns-is-layout-9d6595d7 wp-block-columns-is-layout-flex\">\n<div class=\"wp-block-column is-layout-flow wp-block-column-is-layout-flow\" style=\"flex-basis:66.66%\">\n<figure class=\"wp-block-image size-large\"><img loading=\"lazy\" decoding=\"async\" width=\"1024\" height=\"292\" src=\"https:\/\/www.hsu-hh.de\/hpccp\/wp-content\/uploads\/sites\/877\/2022\/11\/hpc-bw-logo-1024x292.png\" data-credit=\"hpc.bw\" alt=\"hpc.bw\" class=\"wp-image-195\" srcset=\"https:\/\/www.hsu-hh.de\/hpccp\/wp-content\/uploads\/sites\/877\/2022\/11\/hpc-bw-logo-1024x292.png 1024w, https:\/\/www.hsu-hh.de\/hpccp\/wp-content\/uploads\/sites\/877\/2022\/11\/hpc-bw-logo-300x85.png 300w, https:\/\/www.hsu-hh.de\/hpccp\/wp-content\/uploads\/sites\/877\/2022\/11\/hpc-bw-logo-768x219.png 768w, https:\/\/www.hsu-hh.de\/hpccp\/wp-content\/uploads\/sites\/877\/2022\/11\/hpc-bw-logo-1536x437.png 1536w, https:\/\/www.hsu-hh.de\/hpccp\/wp-content\/uploads\/sites\/877\/2022\/11\/hpc-bw-logo-1100x313.png 1100w, https:\/\/www.hsu-hh.de\/hpccp\/wp-content\/uploads\/sites\/877\/2022\/11\/hpc-bw-logo.png 1798w\" sizes=\"auto, (max-width: 1024px) 100vw, 1024px\" \/><figcaption class=\"wp-element-caption\">Quelle: <a href=\"https:\/\/dtecbw.de\/home\/forschung\/hsu\/projekt-hpcbw\/projekt-hpcbw\" rel='nofollow'>Offizielle Projektwebseite<\/a><\/figcaption><\/figure>\n<\/div>\n\n\n\n<div class=\"wp-block-column is-layout-flow wp-block-column-is-layout-flow\" style=\"flex-basis:33.33%\"><div class=\"wp-block-image\">\n<figure class=\"alignright size-large\"><img loading=\"lazy\" decoding=\"async\" width=\"1024\" height=\"241\" src=\"https:\/\/www.hsu-hh.de\/hpccp\/wp-content\/uploads\/sites\/877\/2023\/03\/dtec.bw_EU-Foederhinweis_RGB_vertikal-1024x241.png\" data-credit=\"dtec.bw \/ EU\" alt=\"dtec.bw is funded by the European Union \u2013 NextGenerationEU.\" class=\"wp-image-992\" srcset=\"https:\/\/www.hsu-hh.de\/hpccp\/wp-content\/uploads\/sites\/877\/2023\/03\/dtec.bw_EU-Foederhinweis_RGB_vertikal-1024x241.png 1024w, https:\/\/www.hsu-hh.de\/hpccp\/wp-content\/uploads\/sites\/877\/2023\/03\/dtec.bw_EU-Foederhinweis_RGB_vertikal-300x71.png 300w, https:\/\/www.hsu-hh.de\/hpccp\/wp-content\/uploads\/sites\/877\/2023\/03\/dtec.bw_EU-Foederhinweis_RGB_vertikal-768x181.png 768w, https:\/\/www.hsu-hh.de\/hpccp\/wp-content\/uploads\/sites\/877\/2023\/03\/dtec.bw_EU-Foederhinweis_RGB_vertikal-1100x259.png 1100w, https:\/\/www.hsu-hh.de\/hpccp\/wp-content\/uploads\/sites\/877\/2023\/03\/dtec.bw_EU-Foederhinweis_RGB_vertikal.png 1418w\" sizes=\"auto, (max-width: 1024px) 100vw, 1024px\" \/><figcaption class=\"wp-element-caption\">hpc.bw wird gef\u00f6rdert von <a href=\"https:\/\/dtecbw.de\/\" rel='nofollow'>dtec.bw<\/a> &#8211; Zentrum f\u00fcr Digitalisierungs- und Technologieforschung der Bundeswehr. dtec.bw wird von der Europ\u00e4ischen Union \u2013 NextGenerationEU finanziert.<\/figcaption><\/figure>\n<\/div><\/div>\n<\/div>\n\n\n\n<hr class=\"wp-block-separator has-alpha-channel-opacity\" \/>\n\n\n\n<h2 class=\"wp-block-heading\">Projektergebnisse und aktuelle Informationen<\/h2>\n\n\n\n<p>Aktuelle Informationen und Projektergebnisse finden Sie ausschlie\u00dflich auf der englischsprachigen Version dieser Webseite.<\/p>\n\n\n\n<p>Schnelllinks (englischsprachig):<\/p>\n\n\n\n<ul class=\"wp-block-list\">\n<li><a href=\"https:\/\/www.hsu-hh.de\/hpccp\/\">hpc.bw<\/a> \n<ul class=\"wp-block-list\">\n<li><a href=\"https:\/\/www.hsu-hh.de\/hpccp\/project-description\/\">Project Description<\/a><\/li>\n\n\n\n<li><a href=\"https:\/\/www.hsu-hh.de\/hpccp\/team-contact\/\">Team &amp; Contact<\/a><\/li>\n\n\n\n<li><a href=\"https:\/\/www.hsu-hh.de\/hpccp\/news\/\">News<\/a>\n<ul class=\"wp-block-list\">\n<li><a href=\"https:\/\/www.hsu-hh.de\/hpccp\/news\/newsletters\/\">Newsletters<\/a><\/li>\n<\/ul>\n<\/li>\n\n\n\n<li><a href=\"https:\/\/www.hsu-hh.de\/hpccp\/performance-engineering\/\">Performance Engineering<\/a><\/li>\n<\/ul>\n<\/li>\n\n\n\n<li><a href=\"https:\/\/www.hsu-hh.de\/hpccp\/hpc-competences\/\">HPC Competences<\/a><\/li>\n\n\n\n<li><a href=\"https:\/\/www.hsu-hh.de\/hpccp\/cp-events\/\">Events<\/a>\n<ul class=\"wp-block-list\">\n<li><a href=\"https:\/\/www.hsu-hh.de\/hpccp\/cp-events\/seminar-computation-data\/\">Seminar Computation &amp; Data<\/a><\/li>\n\n\n\n<li><a href=\"https:\/\/www.hsu-hh.de\/hpccp\/cp-events\/hpc-user-meetings\/\">HPC User Meetings<\/a><\/li>\n\n\n\n<li><a href=\"https:\/\/www.hsu-hh.de\/hpccp\/cp-events\/oevents\/\">Other Events<\/a><\/li>\n<\/ul>\n<\/li>\n\n\n\n<li><a href=\"https:\/\/www.hsu-hh.de\/hpccp\/cbrz\/\">CBRZ<\/a>\n<ul class=\"wp-block-list\">\n<li><a href=\"https:\/\/www.hsu-hh.de\/hpccp\/en\/systems-documentation\/\">Systems &amp; Do<\/a><a href=\"https:\/\/www.hsu-hh.de\/hpccp\/cbrz\/systems-documentation\/\">c<\/a><a href=\"https:\/\/www.hsu-hh.de\/hpccp\/en\/systems-documentation\/\">umentation<\/a><\/li>\n\n\n\n<li><a href=\"https:\/\/www.hsu-hh.de\/hpccp\/cbrz\/gallery\/\">CBRZ Gallery<\/a><\/li>\n\n\n\n<li><a href=\"https:\/\/www.hsu-hh.de\/hpccp\/cbrz\/visiting-cbrz\/\">Visiting CBRZ<\/a><\/li>\n<\/ul>\n<\/li>\n<\/ul>\n","protected":false},"excerpt":{"rendered":"<p>Hochleistungsrechnen (HPC = High Performance Computing) setzt sich mit der Entwicklung effizienter Software unter Ber\u00fccksichtigung von Algorithmik, der Nutzung ad\u00e4quater Programmiersprachen und Programmierumgebungen sowie der codespezifischen Optimierung der Rechenanweisungen auseinander. [&hellip;]<\/p>\n","protected":false},"author":3050,"featured_media":0,"parent":0,"menu_order":0,"comment_status":"closed","ping_status":"closed","template":"","meta":{"_EventAllDay":false,"_EventTimezone":"","_EventStartDate":"","_EventEndDate":"","_EventStartDateUTC":"","_EventEndDateUTC":"","_EventShowMap":false,"_EventShowMapLink":false,"_EventURL":"","_EventCost":"","_EventCostDescription":"","_EventCurrencySymbol":"","_EventCurrencyCode":"","_EventCurrencyPosition":"","_EventDateTimeSeparator":"","_EventTimeRangeSeparator":"","_EventOrganizerID":[],"_EventVenueID":[],"_OrganizerEmail":"","_OrganizerPhone":"","_OrganizerWebsite":"","_VenueAddress":"","_VenueCity":"","_VenueCountry":"","_VenueProvince":"","_VenueState":"","_VenueZip":"","_VenuePhone":"","_VenueURL":"","_VenueStateProvince":"","_VenueLat":"","_VenueLng":"","_VenueShowMap":false,"_VenueShowMapLink":false,"footnotes":""},"categories":[4],"tags":[],"class_list":["post-231","page","type-page","status-publish","hentry","category-startseite"],"_links":{"self":[{"href":"https:\/\/www.hsu-hh.de\/hpccp\/wp-json\/wp\/v2\/pages\/231","targetHints":{"allow":["GET"]}}],"collection":[{"href":"https:\/\/www.hsu-hh.de\/hpccp\/wp-json\/wp\/v2\/pages"}],"about":[{"href":"https:\/\/www.hsu-hh.de\/hpccp\/wp-json\/wp\/v2\/types\/page"}],"author":[{"embeddable":true,"href":"https:\/\/www.hsu-hh.de\/hpccp\/wp-json\/wp\/v2\/users\/3050"}],"replies":[{"embeddable":true,"href":"https:\/\/www.hsu-hh.de\/hpccp\/wp-json\/wp\/v2\/comments?post=231"}],"version-history":[{"count":15,"href":"https:\/\/www.hsu-hh.de\/hpccp\/wp-json\/wp\/v2\/pages\/231\/revisions"}],"predecessor-version":[{"id":997,"href":"https:\/\/www.hsu-hh.de\/hpccp\/wp-json\/wp\/v2\/pages\/231\/revisions\/997"}],"wp:attachment":[{"href":"https:\/\/www.hsu-hh.de\/hpccp\/wp-json\/wp\/v2\/media?parent=231"}],"wp:term":[{"taxonomy":"category","embeddable":true,"href":"https:\/\/www.hsu-hh.de\/hpccp\/wp-json\/wp\/v2\/categories?post=231"},{"taxonomy":"post_tag","embeddable":true,"href":"https:\/\/www.hsu-hh.de\/hpccp\/wp-json\/wp\/v2\/tags?post=231"}],"curies":[{"name":"wp","href":"https:\/\/api.w.org\/{rel}","templated":true}]}}