{"id":75,"date":"2017-07-03T15:52:18","date_gmt":"2017-07-03T13:52:18","guid":{"rendered":"https:\/\/www.hsu-hh.de\/vorlage\/?page_id=75"},"modified":"2023-03-06T12:29:30","modified_gmt":"2023-03-06T11:29:30","slug":"startpage","status":"publish","type":"page","link":"https:\/\/www.hsu-hh.de\/histec\/en\/","title":{"rendered":"Welcome to the Chair of the History of Knowledge of Modern Societies"},"content":{"rendered":"\n<div style=\"height:35px\" aria-hidden=\"true\" class=\"wp-block-spacer\"><\/div>\n\n\n\n<p>Helmut-Schmidt-Universit\u00e4t \/ Universit\u00e4t der Bundeswehr Hamburg<br>Professur f\u00fcr Neuere Sozial-, Wirtschafts- und Technikgeschichte<br>am Seminar f\u00fcr Geschichtswissenschaft<\/p>\n\n\n\n<p><strong>Address<\/strong>: Holstenhofweg 85, D-22043 Hamburg<br><strong>Telephone<\/strong>: 040-6541-3362<br><strong>Email address<\/strong>: heinrich.hartmann@hsu-hh.de<br><strong>Homepage<\/strong>: https:\/\/www.hsu-hh.de\/histec\/<br><strong>Chair person\/director<\/strong>: <abbr title=\"Professor\">Prof.<\/abbr> <abbr title=\"Doktor\">Dr.<\/abbr> H. Hartmann<br><strong>Contact<\/strong>: <abbr title=\"Professor\">Prof.<\/abbr> <abbr title=\"Doktor\">Dr.<\/abbr> H. Hartmann<br><br><strong>Short description<\/strong>: With some exceptions the students of the University of the Federal Armed Forces are young officers mainly from Germany, but also from other countries. However, a program to accept students unrelated to the Armed Forces is going to be established. \u2013 Although financed by the Ministry of Defence, the university is part of the Hamburg university system; its curricula in the four departments (Humanities, Social Sciences, Electrical Engineering, Mechanical Engineering) are similar to those taught at the two other Hamburg universities. There is a close cooperation in research and teaching. \u2013 Apart from its students, the University differs from other German State universities in two respects: the academic year is divided into terms instead of semesters which means that a B.A. and an M.A. degree can be obtained within two and a half or three and a half years respectively. The students are also required to attend lectures and seminars in a subject of a different department. \u2013 For advanced studies in the history of technology, the Universit\u00e4t der Bundeswehr welcomes excellent graduate students as PhD candidates.<\/p>\n\n\n\n<div style=\"height:100px\" aria-hidden=\"true\" class=\"wp-block-spacer\"><\/div>\n\n\n\n<h2 class=\"has-text-align-center wp-block-heading\">Research Projects of the Chair of the History of Knowledge of Modern Societies<\/h2>\n\n\n\n<div style=\"height:15px\" aria-hidden=\"true\" class=\"wp-block-spacer\"><\/div>\n\n\n\n<div class=\"wp-block-columns is-layout-flex wp-container-core-columns-is-layout-9d6595d7 wp-block-columns-is-layout-flex\">\n<div class=\"wp-block-column is-layout-flow wp-block-column-is-layout-flow\"><div class=\"wp-block-image\">\n<figure class=\"aligncenter size-medium\"><a href=\"https:\/\/www.hsu-hh.de\/histec\/statistik-und-landwirtschaft\"><img loading=\"lazy\" decoding=\"async\" width=\"300\" height=\"300\" src=\"https:\/\/www.hsu-hh.de\/histec\/wp-content\/uploads\/sites\/734\/2022\/11\/mohit-kumar-M9HwWUwq-9s-unsplash-e1669808597827-300x300.jpg\" data-credit=\"Unsplash License, Foto von Mohit Kumar\" alt=\"Unsplash License, Foto von Mohit Kumar\" class=\"wp-image-1018\" srcset=\"https:\/\/www.hsu-hh.de\/histec\/wp-content\/uploads\/sites\/734\/2022\/11\/mohit-kumar-M9HwWUwq-9s-unsplash-e1669808597827.jpg 300w, https:\/\/www.hsu-hh.de\/histec\/wp-content\/uploads\/sites\/734\/2022\/11\/mohit-kumar-M9HwWUwq-9s-unsplash-e1669808597827-150x150.jpg 150w, https:\/\/www.hsu-hh.de\/histec\/wp-content\/uploads\/sites\/734\/2022\/11\/mohit-kumar-M9HwWUwq-9s-unsplash-e1669808597827-100x100.jpg 100w\" sizes=\"auto, (max-width: 300px) 100vw, 300px\" \/><\/a><figcaption class=\"wp-element-caption\">Statistics and agriculture<br><a href=\"https:\/\/www.hsu-hh.de\/histec\/modernisierung-planung-und-intervention-in-der-geschichte-europaischer-integration\"><\/a><\/figcaption><\/figure>\n<\/div><\/div>\n\n\n\n<div class=\"wp-block-column is-layout-flow wp-block-column-is-layout-flow\"><div class=\"wp-block-image\">\n<figure class=\"aligncenter size-medium\"><a href=\"https:\/\/www.hsu-hh.de\/histec\/modernisierung-planung-und-intervention-in-der-geschichte-europaischer-integration\"><img loading=\"lazy\" decoding=\"async\" width=\"300\" height=\"300\" src=\"https:\/\/www.hsu-hh.de\/histec\/wp-content\/uploads\/sites\/734\/2022\/11\/etiamos161000187-e1669808619904-300x300.jpg\" data-credit=\"etiamos161000187\" alt=\"etiamos161000187\" class=\"wp-image-1005\" srcset=\"https:\/\/www.hsu-hh.de\/histec\/wp-content\/uploads\/sites\/734\/2022\/11\/etiamos161000187-e1669808619904.jpg 300w, https:\/\/www.hsu-hh.de\/histec\/wp-content\/uploads\/sites\/734\/2022\/11\/etiamos161000187-e1669808619904-150x150.jpg 150w, https:\/\/www.hsu-hh.de\/histec\/wp-content\/uploads\/sites\/734\/2022\/11\/etiamos161000187-e1669808619904-100x100.jpg 100w\" sizes=\"auto, (max-width: 300px) 100vw, 300px\" \/><\/a><figcaption class=\"wp-element-caption\">Modernization, Planning and Intervention in the History of European Integration<br><a href=\"https:\/\/www.hsu-hh.de\/histec\/materialitaet-in-der-psychotechnik\"><\/a><\/figcaption><\/figure>\n<\/div><\/div>\n\n\n\n<div class=\"wp-block-column is-layout-flow wp-block-column-is-layout-flow\"><div class=\"wp-block-image\">\n<figure class=\"aligncenter size-medium\"><a href=\"https:\/\/www.hsu-hh.de\/histec\/materialitaet-in-der-psychotechnik\"><img loading=\"lazy\" decoding=\"async\" width=\"300\" height=\"300\" src=\"https:\/\/www.hsu-hh.de\/histec\/wp-content\/uploads\/sites\/734\/2022\/11\/Zweihandpruefer_pp1920-21_294-edited-6-1-e1669809173367-300x300.jpg\" data-credit=\"Moede, Walther\" alt=\"Moede, Walther (1921): Ergebnisse der industriellen Psychotechnik. In: Praktische Psychologie 2 (10), S. 289\u2013328, hier: S. 294\" class=\"wp-image-1135\" srcset=\"https:\/\/www.hsu-hh.de\/histec\/wp-content\/uploads\/sites\/734\/2022\/11\/Zweihandpruefer_pp1920-21_294-edited-6-1-e1669809173367-300x300.jpg 300w, https:\/\/www.hsu-hh.de\/histec\/wp-content\/uploads\/sites\/734\/2022\/11\/Zweihandpruefer_pp1920-21_294-edited-6-1-e1669809173367-150x150.jpg 150w, https:\/\/www.hsu-hh.de\/histec\/wp-content\/uploads\/sites\/734\/2022\/11\/Zweihandpruefer_pp1920-21_294-edited-6-1-e1669809173367-100x100.jpg 100w, https:\/\/www.hsu-hh.de\/histec\/wp-content\/uploads\/sites\/734\/2022\/11\/Zweihandpruefer_pp1920-21_294-edited-6-1-e1669809173367.jpg 438w\" sizes=\"auto, (max-width: 300px) 100vw, 300px\" \/><\/a><figcaption class=\"wp-element-caption\">Materiality in psychotechnics<\/figcaption><\/figure>\n<\/div><\/div>\n<\/div>\n\n\n\n<div class=\"wp-block-columns is-layout-flex wp-container-core-columns-is-layout-9d6595d7 wp-block-columns-is-layout-flex\">\n<div class=\"wp-block-column is-layout-flow wp-block-column-is-layout-flow\"><div class=\"wp-block-image\">\n<figure class=\"aligncenter size-medium\"><a href=\"https:\/\/www.hsu-hh.de\/histec\/militaerstatistik-in-europa-im-langen-19-jahrhundert\"><img loading=\"lazy\" decoding=\"async\" width=\"300\" height=\"300\" src=\"https:\/\/www.hsu-hh.de\/histec\/wp-content\/uploads\/sites\/734\/2022\/11\/pk003359-e1669808648533-300x300.jpg\" data-credit=\"A. Franz\" alt=\"A. Franz\" class=\"wp-image-1022\" srcset=\"https:\/\/www.hsu-hh.de\/histec\/wp-content\/uploads\/sites\/734\/2022\/11\/pk003359-e1669808648533-300x300.jpg 300w, https:\/\/www.hsu-hh.de\/histec\/wp-content\/uploads\/sites\/734\/2022\/11\/pk003359-e1669808648533-1024x1024.jpg 1024w, https:\/\/www.hsu-hh.de\/histec\/wp-content\/uploads\/sites\/734\/2022\/11\/pk003359-e1669808648533-150x150.jpg 150w, https:\/\/www.hsu-hh.de\/histec\/wp-content\/uploads\/sites\/734\/2022\/11\/pk003359-e1669808648533-768x768.jpg 768w, https:\/\/www.hsu-hh.de\/histec\/wp-content\/uploads\/sites\/734\/2022\/11\/pk003359-e1669808648533-100x100.jpg 100w, https:\/\/www.hsu-hh.de\/histec\/wp-content\/uploads\/sites\/734\/2022\/11\/pk003359-e1669808648533-1100x1100.jpg 1100w, https:\/\/www.hsu-hh.de\/histec\/wp-content\/uploads\/sites\/734\/2022\/11\/pk003359-e1669808648533.jpg 1419w\" sizes=\"auto, (max-width: 300px) 100vw, 300px\" \/><\/a><figcaption class=\"wp-element-caption\">Military Statistics in Europe in the Long 19th Century<\/figcaption><\/figure>\n<\/div><\/div>\n\n\n\n<div class=\"wp-block-column is-layout-flow wp-block-column-is-layout-flow\"><div class=\"wp-block-image\">\n<figure class=\"aligncenter size-medium\"><a href=\"https:\/\/www.hsu-hh.de\/histec\/europaeische-wissensnetzwerke-und-landwirtschaftliche-entwicklungskonzepte-im-mittelmeerraum-im-20-jahrhundert\"><img loading=\"lazy\" decoding=\"async\" width=\"300\" height=\"300\" src=\"https:\/\/www.hsu-hh.de\/histec\/wp-content\/uploads\/sites\/734\/2022\/11\/Bild1-e1669808572681-300x300.gif\" data-credit=\"Christiansen-Weniger, Friedrich \/ Tosun, Osman\" alt=\"Christiansen-Weniger, Friedrich \/ Tosun, Osman: Die Trockenlandwirtschaft im Sprichwort des anatolischen Bauern, Ankara 1939\" class=\"wp-image-1033\" srcset=\"https:\/\/www.hsu-hh.de\/histec\/wp-content\/uploads\/sites\/734\/2022\/11\/Bild1-e1669808572681-300x300.gif 300w, https:\/\/www.hsu-hh.de\/histec\/wp-content\/uploads\/sites\/734\/2022\/11\/Bild1-e1669808572681-150x150.gif 150w, https:\/\/www.hsu-hh.de\/histec\/wp-content\/uploads\/sites\/734\/2022\/11\/Bild1-e1669808572681-100x100.gif 100w\" sizes=\"auto, (max-width: 300px) 100vw, 300px\" \/><\/a><figcaption class=\"wp-element-caption\">European knowledge networks and agricultural development concepts in the Mediterranean region in the 20th century.<\/figcaption><\/figure>\n<\/div><\/div>\n\n\n\n<div class=\"wp-block-column is-layout-flow wp-block-column-is-layout-flow\"><\/div>\n<\/div>\n","protected":false},"excerpt":{"rendered":"<p>Helmut-Schmidt-Universit\u00e4t \/ Universit\u00e4t der Bundeswehr HamburgProfessur f\u00fcr Neuere Sozial-, Wirtschafts- und Technikgeschichteam Seminar f\u00fcr Geschichtswissenschaft Address: Holstenhofweg 85, D-22043 HamburgTelephone: 040-6541-3362Email address: heinrich.hartmann@hsu-hh.deHomepage: https:\/\/www.hsu-hh.de\/histec\/Chair person\/director: Prof. Dr. H. HartmannContact: Prof. [&hellip;]<\/p>\n","protected":false},"author":1,"featured_media":0,"parent":0,"menu_order":0,"comment_status":"closed","ping_status":"closed","template":"","meta":{"footnotes":""},"categories":[37],"tags":[],"class_list":["post-75","page","type-page","status-publish","hentry","category-startpage"],"_links":{"self":[{"href":"https:\/\/www.hsu-hh.de\/histec\/wp-json\/wp\/v2\/pages\/75","targetHints":{"allow":["GET"]}}],"collection":[{"href":"https:\/\/www.hsu-hh.de\/histec\/wp-json\/wp\/v2\/pages"}],"about":[{"href":"https:\/\/www.hsu-hh.de\/histec\/wp-json\/wp\/v2\/types\/page"}],"author":[{"embeddable":true,"href":"https:\/\/www.hsu-hh.de\/histec\/wp-json\/wp\/v2\/users\/1"}],"replies":[{"embeddable":true,"href":"https:\/\/www.hsu-hh.de\/histec\/wp-json\/wp\/v2\/comments?post=75"}],"version-history":[{"count":10,"href":"https:\/\/www.hsu-hh.de\/histec\/wp-json\/wp\/v2\/pages\/75\/revisions"}],"predecessor-version":[{"id":1312,"href":"https:\/\/www.hsu-hh.de\/histec\/wp-json\/wp\/v2\/pages\/75\/revisions\/1312"}],"wp:attachment":[{"href":"https:\/\/www.hsu-hh.de\/histec\/wp-json\/wp\/v2\/media?parent=75"}],"wp:term":[{"taxonomy":"category","embeddable":true,"href":"https:\/\/www.hsu-hh.de\/histec\/wp-json\/wp\/v2\/categories?post=75"},{"taxonomy":"post_tag","embeddable":true,"href":"https:\/\/www.hsu-hh.de\/histec\/wp-json\/wp\/v2\/tags?post=75"}],"curies":[{"name":"wp","href":"https:\/\/api.w.org\/{rel}","templated":true}]}}