{"id":73,"date":"2017-07-03T15:52:08","date_gmt":"2017-07-03T13:52:08","guid":{"rendered":"https:\/\/www.hsu-hh.de\/vorlage\/?page_id=73"},"modified":"2026-03-28T14:15:24","modified_gmt":"2026-03-28T13:15:24","slug":"startseite","status":"publish","type":"page","link":"https:\/\/www.hsu-hh.de\/histec\/","title":{"rendered":""},"content":{"rendered":"\n<h2 class=\"wp-block-heading has-text-align-center\"><strong>Herzlich willkommen an der Professur f\u00fcr Wissensgeschichte&nbsp;moderner&nbsp;Gesellschaften der Helmut-Schmidt-Universit\u00e4t Hamburg!<\/strong><\/h2>\n\n\n\n<p><\/p>\n\n\n\n<p class=\"has-text-align-center\"><\/p>\n\n\n\n<div style=\"height:35px\" aria-hidden=\"true\" class=\"wp-block-spacer\"><\/div>\n\n\n\n<p class=\"has-text-align-left\">Die Professur f\u00fcr Wissensgeschichte&nbsp;moderner&nbsp;Gesellschaften besch\u00e4ftigt sich in Forschung und Lehre mit Ans\u00e4tzen, gesellschaftlichen und wirtschaftlichen Wandel im Zeitalter einer verdichteten technischen Kultur zu verstehen. Die Geschichte des Wissens und der Technik ist die konsequenteste Art und Weise, historischen Wandel anders als entlang etablierter Ereignisse zu erkl\u00e4ren. Sie fragt danach, wie Gesellschaften sich selbst verstehen und ver\u00e4ndern, denn das Streben nach Wissen \u2013 so unvollst\u00e4ndig und l\u00fcckenhaft dies letztlich auch bleiben mag \u2013 ist die Basis solcher Ver\u00e4nderungsprozesse. Das gilt f\u00fcr die Erkenntnisse der Teilchenphysik ebenso wie f\u00fcr die genetische Manipulation von landwirtschaftlichen Nutzpflanzen oder die statistische Erfassung von Geburtenraten.<\/p>\n\n\n\n<p class=\"has-text-align-left\">Die Mitarbeitenden im Team der Professur forschen und arbeiten zu verschiedenen Themengebieten und geographischen R\u00e4umen; uns eint jedoch das Interesse an Prozessen gesellschaftlichen Wandels und der Rolle von formellem und informellem Wissen im Verh\u00e4ltnis von Individuum, Technik und Umwelt. Besonderes Augenmerk kommt dabei umwelthistorischen Fragestellungen zu, deren Bedeutung f\u00fcr die Wissensgeschichte sich nicht erst aus den aktuellen Krisendiskursen ergibt.<\/p>\n\n\n\n<div style=\"height:100px\" aria-hidden=\"true\" class=\"wp-block-spacer\"><\/div>\n\n\n\n<h2 class=\"wp-block-heading has-text-align-center\">Forschungsprojekte der Professur f\u00fcr Wissensgeschichte&nbsp;moderner&nbsp;Gesellschaften<\/h2>\n\n\n\n<div style=\"height:15px\" aria-hidden=\"true\" class=\"wp-block-spacer\"><\/div>\n\n\n\n<h3 class=\"wp-block-heading has-text-align-center\"><\/h3>\n\n\n\n<div class=\"wp-block-columns is-layout-flex wp-container-core-columns-is-layout-9d6595d7 wp-block-columns-is-layout-flex\">\n<div class=\"wp-block-column is-layout-flow wp-block-column-is-layout-flow\"><div class=\"wp-block-image\">\n<figure class=\"aligncenter size-medium\"><a href=\"https:\/\/www.hsu-hh.de\/histec\/statistik-und-landwirtschaft\"><img loading=\"lazy\" decoding=\"async\" width=\"300\" height=\"300\" src=\"https:\/\/www.hsu-hh.de\/histec\/wp-content\/uploads\/sites\/734\/2022\/11\/mohit-kumar-M9HwWUwq-9s-unsplash-e1669808597827-300x300.jpg\" data-credit=\"Unsplash License, Foto von Mohit Kumar\" alt=\"Unsplash License, Foto von Mohit Kumar\" class=\"wp-image-1018\" srcset=\"https:\/\/www.hsu-hh.de\/histec\/wp-content\/uploads\/sites\/734\/2022\/11\/mohit-kumar-M9HwWUwq-9s-unsplash-e1669808597827.jpg 300w, https:\/\/www.hsu-hh.de\/histec\/wp-content\/uploads\/sites\/734\/2022\/11\/mohit-kumar-M9HwWUwq-9s-unsplash-e1669808597827-150x150.jpg 150w, https:\/\/www.hsu-hh.de\/histec\/wp-content\/uploads\/sites\/734\/2022\/11\/mohit-kumar-M9HwWUwq-9s-unsplash-e1669808597827-100x100.jpg 100w\" sizes=\"auto, (max-width: 300px) 100vw, 300px\" \/><\/a><figcaption class=\"wp-element-caption\">Mais und die Intensivierung der europ\u00e4ischen Landwirtschaft, 1945-1992<br><a href=\"https:\/\/www.hsu-hh.de\/histec\/modernisierung-planung-und-intervention-in-der-geschichte-europaischer-integration\"><\/a><\/figcaption><\/figure>\n<\/div><\/div>\n\n\n\n<div class=\"wp-block-column is-layout-flow wp-block-column-is-layout-flow\"><div class=\"wp-block-image\">\n<figure class=\"aligncenter size-medium\"><a href=\"https:\/\/www.hsu-hh.de\/histec\/modernisierung-planung-und-intervention-in-der-geschichte-europaischer-integration\"><img loading=\"lazy\" decoding=\"async\" width=\"300\" height=\"300\" src=\"https:\/\/www.hsu-hh.de\/histec\/wp-content\/uploads\/sites\/734\/2022\/11\/etiamos161000187-e1669808619904-300x300.jpg\" data-credit=\"etiamos161000187\" alt=\"etiamos161000187\" class=\"wp-image-1005\" srcset=\"https:\/\/www.hsu-hh.de\/histec\/wp-content\/uploads\/sites\/734\/2022\/11\/etiamos161000187-e1669808619904.jpg 300w, https:\/\/www.hsu-hh.de\/histec\/wp-content\/uploads\/sites\/734\/2022\/11\/etiamos161000187-e1669808619904-150x150.jpg 150w, https:\/\/www.hsu-hh.de\/histec\/wp-content\/uploads\/sites\/734\/2022\/11\/etiamos161000187-e1669808619904-100x100.jpg 100w\" sizes=\"auto, (max-width: 300px) 100vw, 300px\" \/><\/a><figcaption class=\"wp-element-caption\">Modernisierung, Planung und Intervention in der Geschichte europ\u00e4ischer Integration<br><a href=\"https:\/\/www.hsu-hh.de\/histec\/materialitaet-in-der-psychotechnik\"><\/a><\/figcaption><\/figure>\n<\/div><\/div>\n\n\n\n<div class=\"wp-block-column is-layout-flow wp-block-column-is-layout-flow\"><div class=\"wp-block-image\">\n<figure class=\"aligncenter size-medium\"><a href=\"https:\/\/www.hsu-hh.de\/histec\/militaerstatistik-in-europa-im-langen-19-jahrhundert\"><img loading=\"lazy\" decoding=\"async\" width=\"300\" height=\"300\" src=\"https:\/\/www.hsu-hh.de\/histec\/wp-content\/uploads\/sites\/734\/2022\/11\/pk003359-e1669808648533-300x300.jpg\" data-credit=\"A. Franz\" alt=\"A. Franz\" class=\"wp-image-1022\" srcset=\"https:\/\/www.hsu-hh.de\/histec\/wp-content\/uploads\/sites\/734\/2022\/11\/pk003359-e1669808648533-300x300.jpg 300w, https:\/\/www.hsu-hh.de\/histec\/wp-content\/uploads\/sites\/734\/2022\/11\/pk003359-e1669808648533-1024x1024.jpg 1024w, https:\/\/www.hsu-hh.de\/histec\/wp-content\/uploads\/sites\/734\/2022\/11\/pk003359-e1669808648533-150x150.jpg 150w, https:\/\/www.hsu-hh.de\/histec\/wp-content\/uploads\/sites\/734\/2022\/11\/pk003359-e1669808648533-768x768.jpg 768w, https:\/\/www.hsu-hh.de\/histec\/wp-content\/uploads\/sites\/734\/2022\/11\/pk003359-e1669808648533-100x100.jpg 100w, https:\/\/www.hsu-hh.de\/histec\/wp-content\/uploads\/sites\/734\/2022\/11\/pk003359-e1669808648533-1100x1100.jpg 1100w, https:\/\/www.hsu-hh.de\/histec\/wp-content\/uploads\/sites\/734\/2022\/11\/pk003359-e1669808648533.jpg 1419w\" sizes=\"auto, (max-width: 300px) 100vw, 300px\" \/><\/a><figcaption class=\"wp-element-caption\">Milit\u00e4rstatistik in Europa im langen 19. Jahrhundert<\/figcaption><\/figure>\n<\/div><\/div>\n<\/div>\n\n\n\n<div class=\"wp-block-columns is-layout-flex wp-container-core-columns-is-layout-9d6595d7 wp-block-columns-is-layout-flex\">\n<div class=\"wp-block-column is-layout-flow wp-block-column-is-layout-flow\"><div class=\"wp-block-image\">\n<figure class=\"aligncenter size-medium\"><a href=\"https:\/\/www.hsu-hh.de\/histec\/europaeische-wissensnetzwerke-und-landwirtschaftliche-entwicklungskonzepte-im-mittelmeerraum-im-20-jahrhundert\"><img loading=\"lazy\" decoding=\"async\" width=\"300\" height=\"300\" src=\"https:\/\/www.hsu-hh.de\/histec\/wp-content\/uploads\/sites\/734\/2022\/11\/Bild1-e1669808572681-300x300.gif\" data-credit=\"Christiansen-Weniger, Friedrich \/ Tosun, Osman\" alt=\"Christiansen-Weniger, Friedrich \/ Tosun, Osman: Die Trockenlandwirtschaft im Sprichwort des anatolischen Bauern, Ankara 1939\" class=\"wp-image-1033\" srcset=\"https:\/\/www.hsu-hh.de\/histec\/wp-content\/uploads\/sites\/734\/2022\/11\/Bild1-e1669808572681-300x300.gif 300w, https:\/\/www.hsu-hh.de\/histec\/wp-content\/uploads\/sites\/734\/2022\/11\/Bild1-e1669808572681-150x150.gif 150w, https:\/\/www.hsu-hh.de\/histec\/wp-content\/uploads\/sites\/734\/2022\/11\/Bild1-e1669808572681-100x100.gif 100w\" sizes=\"auto, (max-width: 300px) 100vw, 300px\" \/><\/a><figcaption class=\"wp-element-caption\">Europ\u00e4ische Wissensnetzwerke und landwirtschaftliche Entwicklungskonzepte im Mittelmeerraum im 20. Jahrhundert<\/figcaption><\/figure>\n<\/div><\/div>\n\n\n\n<div class=\"wp-block-column is-layout-flow wp-block-column-is-layout-flow\"><div class=\"wp-block-image\">\n<figure class=\"aligncenter size-medium is-resized\"><a href=\"https:\/\/www.hsu-hh.de\/histec\/mona-bieling\"><img loading=\"lazy\" decoding=\"async\" width=\"300\" height=\"300\" src=\"https:\/\/www.hsu-hh.de\/histec\/wp-content\/uploads\/sites\/734\/2023\/10\/Haifa-harbor_Library-of-Congress_public-domain-e1696933215484-300x300.jpg\" data-credit=\"Haifa-harbor_Library-of-Congress_public-domain.jpg\" alt=\"Haifa-harbor_Library-of-Congress_public-domain.jpg\" class=\"wp-image-1437\" style=\"width:300px;height:300px\" srcset=\"https:\/\/www.hsu-hh.de\/histec\/wp-content\/uploads\/sites\/734\/2023\/10\/Haifa-harbor_Library-of-Congress_public-domain-e1696933215484-300x300.jpg 300w, https:\/\/www.hsu-hh.de\/histec\/wp-content\/uploads\/sites\/734\/2023\/10\/Haifa-harbor_Library-of-Congress_public-domain-e1696933215484-150x150.jpg 150w, https:\/\/www.hsu-hh.de\/histec\/wp-content\/uploads\/sites\/734\/2023\/10\/Haifa-harbor_Library-of-Congress_public-domain-e1696933215484-100x100.jpg 100w, https:\/\/www.hsu-hh.de\/histec\/wp-content\/uploads\/sites\/734\/2023\/10\/Haifa-harbor_Library-of-Congress_public-domain-e1696933215484.jpg 438w\" sizes=\"auto, (max-width: 300px) 100vw, 300px\" \/><\/a><figcaption class=\"wp-element-caption\">Landscape and Power in Mandate Palestine, 1917-1948<\/figcaption><\/figure>\n<\/div><\/div>\n\n\n\n<div class=\"wp-block-column is-layout-flow wp-block-column-is-layout-flow\"><div class=\"wp-block-image\">\n<figure class=\"aligncenter size-medium is-resized\"><a href=\"https:\/\/www.hsu-hh.de\/histec\/kai-herzog\"><img loading=\"lazy\" decoding=\"async\" width=\"300\" height=\"300\" src=\"https:\/\/www.hsu-hh.de\/histec\/wp-content\/uploads\/sites\/734\/2025\/05\/zugeschnitten-300x300.jpg\" data-credit=\"https:\/\/www.media.volvocars.com\/at\/de-at\/media\/pressreleases\/161744\/photos\" alt=\"\" class=\"wp-image-1705\" style=\"width:298px;height:auto\" srcset=\"https:\/\/www.hsu-hh.de\/histec\/wp-content\/uploads\/sites\/734\/2025\/05\/zugeschnitten-300x300.jpg 300w, https:\/\/www.hsu-hh.de\/histec\/wp-content\/uploads\/sites\/734\/2025\/05\/zugeschnitten-150x150.jpg 150w, https:\/\/www.hsu-hh.de\/histec\/wp-content\/uploads\/sites\/734\/2025\/05\/zugeschnitten-100x100.jpg 100w, https:\/\/www.hsu-hh.de\/histec\/wp-content\/uploads\/sites\/734\/2025\/05\/zugeschnitten.jpg 722w\" sizes=\"auto, (max-width: 300px) 100vw, 300px\" \/><\/a><figcaption class=\"wp-element-caption\">Racing Imperialism and Independence: East Africa\u2019s Safari Rally, 1953-2002<\/figcaption><\/figure>\n<\/div><\/div>\n<\/div>\n\n\n\n<div class=\"wp-block-columns is-layout-flex wp-container-core-columns-is-layout-9d6595d7 wp-block-columns-is-layout-flex\">\n<div class=\"wp-block-column is-layout-flow wp-block-column-is-layout-flow\"><div class=\"wp-block-image\">\n<figure class=\"aligncenter size-medium\"><a href=\"https:\/\/www.hsu-hh.de\/histec\/materialitaet-in-der-psychotechnik\"><img loading=\"lazy\" decoding=\"async\" width=\"300\" height=\"300\" src=\"https:\/\/www.hsu-hh.de\/histec\/wp-content\/uploads\/sites\/734\/2022\/11\/Zweihandpruefer_pp1920-21_294-edited-6-1-e1669809173367-300x300.jpg\" data-credit=\"Moede, Walther\" alt=\"Moede, Walther (1921): Ergebnisse der industriellen Psychotechnik. In: Praktische Psychologie 2 (10), S. 289\u2013328, hier: S. 294\" class=\"wp-image-1135\" srcset=\"https:\/\/www.hsu-hh.de\/histec\/wp-content\/uploads\/sites\/734\/2022\/11\/Zweihandpruefer_pp1920-21_294-edited-6-1-e1669809173367-300x300.jpg 300w, https:\/\/www.hsu-hh.de\/histec\/wp-content\/uploads\/sites\/734\/2022\/11\/Zweihandpruefer_pp1920-21_294-edited-6-1-e1669809173367-150x150.jpg 150w, https:\/\/www.hsu-hh.de\/histec\/wp-content\/uploads\/sites\/734\/2022\/11\/Zweihandpruefer_pp1920-21_294-edited-6-1-e1669809173367-100x100.jpg 100w, https:\/\/www.hsu-hh.de\/histec\/wp-content\/uploads\/sites\/734\/2022\/11\/Zweihandpruefer_pp1920-21_294-edited-6-1-e1669809173367.jpg 438w\" sizes=\"auto, (max-width: 300px) 100vw, 300px\" \/><\/a><figcaption class=\"wp-element-caption\">Die Geschichte apparativen, psychologischen Testens und das Verh\u00e4ltnis von Motorik und Kognition von den 1920ern bis zu den 1960er Jahren<\/figcaption><\/figure>\n<\/div><\/div>\n\n\n\n<div class=\"wp-block-column is-layout-flow wp-block-column-is-layout-flow\"><\/div>\n\n\n\n<div class=\"wp-block-column is-layout-flow wp-block-column-is-layout-flow\"><\/div>\n<\/div>\n","protected":false},"excerpt":{"rendered":"<p>Herzlich willkommen an der Professur f\u00fcr Wissensgeschichte&nbsp;moderner&nbsp;Gesellschaften der Helmut-Schmidt-Universit\u00e4t Hamburg! Die Professur f\u00fcr Wissensgeschichte&nbsp;moderner&nbsp;Gesellschaften besch\u00e4ftigt sich in Forschung und Lehre mit Ans\u00e4tzen, gesellschaftlichen und wirtschaftlichen Wandel im Zeitalter einer verdichteten [&hellip;]<\/p>\n","protected":false},"author":1,"featured_media":0,"parent":0,"menu_order":0,"comment_status":"closed","ping_status":"closed","template":"","meta":{"footnotes":""},"categories":[35],"tags":[],"class_list":["post-73","page","type-page","status-publish","hentry","category-startseite"],"_links":{"self":[{"href":"https:\/\/www.hsu-hh.de\/histec\/wp-json\/wp\/v2\/pages\/73","targetHints":{"allow":["GET"]}}],"collection":[{"href":"https:\/\/www.hsu-hh.de\/histec\/wp-json\/wp\/v2\/pages"}],"about":[{"href":"https:\/\/www.hsu-hh.de\/histec\/wp-json\/wp\/v2\/types\/page"}],"author":[{"embeddable":true,"href":"https:\/\/www.hsu-hh.de\/histec\/wp-json\/wp\/v2\/users\/1"}],"replies":[{"embeddable":true,"href":"https:\/\/www.hsu-hh.de\/histec\/wp-json\/wp\/v2\/comments?post=73"}],"version-history":[{"count":60,"href":"https:\/\/www.hsu-hh.de\/histec\/wp-json\/wp\/v2\/pages\/73\/revisions"}],"predecessor-version":[{"id":1817,"href":"https:\/\/www.hsu-hh.de\/histec\/wp-json\/wp\/v2\/pages\/73\/revisions\/1817"}],"wp:attachment":[{"href":"https:\/\/www.hsu-hh.de\/histec\/wp-json\/wp\/v2\/media?parent=73"}],"wp:term":[{"taxonomy":"category","embeddable":true,"href":"https:\/\/www.hsu-hh.de\/histec\/wp-json\/wp\/v2\/categories?post=73"},{"taxonomy":"post_tag","embeddable":true,"href":"https:\/\/www.hsu-hh.de\/histec\/wp-json\/wp\/v2\/tags?post=73"}],"curies":[{"name":"wp","href":"https:\/\/api.w.org\/{rel}","templated":true}]}}