{"id":523,"date":"2019-02-05T10:59:38","date_gmt":"2019-02-05T09:59:38","guid":{"rendered":"https:\/\/www.hsu-hh.de\/histec\/?page_id=523"},"modified":"2022-10-26T09:27:46","modified_gmt":"2022-10-26T07:27:46","slug":"buggeln","status":"publish","type":"page","link":"https:\/\/www.hsu-hh.de\/histec\/buggeln","title":{"rendered":"Marc Buggeln"},"content":{"rendered":"<h3>Kontakt<\/h3>\n<div class=\"clearfix\"><\/div>\n<div class=\"ansprechparter-container\">\n<div class=\"row ansprechpartner-item ansprechparter-header\">\n<div class=\"col-xs-8 col-lg-12\" style=\"margin-bottom: 30px\">\n<h3 class=\"ansprechparter-headline\">Marc Buggeln<\/h3>\n<\/div>\n<div class=\"col-md-4 col-lg-3 col-xs-4 ansprechpartner-item floatright img-circle center-block\" style=\"margin-bottom: 30px\">\n<div class=\"img-responsive-wrapper\"><img loading=\"lazy\" decoding=\"async\" class=\"alignnone wp-image-835 size-medium\" src=\"https:\/\/www.hsu-hh.de\/histec\/wp-content\/uploads\/sites\/734\/2021\/10\/MG_0044b-294x300.jpg\" alt=\"\" width=\"294\" height=\"300\" data-credit=\"Neumaier\" srcset=\"https:\/\/www.hsu-hh.de\/histec\/wp-content\/uploads\/sites\/734\/2021\/10\/MG_0044b-294x300.jpg 294w, https:\/\/www.hsu-hh.de\/histec\/wp-content\/uploads\/sites\/734\/2021\/10\/MG_0044b-1002x1024.jpg 1002w, https:\/\/www.hsu-hh.de\/histec\/wp-content\/uploads\/sites\/734\/2021\/10\/MG_0044b-768x785.jpg 768w, https:\/\/www.hsu-hh.de\/histec\/wp-content\/uploads\/sites\/734\/2021\/10\/MG_0044b-1100x1124.jpg 1100w, https:\/\/www.hsu-hh.de\/histec\/wp-content\/uploads\/sites\/734\/2021\/10\/MG_0044b.jpg 1502w\" sizes=\"auto, (max-width: 294px) 100vw, 294px\" \/><\/div>\n<\/div>\n<div class=\"col-md-12 col-lg-3 col-xs-12 ansprechpartner-item kontakt floatright\" style=\"margin-bottom: 30px\">\n<div class=\"row\">\n<div class=\"col-xs-12 col-sm-6 col-lg-12\">\n<div class=\"row\">\n<div><\/div>\n<div><\/div>\n<div class=\"col-xs-12 col-lg-4 row-text bold\">Raum:<\/div>\n<div class=\"col-xs-12 col-lg-8 row-text\">2212<\/div>\n<\/div>\n<\/div>\n<div class=\"col-xs-12 col-sm-6 col-lg-12\">\n<div class=\"row\">\n<div class=\"col-xs-12 col-lg-4 row-text bold\">Telefon:<\/div>\n<div class=\"col-xs-12 col-lg-8 row-text\">(040) 6541-3362<\/div>\n<\/div>\n<\/div>\n<div class=\"col-xs-12 col-sm-6 col-lg-12\">\n<div class=\"row\">\n<div class=\"col-xs-12 col-lg-4 row-text bold\">Fax:<\/div>\n<div class=\"col-xs-12 col-lg-8 row-text\">(040) 6541-2834<\/div>\n<\/div>\n<\/div>\n<div class=\"col-xs-12 col-sm-6 col-lg-12\">\n<div class=\"row\">\n<div class=\"col-xs-12 col-md-12 row-text bold\">E-Mail:<\/div>\n<div class=\"col-xs-12 col-md-12 row-text\">buggelnm@hsu-hh.de<\/div>\n<\/div>\n<\/div>\n<\/div>\n<\/div>\n<div class=\"col-md-6 col-lg-3 col-xs-12 ansprechpartner-item anschrift floatright\">\n<div><\/div>\n<div><\/div>\n<div class=\"row-headline\">Besucheranschrift<\/div>\n<div class=\"row-text\">Helmut-Schmidt-Universit\u00e4t<\/div>\n<div class=\"row-text\">Geb\u00e4ude H1<\/div>\n<div class=\"row-text\">Holstenhofweg 85<\/div>\n<div class=\"row-text\">22043 Hamburg<\/div>\n<\/div>\n<div class=\"col-md-6 col-lg-3 col-xs-12 ansprechpartner-item anschrift floatright\">\n<div class=\"row-headline\">Postanschrift<\/div>\n<div class=\"row-text\">Helmut-Schmidt-Universit\u00e4t<\/div>\n<div class=\"row-text\">Fakult\u00e4t f\u00fcr Geistes- und<\/div>\n<div>Sozialwissenschaften<\/div>\n<div>Neuere Sozial-, Wirtschafts-<\/div>\n<div>und Technikgeschichte<\/div>\n<div class=\"row-text\">Postfach 70 08 22<\/div>\n<div class=\"row-text\">22008 Hamburg<\/div>\n<\/div>\n<\/div>\n<\/div>\n<div class=\"clearfix\"><\/div>\n<h3>CV<\/h3>\n<p><strong>Akademischer und beruflicher Werdegang<\/strong><\/p>\n<p>Ab 10\/21&nbsp;&nbsp;&nbsp;&nbsp;&nbsp;&nbsp; Vertretung der Professur f\u00fcr Sozial-, Wirtschafts- und Technikgeschichte an der Helmut-Schmidt-Universit\u00e4t\/Universit\u00e4t der Bundeswehr Hamburg<\/p>\n<p>Ab 7\/20&nbsp;&nbsp;&nbsp;&nbsp;&nbsp;&nbsp;&nbsp;&nbsp; Privatdozent am Institut f\u00fcr Geschichtswissenschaften der Humboldt-Universit\u00e4t zu Berlin<\/p>\n<p>6.5.21&nbsp;&nbsp;&nbsp;&nbsp;&nbsp;&nbsp;&nbsp;&nbsp;&nbsp;&nbsp;&nbsp; Antrittsvorlesung Humboldt Universit\u00e4t zu Berlin (Abschluss des Habilitationsverfahrens)<\/p>\n<p>10\/20-3\/21&nbsp;&nbsp;&nbsp;&nbsp; Gastdozent Universit\u00e4t St. Gallen<\/p>\n<p>16.12.20&nbsp;&nbsp;&nbsp;&nbsp;&nbsp;&nbsp;&nbsp; Habilitationskolloquium<\/p>\n<p>4\/20-09\/20&nbsp;&nbsp;&nbsp;&nbsp;&nbsp;&nbsp; Vertretung der Professur \u201eNeuere und Neueste Geschichte\u201c an der Universit\u00e4t Augsburg (<abbr title=\"Professor\">Prof.<\/abbr> <abbr title=\"Doktor\">Dr.<\/abbr> Dietmar S\u00fc\u00df)<\/p>\n<p>10\/19-3\/20&nbsp;&nbsp;&nbsp;&nbsp; Visiting Fellow am College Clare Hall (Cambridge) und Gastdozent an der Faculty of History&nbsp; der Universit\u00e4t Cambridge<\/p>\n<p>4\/18-10\/19&nbsp;&nbsp;&nbsp; Abschluss der Habilitationsschrift<\/p>\n<p>WS 2017\/18&nbsp; Vertretung der Professur \u201eDeutsche Geschichte im 20. Jahrhundert mit Schwerpunkt im Nationalsozialismus\u201c an der Humboldt-Universit\u00e4t (<abbr title=\"Professor\">Prof.<\/abbr> <abbr title=\"Doktor\">Dr.<\/abbr> Michael Wildt)<\/p>\n<p>10\/16-9\/17&nbsp;&nbsp;&nbsp; DFG \u201eEigene Stelle\u201c<\/p>\n<p>FJ 2015 &nbsp;&nbsp;&nbsp;&nbsp;&nbsp;&nbsp; Gastdozent am Dipartimento di Scienze Politiche, Universit\u00e0 di Bologna<\/p>\n<p>9\/09-9\/16 &nbsp;&nbsp;&nbsp;&nbsp; Wissenschaftlicher Mitarbeiter am Institut f\u00fcr Geschichtswissenschaften der Humboldt-Universit\u00e4t zu Berlin.<\/p>\n<p>07\/2008 &nbsp;&nbsp;&nbsp;&nbsp;&nbsp;&nbsp; Abschluss der Promotion (Universit\u00e4t Bremen, Note: summa cum laude).<\/p>\n<p>2003-2004 &nbsp;&nbsp; Mitarbeit an der Erstellung der neuen Dauerausstellung der KZ-Gedenkst\u00e4tte Neuengamme sowie der Sonderausstellung \u00fcber die Lager-SS.<\/p>\n<p>2001 &nbsp;&nbsp;&nbsp;&nbsp;&nbsp;&nbsp;&nbsp;&nbsp;&nbsp;&nbsp;&nbsp;&nbsp; Werkvertrag bei Erinnern f\u00fcr die Zukunft e.V. in Bremen f\u00fcr die Konzepterstellung f\u00fcr den Denkort \u201eU-Boot-Bunker Valentin\u201c.<\/p>\n<p>07\/2000&nbsp; &nbsp;&nbsp;&nbsp;&nbsp;&nbsp;&nbsp; Abschluss des Studiums mit der Magisterpr\u00fcfung (Note: sehr gut). Magisterarbeit zu den wirtschaftlichen Gro\u00dfraumplanungen f\u00fcr den europ\u00e4ischen Kontinent (1940\/41).<\/p>\n<p>1991-2000 &nbsp;&nbsp; Studium der Geschichte und der Kulturwissenschaft an der Universit\u00e4t Bremen. Finanzierung durch eine Halbtagesstelle in der Behindertenpflege.<\/p>\n<p>1990 &nbsp;&nbsp;&nbsp;&nbsp;&nbsp;&nbsp;&nbsp;&nbsp;&nbsp;&nbsp;&nbsp; Abitur<\/p>\n<p><strong>Preise und Stipendien<\/strong><\/p>\n<p>10\/2021&nbsp;&nbsp;&nbsp;&nbsp;&nbsp;&nbsp;&nbsp;&nbsp; Carl-Erdmann-Preis des Verbands der Historiker und Historikerinnen Deutschlands f\u00fcr die Habilitationsschrift<\/p>\n<p>04\/2011 &nbsp;&nbsp;&nbsp;&nbsp;&nbsp;&nbsp; Preis \u201eGeisteswissenschaften International\u201c f\u00fcr die Dissertationsschrift<\/p>\n<p>09\/2009 &nbsp;&nbsp;&nbsp;&nbsp;&nbsp;&nbsp; Verleihung des Herbert-Steiner-Preises f\u00fcr die Dissertationsschrift<\/p>\n<p>2002-2005 &nbsp;&nbsp; Promotionsstipendiat der Heinrich-B\u00f6ll-Stiftung<\/p>\n<p>2001\/2002 &nbsp;&nbsp; Forschungsaufenthalt in Yad Vashem (Israel), gef\u00f6rdert vom DAAD.<\/p>\n<p><strong>Drittmittelprojekte<\/strong><\/p>\n<p>1)&nbsp;&nbsp;&nbsp; \u201eSteuern und umverteilen. Eine Geschichte der \u00f6ffentlichen Finanzen in der Bundesrepublik Deutschland (1949-1989)\u201c. F\u00f6rderung aus Mitteln des Zukunftskonzeptes \u201eBildung durch Wissenschaft\/F\u00f6rderlinie Freir\u00e4ume\/F\u00f6rderformat \u201eZeit geben\u201c an der HU Berlin, F\u00f6rderzeitraum: 1 Jahr, F\u00f6rdersumme: 16.304 \u20ac<\/p>\n<p>2)&nbsp;&nbsp;&nbsp; Tagungsf\u00f6rderung durch die Fritz-Thyssen-Stiftung f\u00fcr die Konferenz: \u201cLeviathan after the Boom.\u201c (zusammen mit Alexander N\u00fctzenadel und Michael Wildt) F\u00f6rdersumme: 19.500 \u20ac<\/p>\n<p>3)&nbsp;&nbsp;&nbsp; DFG \u201eEigene Stelle\u201c f\u00fcr 12 Monate von Oktober 2016-September 2017 f\u00fcr das Projekt \u201eDer Steuerstaat im Spannungsfeld von Demokratie und Kapitalismus. Eine Geschichte der \u00f6ffentlichen Finanzen in der Bundesrepublik Deutschland (1949- 1989)\u201c F\u00f6rdersumme: 81.400 \u20ac<\/p>\n<p><strong>Tagungsorganisation<\/strong><\/p>\n<p>1)&nbsp;&nbsp;&nbsp; \u201e\u00d6ffentliche G\u00fcter und ihre Finanzierung \u2013 Wandel und Herausforderung f\u00fcr die Demokratie\u201c bei der Schader-Stiftung in Darmstadt am 27.-28. Juni 2019 (zusammen mit Sebastian Huhnholz und Christian Waldhoff).<\/p>\n<p>2)&nbsp;&nbsp;&nbsp; 11. Europ\u00e4ische Sommer-Universit\u00e4t der Mahn- und Gedenkst\u00e4tte Ravensbr\u00fcck<\/p>\n<p>\u201eLager im 20. Jahrhundert. Arbeit, Repression und Zwangsmigration in geschlechterhistorischer Perspektive\u201c (Mitglied des Vorbereitungskomitees)<\/p>\n<p>3)&nbsp;&nbsp;&nbsp; \u201cLeviathan after the Boom. Public Finance in the industrialized Western Countries since the 1970&#8217;s\u201d bei der Fritz-Thyssen-Stiftung in K\u00f6ln am 13.-15. Juni 2013 (zusammen mit Alexander N\u00fctzenadel und Michael Wildt)<\/p>\n<p>4)&nbsp;&nbsp;&nbsp; \u201eArbeit im Nationalsozialismus\u201c auf Einladung des Internationalen Geisteswissenschaftlichen Kollegs \u201eArbeit und Lebenslauf in globalgeschichtlicher Perspektive\u201c am 13.-15. Dezember 2012 an der Humboldt-Universit\u00e4t zu Berlin (zusammen mit Michael Wildt)<\/p>\n<p>5)&nbsp;&nbsp; \u201cDer Bunker Valentin. Ein Ort im europ\u00e4ischen Ged\u00e4chtnis?\u201c \u2013 Universit\u00e4t Bremen, 24.-26. November 2005 (zusammen mit Inge Marszolek)<\/p>\n<p><strong>Redaktionsarbeit und Herausgeberschaft<\/strong><\/p>\n<p>Seit 2010 &nbsp;&nbsp;&nbsp;&nbsp;&nbsp;&nbsp; Redaktionsmitglied bei H-Soz-Kult<\/p>\n<p>Seit 2003 &nbsp;&nbsp;&nbsp;&nbsp;&nbsp;&nbsp; Redaktionsmitglied (bis 2011) und Mit-Herausgeber von WerkstattGeschichte<\/p>\n<p>2000-2014&nbsp; &nbsp;&nbsp;&nbsp; Redaktionsmitglied der Zeitschrift 1999\/Sozial.Geschichte.online.<\/p>\n<p><strong>Mitgliedschaften<\/strong><\/p>\n<p>Verband der Historiker und Historikerinnen Deutschlands (VHD)<\/p>\n<p>Deutscher Hochschulverband (DHV)<\/p>\n<p>Life-Long Member of Clare Hall (Cambridge)<\/p>\n<p>Mitglied im DFG-Netzwerk \u201eErbf\u00e4lle und Eigentums\u00fcbertragungen \u2013 Erbpraktiken im Spannungsfeld von Staat und Familie seit 1800\u201c (Laufzeit 2020-2022)<\/p>\n<p>Mitglied des Gr\u00fcndungskomitees f\u00fcr den Aufbau einer \u201eSociety for Research in the History of the Political Economy of Public Finance\u201c<\/p>\n<p>Mitglied im Arbeitskreis Historische Gewaltforschung<\/p>\n<p>Mitglied im Arbeitskreis Steuergeschichte (Vorsitz: <abbr title=\"Professor\">Prof.<\/abbr> <abbr title=\"Doktor\">Dr.<\/abbr> Ekkehard Reimer, Institut f\u00fcr Finanz- und Steuerrecht an der Universit\u00e4t Heidelberg)<\/p>\n<p>Vertrauensdozent und Auswahlausschussmitglied bei der Heinrich-B\u00f6ll-Stiftung<\/p>\n<h3>Publikationen<\/h3>\n<p><strong>Publikationen &amp; Vortr\u00e4ge <abbr title=\"Doktor\">Dr.<\/abbr> Marc Buggeln<\/strong><\/p>\n<p><em>Monografien<\/em><\/p>\n<p>1)&nbsp;&nbsp;&nbsp;&nbsp;&nbsp;&nbsp; Das Versprechen der Gleichheit. Progressive Steuerpolitik und die Reduktion sozialer Ungleichheit 1871-1945, Berlin 2019 (Habilitationsschrift HU Berlin; erscheint im Fr\u00fchjahr 2022 im Suhrkamp Verlag in zeitlich erweiterter Fassung: 1871 bis heute).<\/p>\n<p>2)&nbsp;&nbsp;&nbsp;&nbsp;&nbsp;&nbsp; Slave Labour in Nazi Concentration Camps, Oxford University Press: Oxford 2014.<\/p>\n<p>3)&nbsp;&nbsp;&nbsp;&nbsp;&nbsp;&nbsp; Das System der KZ-Au\u00dfenlager. Krieg, Sklavenarbeit und Massengewalt, Bonn 2012.<\/p>\n<p>4)&nbsp;&nbsp;&nbsp;&nbsp;&nbsp;&nbsp; Der U-Boot-Bunker \u201eValentin\u201c in Bremen-Farge. Mariner\u00fcstung, Zwangsarbeit und Erinnerung, Edition Temmen: Bremen 2010.<\/p>\n<p>5)&nbsp;&nbsp;&nbsp;&nbsp;&nbsp;&nbsp; Arbeit und Gewalt. Das Au\u00dfenlagersystem des KZ Neuengamme, Wallstein Verlag: G\u00f6ttingen 2009 (Dissertation Universit\u00e4t Bremen 2008).<\/p>\n<p><em>Herausgeberschaft<\/em><\/p>\n<p>1)&nbsp;&nbsp;&nbsp;&nbsp;&nbsp;&nbsp; The Political Economy of Public Finance since the 1970s. Questioning the Leviathan, Cambridge University Press: Cambridge 2017 (gemeinsam mit Martin Daunton und Alexander N\u00fctzenadel).<\/p>\n<p>2)&nbsp;&nbsp;&nbsp;&nbsp;&nbsp;&nbsp; Arbeit im Nationalsozialismus, DeGruyter \/ Oldenbourg Verlag: M\u00fcnchen 2014 (gemeinsam mit Michael Wildt).<\/p>\n<p>3)&nbsp;&nbsp;&nbsp;&nbsp;&nbsp;&nbsp; Bunker. Kriegsort, Zuflucht, Erinnerungsraum, Campus Verlag: Frankfurt am Main 2008 (gemeinsam mit Inge Marszolek).<\/p>\n<p>4)&nbsp;&nbsp;&nbsp;&nbsp;&nbsp;&nbsp; Klasse (WerkstattGeschichte, Heft 41\/2005) (gemeinsam mit Geoff Eley). Online unter: www.werkstattgeschichte.de.<\/p>\n<p>5)&nbsp;&nbsp;&nbsp;&nbsp;&nbsp;&nbsp; Geschichte in den Medien: NS-Prozesse, Vietnamkrieg, Guido Knopp (1999. Zeitschrift f\u00fcr Sozialgeschichte des 20. und 21. Jahrhunderts, Heft 2\/2002)(gemeinsam mit Sabine Horn).<\/p>\n<p><em>Forschungsaufs\u00e4tze<\/em><\/p>\n<p>1)&nbsp;&nbsp;&nbsp;&nbsp;&nbsp;&nbsp; Umverteilung in Diktatur und Demokratie im 20. Jahrhundert. Die Besteuerung und Enteignung von Wirtschaftseliten, in: Archiv f\u00fcr Sozialgeschichte (2022) (im Erscheinen).<\/p>\n<p>2)&nbsp;&nbsp;&nbsp;&nbsp;&nbsp;&nbsp; 100 Jahre Finanzministerium auf der bundesstaatlichen Zentralebene, in: Steuer und Wirtschaft 97 (2020) 2, S. 156-163.<\/p>\n<p>3)&nbsp;&nbsp;&nbsp;&nbsp;&nbsp;&nbsp; Geburtsstunde des modernen Steuerstaats in Deutschland 1919\/1920, in: Wirtschaftsdienst 100 (2020) 1, S. 42-48 (zusammen mit Stefan Bach).<\/p>\n<p>4)&nbsp;&nbsp;&nbsp;&nbsp;&nbsp;&nbsp; Die Debatten um staatliche Zugriffsm\u00f6glichkeiten auf den privaten Reichtum. Der Einkommensteuerspitzensatz in Deutschland 1871-1955, in: VSWG (2018) 3, S. 337-364.<\/p>\n<p>5)&nbsp;&nbsp;&nbsp;&nbsp;&nbsp;&nbsp; Ein bisschen Theorie und wenig Empirie: Die \u00f6ffentlichen Finanzen als Thema der bundesrepublikanischen Politikwissenschaft (1949-1989), in: Politische Vierteljahresschrift (2018) 1, S. 13-36.<\/p>\n<p>6)&nbsp;&nbsp;&nbsp;&nbsp;&nbsp;&nbsp; \u201eKeine Aktion Volksbegl\u00fcckung\u201c. Der Spitzensteuersatz als Politikum (1955-2010), in: Mittelweg 36, 27 (2018) 1, S. 13-36.<\/p>\n<p>7)&nbsp;&nbsp;&nbsp;&nbsp;&nbsp;&nbsp; Forced and Unfree Labor in Nazi Germany, in: Shelley Baranowski\/Armin Nolzen\/Claus-Christian W. Szejnmann (Hg.), A Companion to Nazi Germany, Hoboken, NJ\/Chichester 2018, S. 517-532.<\/p>\n<p>8)&nbsp;&nbsp;&nbsp;&nbsp;&nbsp;&nbsp; Gab es eine neoliberale Wende in der Steuerpolitik? Der Umgang von FDP und CDU\/CSU mit den \u00f6ffentlichen Finanzen in den 1970er- und 1980er-Jahren, in: Frank B\u00f6sch\/Thomas Hertfelder\/Gabriele Metzler (Hg.), Grenzen des Neoliberalismus. Der Wandel des Liberalismus im sp\u00e4ten 20. Jahrhundert, Stuttgart 2018, S. 179-212.<\/p>\n<p>9)&nbsp;&nbsp;&nbsp;&nbsp;&nbsp;&nbsp; Slavery and the Camp System in the 19th and 20th Century: From Private to State Slavery and Back Again, in: New Literary Observer HOBOE \u043b\u0438\u0442\u0435\u0440\u0430\u0442\u0443\u0440\u043d\u043e\u0435 \u043e\u0431\u043e\u0437\u0440\u0435\u043d\u0438\u0435, No. 142 T.2 (6\/2016; in Russisch). Englische Version online bei: EUROZINE: https:\/\/www.eurozine.com\/from-private-to-state-slavery-and-back-again\/<\/p>\n<p>10)&nbsp;&nbsp; Introduction, in: The Political Economy of Public Finance since the 1970s. Questioning the Leviathan, Cambridge: Cambridge University Press 2017, S. 1-31 (gemeinsam mit Martin Daunton und Alexander N\u00fctzenadel).<\/p>\n<p>11)&nbsp;&nbsp; Taxation and Inequality in the 1980s, in: The Political Economy of Public Finance since the 1970s. Questioning the Leviathan, Cambridge: Cambridge University Press 2017, S. 105-125.<\/p>\n<p>12)&nbsp;&nbsp; Die Zwangsarbeit im Deutschen Reich 1939-1945 und die Entsch\u00e4digung vormaliger Zwangsarbeiter nach dem Kriegsende: Eine weitgehend statistische \u00dcbersicht, Berlin 2017 (Unabh\u00e4ngige Historikerkommission zur Geschichte des Reichsarbeitsministeriums 1933-1945; Working Paper Series A\/ No. 4); https:\/\/www.historikerkommission-reichsarbeitsministerium.de\/sites\/default\/files\/inline-files\/Working%20Paper%20UHK%20A4_Buggeln_1.pdf<\/p>\n<p>13)&nbsp;&nbsp; A cultural history of the Holocaust with strengths and weaknesses (Review essay on two books by Alon Confino), in: Journal of Genocide Research 18 (2016) 1, S. 117-122.<\/p>\n<p>14)&nbsp;&nbsp; Arbeit im Nationalsozialismus (Einleitung), in: Marc Buggeln\/Michael Wildt (Hg.), Arbeit im Nationalsozialismus, M\u00fcnchen 2014, S. IX-XXXVII (gemeinsam mit Michael Wildt).<\/p>\n<p>15)&nbsp;&nbsp; Unfreie Arbeit im Nationalsozialismus. Begrifflichkeiten und Vergleichsaspekte zu den Arbeitsbedingungen im Deutschen Reich und in den besetzten Gebieten, in: Marc Buggeln\/Michael Wildt (Hg.), Arbeit im Nationalsozialismus, M\u00fcnchen 2014, S. 231-252.<\/p>\n<p>16)&nbsp;&nbsp; Lager im Nationalsozialismus. Gemeinschaft und Zwang, in: Bettina Greiner\/Alan Kramer (Hg.), Welt der Lager. Zur \u201eErfolgsgeschichte\u201c einer Institution, Hamburg 2013, S. 166-202 (gemeinsam mit Michael Wildt).<\/p>\n<p>17)&nbsp;&nbsp; Zwangsarbeit, in: Michael Wildt\/Christoph Kreutzm\u00fcller (Hg.), Berlin 1933-1945, M\u00fcnchen 2013, S. 127-144 (gemeinsam mit Cord Pagenstecher).<\/p>\n<p>18)&nbsp;&nbsp; Gewaltraum, in: Christian Gudehus\/Michaela Christ\/Harald Welzer (Hg.), Gewalt. Ein interdisziplin\u00e4res Handbuch, Stuttgart 2013, S. 215-221.<\/p>\n<p>19)&nbsp;&nbsp; Steuern nach dem Boom. Die \u00d6ffentlichen Finanzen in den westlichen Industrienationen und ihre gesellschaftliche Verteilungswirkung, in: Archiv f\u00fcr Sozialgeschichte 52 (2012), S. 47-90.<\/p>\n<p>20)&nbsp;&nbsp; T\u00f6dliche Zone KZ-Au\u00dfenlager: Raumorganisation und die Be- und Entgrenzung von Gewalt 1942-1945, in: J\u00f6rg Baberowski\/Gabriele Metzler (Hg.), Gewaltr\u00e4ume. Soziale Ordnungen im Ausnahmezustand, Frankfurt am Main 2012, S. 189-204.<\/p>\n<p>21)&nbsp;&nbsp; Die Errichtung von KZ-Au\u00dfenlagern von 1940 bis zum Fr\u00fchjahr 1943: Standardisierung des Verfahrens und Machteinbu\u00dfen der SS, in: Wolfgang Benz\/Barbara Distel\/Angelika K\u00f6nigseder (Hg.), Nationalsozialistische Zwangslager. Strukturen und Regionen \u2013 T\u00e4ter und Opfer, Dachau\/Berlin 2011, S. 175-193.<\/p>\n<p>22)&nbsp;&nbsp; Die weltanschauliche Schulung der KZ-Wachmannschaften in den letzten Kriegsmonaten. Der &#8222;Nachrichtendienst f\u00fcr die SS-M\u00e4nner und Aufseherinnen in den Au\u00dfenkommandos&#8220; im KZ Stutthof 1944\/45, in: Angelika Benz\/Marija Vulesica (Hg.), Bewachung und Ausf\u00fchrung. Alltag der T\u00e4ter in nationalsozialistischen Lagern, Berlin 2011, S. 177-190.)<\/p>\n<p>23)&nbsp;&nbsp; T\u00f6dliche Produktion. Sterblichkeitsraten und \u00dcberlebenschancen in den Au\u00dfenlagern des KZ Neuengamme, in: Oliver von Wrochem (Hg.), Das KZ Neuengamme und seine Au\u00dfenlager: Geschichte, Nachgeschichte, Erinnerung, Bildung, Berlin 2010, S. 15-26.<\/p>\n<p>24)&nbsp;&nbsp; \u201eMenschenhandel\u201c als Vorwurf im Nationalsozialismus. Der Streit um den Gewinn aus milit\u00e4rischen Gro\u00dfbaustellen am Kriegsende (1944\/45), in: Mark Spoerer\/ Helmut Trischler\/Andreas Heusler (Hg.), Zwangsarbeit und Kriegswirtschaft, M\u00fcnchen 2010, S. 199-218.<\/p>\n<p>25)&nbsp;&nbsp; Building to Death. The Satellite Camp System of the Concentration Camp Neuengamme, in: European History Quarterly 39 (2009) 4, S. 606-632.<\/p>\n<p>26)&nbsp;&nbsp; Erinnerung am Ort der Tat. Au\u00dfenlager des KZ Neuengamme, in: Dachauer Hefte (2008) 24, S. 138-152.<\/p>\n<p>27)&nbsp;&nbsp; Were KZ-Prisoners Slaves? Possibilities and Limits of Comparisons and Global-Historic Approaches, in: International Review of Social History 53 (2008) 1, S. 101-129.<\/p>\n<p>28)&nbsp;&nbsp; Bunker \u2013 Orte, Erinnerungen und Fantasmen, in: Marszolek\/Buggeln (Hg.), Bunker, S. 9-25 (gemeinsam mit Inge Marszolek).<\/p>\n<p>29)&nbsp;&nbsp; Der U-Boot-Bunker Valentin in Bremen: Baustelle, Lager und Nachkriegsnutzung, in: Marszolek\/Buggeln (Hg.), Bunker, S. 103-119.<\/p>\n<p>30)&nbsp;&nbsp; Concrete Memory: The Struggle over the Air-Raid Shelters and a Submarine Shelter in Bremen after 1945, in: Paul Jaskot\/Gavriel Rosenfeld (Hg.), Beyond Berlin. Twelve Cities Confront the Nazi Past, Ann Arbor 2008, S. 185-208 (gemeinsam mit Inge Marszolek).<\/p>\n<p>31)&nbsp;&nbsp; KZ-H\u00e4ftlinge beim Arbeitseinsatz in Norddeutschland. Eine Analyse anhand des Vergleichs der Au\u00dfenlager in Bremen-Farge und Fallersleben-Laagberg, in: Justin Hoffmann\/ Kunstverein Wolfsburg (Hg.), Non-Stop. Ein Reader zur Ambivalenz von Krieg und Frieden, Wolfsburg 2005, S. 61-73.<\/p>\n<p>32)&nbsp;&nbsp; Befehlsgeber und Direktt\u00e4ter vor dem Milit\u00e4rgericht. Die britische Strafverfolgung der Verbrechen im KZ Neuengamme und seinen Au\u00dfenlagern, in: Zeitschrift f\u00fcr Geschichtswissenschaft 53 (2005) 6, S. 522-542 (gemeinsam mit Alyn Be\u00dfmann).<\/p>\n<p>33)&nbsp;&nbsp; Der Bunker, in: Alexa Geisth\u00f6vel\/Habbo Knoch (Hg.), Orte der Moderne. Erfahrungswelten des 19. und 20. Jahrhunderts, Frankfurt am Main\/ New York 2005, S. 281-289 (gemeinsam mit Inge Marszolek).<\/p>\n<p>34)&nbsp;&nbsp; KZ-H\u00e4ftlinge als letzte Arbeitskraftreserve der Bremer R\u00fcstungswirtschaft, in: Arbeiterbewegung und Sozialgeschichte 12 (2003), S. 19-36.<\/p>\n<p>35)&nbsp;&nbsp; Das Au\u00dfenlagersystem des Konzentrationslagers Neuengamme, in: Sabine Moller, Miriam R\u00fcrup, Christel Trouv\u00e9 (Hg.), Abgeschlossene Kapitel? Zur Geschichte der Konzentrationslager und der NS-Prozesse, T\u00fcbingen 2002, S. 15-27.<\/p>\n<p>36)&nbsp;&nbsp; W\u00e4hrungspl\u00e4ne f\u00fcr den europ\u00e4ischen Gro\u00dfraum. Die Diskussion der nationalsozialistischen Wirtschaftsexperten \u00fcber ein zuk\u00fcnftiges europ\u00e4isches Zahlungssystem, in: Beitr\u00e4ge zur Geschichte des Nationalsozialismus (2002) 18, S. 41-76.<\/p>\n<p><em>Diskussionsbeitr\u00e4ge &amp; Foren<\/em><\/p>\n<p>1)&nbsp;&nbsp;&nbsp; Debatte (Geschichtswissenschaften und Gewaltforschung): Weit mehr als die Gewalt selbst. Von der Notwendigkeit komplexer Definitionen, in: WerkstattGeschichte 83 (2021), S. 85-102 (mit Christian Gudehus, Elissa Mail\u00e4nder und Veronika Springmann).<\/p>\n<p>2)&nbsp;&nbsp;&nbsp; Forum EU: Die Kosten der Rettung Europas. Schulden- und Steuerkulturen in historischer Perspektive, in: H-Soz-Kult, 26.08.2020, &lt;www.hsozkult.de\/debate\/id\/diskussionen-5048&gt; (mit Korinna Sch\u00f6nh\u00e4rl).<\/p>\n<p>Dokumentation<\/p>\n<p>1)&nbsp;&nbsp;&nbsp; Europa-Bank oder Dollar-Freihandel? Westdeutsche Auseinandersetzungen \u00fcber eine Europ\u00e4ische W\u00e4hrungsunion zu Beginn der f\u00fcnfziger Jahre, in: Beitr\u00e4ge zur Geschichte des Nationalsozialismus (2002) 18, S. 127-144.<\/p>\n<p><em>Lexika-Beitr\u00e4ge<\/em><\/p>\n<p>1)&nbsp;&nbsp;&nbsp;&nbsp;&nbsp;&nbsp; Concentration Camps, in: Immanuel Ness (Hg.), The Encyclopedia of Global Human Migration, Wiley-Blackwell: Chichester 2013, Vol. 2.<\/p>\n<p>2)&nbsp;&nbsp;&nbsp;&nbsp;&nbsp;&nbsp; Auschwitz, in: Online Encyclopedia of Mass Violence (www.massviolence.org)<\/p>\n<p>3)&nbsp;&nbsp;&nbsp;&nbsp;&nbsp;&nbsp; 50 Beitr\u00e4ge zu einzelnen Au\u00dfenlagern des KZ Neuengamme, in: Wolfgang Benz\/Barbara Distel (Hg.) Der Ort des Terrors, Band 5, M\u00fcnchen 2007.<\/p>\n<p>4)&nbsp;&nbsp;&nbsp;&nbsp;&nbsp;&nbsp; 13 Beitr\u00e4ge zu einzelnen Au\u00dfenlagern des KZ Neuengamme sowie der \u00dcberblicksartikel f\u00fcr das Au\u00dfenlagersystem des KZ Neuengamme, in: United States Holocaust Memorial Museum, Encyclopedia of Camps and Ghettos, Volume 1: Early camps, Youth Camps, and the Concentration Camps and Subcamps under the SS-Business Administration Main Office, edited by Geoffrey P. Megargee, Washington 2009.<\/p>\n<p><em>Tagungsberichte<\/em><\/p>\n<p>1)&nbsp;&nbsp;&nbsp;&nbsp;&nbsp;&nbsp; Historikertag 2008: Zeitgeschichte vor 1945, in: H-Soz-u-Kult, 25.10.2008, http:\/\/hsozkult.geschichte.hu-berlin.de\/forum\/id=1029&amp;type=diskussionen und in: Historisches Forum (2008) 11, S. 57-66.<\/p>\n<p>2)&nbsp;&nbsp;&nbsp;&nbsp;&nbsp;&nbsp; Genocides: Forms, Causes and Consequences. The Namibian War (1904-1908) in historical perspective (Berlin 13.-15.1.2005), in: WerkstattGeschichte 14 (2005) 39, S. 83-85.<\/p>\n<p>3)&nbsp;&nbsp;&nbsp;&nbsp;&nbsp;&nbsp; The third annual Workshop on the Holocaust (gemeinsam mit Armin Nolzen), in: http:\/\/hsozkult.geschichte.hu-berlin.de\/tagungsberichte\/id=21.<\/p>\n<p>4)&nbsp;&nbsp;&nbsp;&nbsp;&nbsp;&nbsp; Konferenz anl\u00e4sslich des 60. Jahrestags des deutschen Angriffs auf die Sowjetunion, Berlin-Karlshorst, 16. bis 17. Juni 2001, in: 1999. Zeitschrift f\u00fcr Sozialgeschichte des 20. und 21. Jahrhunderts 17 (2002) 1, S. 221-224.<\/p>\n<p><em>Ausstellungskritik<\/em><\/p>\n<p>1)&nbsp;&nbsp;&nbsp; Die Dokumentation Obersalzberg. Wie sich das Institut f\u00fcr Zeitgeschichte an seinem Anspruch verhebt, in: Beitr\u00e4ge zur Geschichte der nationalsozialistischen Verfolgung in Norddeutschland (2005) 9, 159-164.<\/p>\n<p><em>Rezensionen<\/em><\/p>\n<p>Insgesamt \u00fcber 50 Rezensionen <abbr title=\"unter anderem\">u.a.<\/abbr> f\u00fcr: American Historical Review, Beitr\u00e4ge zur Geschichte des Nationalsozialismus, European History Quarterly, German History, HSozKult, Historische Zeitschrift, Journal of Modern History, Sehepunkt, Sozial.Geschichte (1999), Traverse, Vierteljahresschrift f\u00fcr Sozial- und Wirtschaftsgeschichte, WerkstattGeschichte<\/p>\n","protected":false},"excerpt":{"rendered":"<p>Kontakt Marc Buggeln Raum: 2212 Telefon: (040) 6541-3362 Fax: (040) 6541-2834 E-Mail: buggelnm@hsu-hh.de Besucheranschrift Helmut-Schmidt-Universit\u00e4t Geb\u00e4ude H1 Holstenhofweg 85 22043 Hamburg Postanschrift Helmut-Schmidt-Universit\u00e4t Fakult\u00e4t f\u00fcr Geistes- und Sozialwissenschaften Neuere Sozial-, [&hellip;]<\/p>\n","protected":false},"author":111,"featured_media":558,"parent":0,"menu_order":0,"comment_status":"closed","ping_status":"closed","template":"","meta":{"footnotes":""},"categories":[4],"tags":[],"class_list":["post-523","page","type-page","status-publish","has-post-thumbnail","hentry","category-forschung"],"_links":{"self":[{"href":"https:\/\/www.hsu-hh.de\/histec\/wp-json\/wp\/v2\/pages\/523","targetHints":{"allow":["GET"]}}],"collection":[{"href":"https:\/\/www.hsu-hh.de\/histec\/wp-json\/wp\/v2\/pages"}],"about":[{"href":"https:\/\/www.hsu-hh.de\/histec\/wp-json\/wp\/v2\/types\/page"}],"author":[{"embeddable":true,"href":"https:\/\/www.hsu-hh.de\/histec\/wp-json\/wp\/v2\/users\/111"}],"replies":[{"embeddable":true,"href":"https:\/\/www.hsu-hh.de\/histec\/wp-json\/wp\/v2\/comments?post=523"}],"version-history":[{"count":22,"href":"https:\/\/www.hsu-hh.de\/histec\/wp-json\/wp\/v2\/pages\/523\/revisions"}],"predecessor-version":[{"id":933,"href":"https:\/\/www.hsu-hh.de\/histec\/wp-json\/wp\/v2\/pages\/523\/revisions\/933"}],"wp:featuredmedia":[{"embeddable":true,"href":"https:\/\/www.hsu-hh.de\/histec\/wp-json\/wp\/v2\/media\/558"}],"wp:attachment":[{"href":"https:\/\/www.hsu-hh.de\/histec\/wp-json\/wp\/v2\/media?parent=523"}],"wp:term":[{"taxonomy":"category","embeddable":true,"href":"https:\/\/www.hsu-hh.de\/histec\/wp-json\/wp\/v2\/categories?post=523"},{"taxonomy":"post_tag","embeddable":true,"href":"https:\/\/www.hsu-hh.de\/histec\/wp-json\/wp\/v2\/tags?post=523"}],"curies":[{"name":"wp","href":"https:\/\/api.w.org\/{rel}","templated":true}]}}