{"id":328,"date":"2017-11-10T13:58:20","date_gmt":"2017-11-10T12:58:20","guid":{"rendered":"https:\/\/www.hsu-hh.de\/histec\/?page_id=328"},"modified":"2025-06-24T14:31:46","modified_gmt":"2025-06-24T12:31:46","slug":"hinweise-fuer-studenteninnen","status":"publish","type":"page","link":"https:\/\/www.hsu-hh.de\/histec\/hinweise-fuer-studenteninnen","title":{"rendered":"Hinweise f\u00fcr Studierende"},"content":{"rendered":"\n<div style=\"height:30px\" aria-hidden=\"true\" class=\"wp-block-spacer\"><\/div>\n\n\n\n<p>Wir betreuen gerne BA- und MA-Arbeiten insbesondere im Themengebiet der Sozial-, Wirtschafts-, Wissens-, Umwelt-, Technik- und Geschlechtergeschichte. Vorausgesetzt wird die erfolgreiche Teilnahme an mindestens einem Proseminar oder Seminar aus dem Bereich des Lehrstuhls.<\/p>\n\n\n\n<p>F\u00fcr Anfragen zur Betreuung wenden Sie sich bitte, m\u00f6glichst mit ersten Ideen oder Skizzen zu einem m\u00f6glichen Thema, direkt an Heinrich Hartmann [heinrich.hartmann@hsu-hh.de] <abbr title=\"beziehungsweise\">bzw.<\/abbr> die Dozentin oder den Dozenten ihrer Wahl.<\/p>\n\n\n\n<div style=\"height:15px\" aria-hidden=\"true\" class=\"wp-block-spacer\"><\/div>\n\n\n\n<p><a href=\"https:\/\/www.hsu-hh.de\/histec\/wp-content\/uploads\/sites\/734\/2023\/10\/Leitfaden_Hausarbeit_Stand-10.10.23.pdf\" data-type=\"link\" data-id=\"https:\/\/www.hsu-hh.de\/histec\/wp-content\/uploads\/sites\/734\/2023\/10\/Leitfaden_Hausarbeit_Stand-10.10.23.pdf\">Hier<\/a> finden Sie einen Leitfaden f\u00fcr die Erstellung einer Hausarbeit<\/p>\n\n\n\n<p><a href=\"https:\/\/www.hsu-hh.de\/histec\/wp-content\/uploads\/sites\/734\/2023\/10\/Zitierempfehlungen-Moderne-Geschichte-1.pdf\" data-type=\"link\" data-id=\"https:\/\/www.hsu-hh.de\/histec\/wp-content\/uploads\/sites\/734\/2023\/10\/Zitierempfehlungen-Moderne-Geschichte-1.pdf\">Hier<\/a> finden Sie Zitierempfehlungen f\u00fcr wissenschaftliche Literatur und Quellen<\/p>\n\n\n\n<p>Wenn Sie die BA Arbeit an unserer Professur schreiben wollen, finden Sie <a href=\"https:\/\/www.hsu-hh.de\/histec\/wp-content\/uploads\/sites\/734\/2025\/06\/Auf-dem-Weg-zum-BA_Juni-2025.pdf\" data-type=\"attachment\" data-id=\"1730\">hier<\/a> n\u00e4here Hinweise<\/p>\n\n\n\n<p>Wenn Sie die MA Arbeit an unserer Professur schreiben wollen, finden Sie <a href=\"https:\/\/www.hsu-hh.de\/histec\/wp-content\/uploads\/sites\/734\/2025\/06\/Auf-dem-Weg-zum-MA_Juni-2025.pdf\" data-type=\"attachment\" data-id=\"1729\">hier<\/a> n\u00e4here Hinweise<\/p>\n\n\n\n<p><\/p>\n","protected":false},"excerpt":{"rendered":"<p>Wir betreuen gerne BA- und MA-Arbeiten insbesondere im Themengebiet der Sozial-, Wirtschafts-, Wissens-, Umwelt-, Technik- und Geschlechtergeschichte. Vorausgesetzt wird die erfolgreiche Teilnahme an mindestens einem Proseminar oder Seminar aus dem [&hellip;]<\/p>\n","protected":false},"author":111,"featured_media":0,"parent":0,"menu_order":0,"comment_status":"closed","ping_status":"closed","template":"","meta":{"footnotes":""},"categories":[4],"tags":[],"class_list":["post-328","page","type-page","status-publish","hentry","category-forschung"],"_links":{"self":[{"href":"https:\/\/www.hsu-hh.de\/histec\/wp-json\/wp\/v2\/pages\/328","targetHints":{"allow":["GET"]}}],"collection":[{"href":"https:\/\/www.hsu-hh.de\/histec\/wp-json\/wp\/v2\/pages"}],"about":[{"href":"https:\/\/www.hsu-hh.de\/histec\/wp-json\/wp\/v2\/types\/page"}],"author":[{"embeddable":true,"href":"https:\/\/www.hsu-hh.de\/histec\/wp-json\/wp\/v2\/users\/111"}],"replies":[{"embeddable":true,"href":"https:\/\/www.hsu-hh.de\/histec\/wp-json\/wp\/v2\/comments?post=328"}],"version-history":[{"count":18,"href":"https:\/\/www.hsu-hh.de\/histec\/wp-json\/wp\/v2\/pages\/328\/revisions"}],"predecessor-version":[{"id":1732,"href":"https:\/\/www.hsu-hh.de\/histec\/wp-json\/wp\/v2\/pages\/328\/revisions\/1732"}],"wp:attachment":[{"href":"https:\/\/www.hsu-hh.de\/histec\/wp-json\/wp\/v2\/media?parent=328"}],"wp:term":[{"taxonomy":"category","embeddable":true,"href":"https:\/\/www.hsu-hh.de\/histec\/wp-json\/wp\/v2\/categories?post=328"},{"taxonomy":"post_tag","embeddable":true,"href":"https:\/\/www.hsu-hh.de\/histec\/wp-json\/wp\/v2\/tags?post=328"}],"curies":[{"name":"wp","href":"https:\/\/api.w.org\/{rel}","templated":true}]}}