{"id":324,"date":"2017-11-10T13:56:59","date_gmt":"2017-11-10T12:56:59","guid":{"rendered":"https:\/\/www.hsu-hh.de\/histec\/?page_id=324"},"modified":"2026-03-28T14:45:06","modified_gmt":"2026-03-28T13:45:06","slug":"aktuelles","status":"publish","type":"page","link":"https:\/\/www.hsu-hh.de\/histec\/aktuelles","title":{"rendered":"Aktuelles"},"content":{"rendered":"\n<div style=\"height:15px\" aria-hidden=\"true\" class=\"wp-block-spacer\"><\/div>\n\n\n\n<h3 class=\"wp-block-heading\"><strong>Hier werden unregelm\u00e4\u00dfig News aus Lehre und Forschung aus dem Bereich des Lehrstuhls publiziert.<\/strong><\/h3>\n\n\n\n<ul class=\"wp-block-list\">\n<li>Hamburger Ringvorlesung zur Wissensgeschichte 2026<\/li>\n<\/ul>\n\n\n<div class=\"wp-block-image\">\n<figure class=\"aligncenter size-full\"><img loading=\"lazy\" decoding=\"async\" width=\"618\" height=\"874\" src=\"https:\/\/www.hsu-hh.de\/histec\/wp-content\/uploads\/sites\/734\/2026\/03\/Screenshot-2026-03-28-143923.jpg\" data-credit=\"Professur f\u00fcr Wissensgeschichte moderner Gesellschaften\" alt=\"\" class=\"wp-image-1824\" srcset=\"https:\/\/www.hsu-hh.de\/histec\/wp-content\/uploads\/sites\/734\/2026\/03\/Screenshot-2026-03-28-143923.jpg 618w, https:\/\/www.hsu-hh.de\/histec\/wp-content\/uploads\/sites\/734\/2026\/03\/Screenshot-2026-03-28-143923-212x300.jpg 212w\" sizes=\"auto, (max-width: 618px) 100vw, 618px\" \/><\/figure>\n<\/div>\n\n\n<ul class=\"wp-block-list\">\n<li>Weitere Informationen zur Ringvorlesung befinden sich auf dem <a href=\"https:\/\/www.hsu-hh.de\/histec\/wp-content\/uploads\/sites\/734\/2026\/03\/Screenshot-2026-03-28-142151.jpg\">Flyer<\/a>.<\/li>\n<\/ul>\n\n\n\n<ul class=\"wp-block-list\">\n<li>Kolloquium <abbr title=\"Herbsttrimester\">HT<\/abbr> 25<\/li>\n<\/ul>\n\n\n<div class=\"wp-block-image\">\n<figure class=\"aligncenter size-full\"><img loading=\"lazy\" decoding=\"async\" width=\"617\" height=\"869\" src=\"https:\/\/www.hsu-hh.de\/histec\/wp-content\/uploads\/sites\/734\/2025\/11\/Plakat_Kolloquium_HT-2025_web.jpeg\" data-credit=\"Professur f\u00fcr Wissensgeschichte moderner Gesellschaften\" alt=\"\" class=\"wp-image-1773\" srcset=\"https:\/\/www.hsu-hh.de\/histec\/wp-content\/uploads\/sites\/734\/2025\/11\/Plakat_Kolloquium_HT-2025_web.jpeg 617w, https:\/\/www.hsu-hh.de\/histec\/wp-content\/uploads\/sites\/734\/2025\/11\/Plakat_Kolloquium_HT-2025_web-213x300.jpeg 213w\" sizes=\"auto, (max-width: 617px) 100vw, 617px\" \/><\/figure>\n<\/div>\n\n\n<ul class=\"wp-block-list\">\n<li>Unsere Studentische Hilfskraft, Loui Donath, hat mit seiner BA Arbeit &#8222;Die Emanzipation der Arbeiter. Probleme und Chancen der Arbeiteremanzipation im Kaiserreich am Beispiel des Arbeiter-Radfahrer-Vereins &#8218;Solidarit\u00e4t&#8216; und des Fahrradladen ,Frisch Auf'&#8220; den zweiten Platz des diesj\u00e4hrigen Ursula-Schneider-Preises des Hamburger Museums der Arbeit belegt. Wir gratulieren. (F\u00fcr mehr Informationen klicken Sie auf den <a href=\"https:\/\/www.freunde-museum-der-arbeit.de\/ursula-schneider-preis\/\" data-type=\"link\" data-id=\"https:\/\/www.freunde-museum-der-arbeit.de\/ursula-schneider-preis\/\" rel='nofollow'>Link<\/a>)<\/li>\n<\/ul>\n\n\n\n<ul class=\"wp-block-list\">\n<li>Spannende Neuigkeiten von unserer Kooperation mit dem Europainstitut der Universit\u00e4t Basel und der University of Birmingham. Der Schweizer Nationalfonds hat das Projekt &#8222;Feeding the Earth&#8220; zur Geschichte der Verwendung k\u00fcnstlicher D\u00fcngemittel im 20. Jahrhundert bewilligt (Projektvolumen 1,2 Mio Euro). <abbr title=\"Professor\">Prof.<\/abbr> Hartmann leitet ein Teilprojekt, dass sich mit der Verbreitung k\u00fcnstlicher D\u00fcngemittel in der T\u00fcrkei besch\u00e4ftigen wird. Bald folgen hier mehr Informationen zu diesem Thema.<\/li>\n<\/ul>\n\n\n\n<ul class=\"wp-block-list\">\n<li>Agnes Bauer wird am 13.11.2025 im Rahmen der Konferenz &#8222;Kopfarbeit &#8211; Sozial- und kulturgeschichtliche Blicke auf die \u201aandere Seite\u2018 der Arbeit im 19. und 20. Jahrhundert&#8220;, die von der Friedrich-Ebert-Stiftung und der Hans B\u00f6ckler Stiftung organisiert wird, einen Vortrag zum Thema &#8222;Vergeistigte Hand- und monotone Kopfarbeit. Abgrenzungsversuche der deutschen Arbeitspsychologie zwischen Hand- und Kopfarbeit&nbsp;w\u00e4hrend der 1920er und 1930er Jahre&#8220; halten. Weitere Informationen zu Veranstaltungen sind <a href=\"https:\/\/www.boeckler.de\/data\/downloads\/OEA\/Veranstaltungen\/2025\/v_2025_11_13_einladung.pdf\" data-type=\"link\" data-id=\"https:\/\/www.boeckler.de\/data\/downloads\/OEA\/Veranstaltungen\/2025\/v_2025_11_13_einladung.pdf\" rel='nofollow'>hier<\/a> zu finden.<\/li>\n<\/ul>\n\n\n\n<ul class=\"wp-block-list\">\n<li>Agnes Bauers Artikel \u201cReality Made Calibratable\u201d: Walther Moede\u2019s Bimanual Tester, Labor Efficiency, and Psychotechnical \u201cObjectivity\u201d in the Weimar Republic ist in der NTM Zeitschrift f\u00fcr Geschichte der Wissenschaften, Technik und Medizin erschienen. Den Artikel finden Sie <a href=\"https:\/\/link.springer.com\/article\/10.1007\/s00048-025-00425-5\" data-type=\"link\" data-id=\"https:\/\/link.springer.com\/article\/10.1007\/s00048-025-00425-5\" rel='nofollow'>hier<\/a>.<\/li>\n<\/ul>\n\n\n\n<ul class=\"wp-block-list\">\n<li>Unser Teammitglied Mona Bieling hielt am Montag, den 05.05.2025, an der Bo\u011fazi\u00e7i University in Istanbul einen Vortrag \u00fcber das Thema &#8222;Tropical Agriculture between Hamburg and the World: Institutions, Networks, and Knowledge Exchange, 1880s-1930s&#8220;. Der Flyer ist<a href=\"https:\/\/www.hsu-hh.de\/histec\/wp-content\/uploads\/sites\/734\/2025\/04\/Mona-Bieling-Museum-Talk.png\"> hier<\/a> zu finden.<\/li>\n<\/ul>\n\n\n\n<ul class=\"wp-block-list\">\n<li>Die Professur organisierte am 19.-21. M\u00e4rz eine internationale Konferenz zum Thema \u00ab&nbsp;Towards a History of European Developmentalism. Development, Modernization and Europeanization from the 19th to the 21st century&nbsp;\u00bb. Die Tagung fand am Hamburger Institut f\u00fcr Sozialforschung (Mittelweg 36, 20148 Hamburg) statt. Das Programm ist <a href=\"https:\/\/www.hsu-hh.de\/histec\/wp-content\/uploads\/sites\/734\/2025\/03\/Flyer__Conference_European-Developmentalism.pdf\">hier<\/a> zu finden.<\/li>\n<\/ul>\n\n\n<div class=\"wp-block-image\">\n<figure class=\"aligncenter size-full is-resized\"><img loading=\"lazy\" decoding=\"async\" width=\"1683\" height=\"2381\" src=\"https:\/\/www.hsu-hh.de\/histec\/wp-content\/uploads\/sites\/734\/2025\/03\/Plakat-Conference.jpg\" data-credit=\"Professur f\u00fcr Wissensgeschichte\/Grafikstudio HSU\" alt=\"\" class=\"wp-image-1676\" style=\"width:764px;height:auto\" srcset=\"https:\/\/www.hsu-hh.de\/histec\/wp-content\/uploads\/sites\/734\/2025\/03\/Plakat-Conference.jpg 1683w, https:\/\/www.hsu-hh.de\/histec\/wp-content\/uploads\/sites\/734\/2025\/03\/Plakat-Conference-212x300.jpg 212w, https:\/\/www.hsu-hh.de\/histec\/wp-content\/uploads\/sites\/734\/2025\/03\/Plakat-Conference-724x1024.jpg 724w, https:\/\/www.hsu-hh.de\/histec\/wp-content\/uploads\/sites\/734\/2025\/03\/Plakat-Conference-768x1087.jpg 768w, https:\/\/www.hsu-hh.de\/histec\/wp-content\/uploads\/sites\/734\/2025\/03\/Plakat-Conference-1086x1536.jpg 1086w, https:\/\/www.hsu-hh.de\/histec\/wp-content\/uploads\/sites\/734\/2025\/03\/Plakat-Conference-1448x2048.jpg 1448w, https:\/\/www.hsu-hh.de\/histec\/wp-content\/uploads\/sites\/734\/2025\/03\/Plakat-Conference-1100x1556.jpg 1100w\" sizes=\"auto, (max-width: 1683px) 100vw, 1683px\" \/><\/figure>\n<\/div>\n\n\n<div style=\"height:15px\" aria-hidden=\"true\" class=\"wp-block-spacer\"><\/div>\n\n\n\n<ul class=\"wp-block-list\">\n<li>Heinrich Hartmann analysiert in der neuen Ausgabe der unternehmenshistorischen Zeitschrift &#8222;Enterprise and Society&#8220; die Rolle, die die Steuerung von Konsummustern in der Entwicklungspolitik der Nachkriegszeit gespielt hat. Der Aufsatz ist <a href=\"https:\/\/doi.org\/10.1017\/eso.2023.50\" rel='nofollow'>Open Access<\/a> zug\u00e4nglich.<\/li>\n<\/ul>\n\n\n\n<div style=\"height:15px\" aria-hidden=\"true\" class=\"wp-block-spacer\"><\/div>\n\n\n\n<div style=\"height:0px\" aria-hidden=\"true\" class=\"wp-block-spacer\"><\/div>\n\n\n\n<ul class=\"wp-block-list\">\n<li>Das Teamfoto unserer Professur wurde aktualisiert und ist nun auf der Website verf\u00fcgbar. Bitte beachten Sie, dass einige Teammitglieder auf diesem Foto fehlen (Stand November 2024). <\/li>\n<\/ul>\n\n\n<div class=\"wp-block-image\">\n<figure class=\"aligncenter size-large\"><img loading=\"lazy\" decoding=\"async\" width=\"1024\" height=\"732\" src=\"https:\/\/www.hsu-hh.de\/histec\/wp-content\/uploads\/sites\/734\/2024\/12\/023_9239-Kopie-1024x732.jpg\" data-credit=\"HSU\/Christian Walther Gelhausen\" alt=\"\" class=\"wp-image-1656\" srcset=\"https:\/\/www.hsu-hh.de\/histec\/wp-content\/uploads\/sites\/734\/2024\/12\/023_9239-Kopie-1024x732.jpg 1024w, https:\/\/www.hsu-hh.de\/histec\/wp-content\/uploads\/sites\/734\/2024\/12\/023_9239-Kopie-300x214.jpg 300w, https:\/\/www.hsu-hh.de\/histec\/wp-content\/uploads\/sites\/734\/2024\/12\/023_9239-Kopie-768x549.jpg 768w, https:\/\/www.hsu-hh.de\/histec\/wp-content\/uploads\/sites\/734\/2024\/12\/023_9239-Kopie-1536x1097.jpg 1536w, https:\/\/www.hsu-hh.de\/histec\/wp-content\/uploads\/sites\/734\/2024\/12\/023_9239-Kopie-2048x1463.jpg 2048w, https:\/\/www.hsu-hh.de\/histec\/wp-content\/uploads\/sites\/734\/2024\/12\/023_9239-Kopie-1100x786.jpg 1100w\" sizes=\"auto, (max-width: 1024px) 100vw, 1024px\" \/><figcaption class=\"wp-element-caption\">Das Team Wissensgeschichte moderner Gesellschaften. V.l.n.r.: Dominique Merdes, Laura Bodmann, Heinrich Hartmann, Mona Bieling, Nicolas Grodeck, Margot Lyautey, Loui Donath, Tessa Hille. Es fehlen Kai Herzog, Caroline Moritz, Joost Dobroszczyk, Luna Brand<\/figcaption><\/figure>\n<\/div>\n\n\n<div style=\"height:15px\" aria-hidden=\"true\" class=\"wp-block-spacer\"><\/div>\n\n\n\n<div style=\"height:15px\" aria-hidden=\"true\" class=\"wp-block-spacer\"><\/div>\n\n\n\n<p><\/p>\n","protected":false},"excerpt":{"rendered":"<p>Hier werden unregelm\u00e4\u00dfig News aus Lehre und Forschung aus dem Bereich des Lehrstuhls publiziert.<\/p>\n","protected":false},"author":111,"featured_media":0,"parent":0,"menu_order":0,"comment_status":"closed","ping_status":"closed","template":"","meta":{"footnotes":""},"categories":[4],"tags":[],"class_list":["post-324","page","type-page","status-publish","hentry","category-forschung"],"_links":{"self":[{"href":"https:\/\/www.hsu-hh.de\/histec\/wp-json\/wp\/v2\/pages\/324","targetHints":{"allow":["GET"]}}],"collection":[{"href":"https:\/\/www.hsu-hh.de\/histec\/wp-json\/wp\/v2\/pages"}],"about":[{"href":"https:\/\/www.hsu-hh.de\/histec\/wp-json\/wp\/v2\/types\/page"}],"author":[{"embeddable":true,"href":"https:\/\/www.hsu-hh.de\/histec\/wp-json\/wp\/v2\/users\/111"}],"replies":[{"embeddable":true,"href":"https:\/\/www.hsu-hh.de\/histec\/wp-json\/wp\/v2\/comments?post=324"}],"version-history":[{"count":75,"href":"https:\/\/www.hsu-hh.de\/histec\/wp-json\/wp\/v2\/pages\/324\/revisions"}],"predecessor-version":[{"id":1826,"href":"https:\/\/www.hsu-hh.de\/histec\/wp-json\/wp\/v2\/pages\/324\/revisions\/1826"}],"wp:attachment":[{"href":"https:\/\/www.hsu-hh.de\/histec\/wp-json\/wp\/v2\/media?parent=324"}],"wp:term":[{"taxonomy":"category","embeddable":true,"href":"https:\/\/www.hsu-hh.de\/histec\/wp-json\/wp\/v2\/categories?post=324"},{"taxonomy":"post_tag","embeddable":true,"href":"https:\/\/www.hsu-hh.de\/histec\/wp-json\/wp\/v2\/tags?post=324"}],"curies":[{"name":"wp","href":"https:\/\/api.w.org\/{rel}","templated":true}]}}