{"id":165,"date":"2017-11-06T16:58:19","date_gmt":"2017-11-06T15:58:19","guid":{"rendered":"https:\/\/www.hsu-hh.de\/histec\/?page_id=165"},"modified":"2026-03-28T14:07:46","modified_gmt":"2026-03-28T13:07:46","slug":"forschung","status":"publish","type":"page","link":"https:\/\/www.hsu-hh.de\/histec\/forschung","title":{"rendered":"Forschung"},"content":{"rendered":"\n<div style=\"height:15px\" aria-hidden=\"true\" class=\"wp-block-spacer\"><\/div>\n\n\n\n<div style=\"height:15px\" aria-hidden=\"true\" class=\"wp-block-spacer\"><\/div>\n\n\n\n\n\n<h3>Agnes Bauer<\/h3>\n\n\n\n<h3 class=\"wp-block-heading\">Erfassung der Psyche und Einhegung von K\u00f6rperlichkeit: Die Geschichte apparativen, psychologischen Testens und das Verh\u00e4ltnis von Motorik und Kognition von den 1920ern bis zu den 1960er Jahren<\/h3>\n\n\n\n<div style=\"height:15px\" aria-hidden=\"true\" class=\"wp-block-spacer\"><\/div>\n\n\n\n<div class=\"wp-block-media-text alignwide is-stacked-on-mobile\" style=\"grid-template-columns:15% auto\"><figure class=\"wp-block-media-text__media\"><img loading=\"lazy\" decoding=\"async\" width=\"438\" height=\"438\" src=\"https:\/\/www.hsu-hh.de\/histec\/wp-content\/uploads\/sites\/734\/2022\/11\/Zweihandpruefer_pp1920-21_294-edited-6-1-e1669809173367.jpg\" data-credit=\"Moede, Walther\" alt=\"Moede, Walther (1921): Ergebnisse der industriellen Psychotechnik. In: Praktische Psychologie 2 (10), S. 289\u2013328, hier: S. 294\" class=\"wp-image-1135 size-full\" srcset=\"https:\/\/www.hsu-hh.de\/histec\/wp-content\/uploads\/sites\/734\/2022\/11\/Zweihandpruefer_pp1920-21_294-edited-6-1-e1669809173367.jpg 438w, https:\/\/www.hsu-hh.de\/histec\/wp-content\/uploads\/sites\/734\/2022\/11\/Zweihandpruefer_pp1920-21_294-edited-6-1-e1669809173367-300x300.jpg 300w, https:\/\/www.hsu-hh.de\/histec\/wp-content\/uploads\/sites\/734\/2022\/11\/Zweihandpruefer_pp1920-21_294-edited-6-1-e1669809173367-150x150.jpg 150w, https:\/\/www.hsu-hh.de\/histec\/wp-content\/uploads\/sites\/734\/2022\/11\/Zweihandpruefer_pp1920-21_294-edited-6-1-e1669809173367-100x100.jpg 100w\" sizes=\"auto, (max-width: 438px) 100vw, 438px\" \/><\/figure><div class=\"wp-block-media-text__content\">\n<p>Das Dissertationsprojekt siedelt sich im Feld der Wissenschafts-, Technik- und Mediengeschichte an und verfolgt die Forschungsfrage, wie anhand apparativer Praktiken bei psychologischen Berufseignungspr\u00fcfungen des 20. Jahrhunderts in den deutschsprachigen L\u00e4ndern zwischen 1920 und den 1960er Jahren die Beziehung zwischen Motorik und Kognition ausgelotet und zu einer Leistungskategorie in unterschiedlichen beruflichen und \u00f6ffentlichen Kontexten umgewandelt wurde.<\/p>\n\n\n\n<p><a href=\"https:\/\/www.hsu-hh.de\/histec\/materialitaet-in-der-psychotechnik\" data-type=\"URL\" data-id=\"https:\/\/www.hsu-hh.de\/histec\/materialitaet-in-der-psychotechnik\">Link zur Projektseite<\/a><\/p>\n<\/div><\/div>\n\n\n\n\n\n\n\n<p><\/p>\n\n\n\n\n\n<h3>Heinrich Hartmann<\/h3>\n\n\n\n<p><strong>Milit\u00e4rstatistik in Europa im langen 19. Jahrhundert<\/strong> <\/p>\n\n\n\n<p><a href=\"https:\/\/www.hsu-hh.de\/histec\/militaerstatistik-in-europa-im-langen-19-jahrhundert\" data-type=\"URL\" data-id=\"https:\/\/www.hsu-hh.de\/histec\/militaerstatistik-in-europa-im-langen-19-jahrhundert\">Link zur Projektseite<\/a><\/p>\n\n\n\n<p><\/p>\n\n\n\n<p><h3>Kai Herzog<\/h3><\/p>\n\n\n\n<p><strong>Racing Imperialism and Independence: East Africa\u2019s Safari Rally, 1953-2002<\/strong><\/p>\n\n\n\n<p><a href=\"https:\/\/www.hsu-hh.de\/histec\/kai-herzog\" data-type=\"link\" data-id=\"https:\/\/www.hsu-hh.de\/histec\/kai-herzog\">Link zur Projektseite<\/a><\/p>\n\n\n\n\n\n<h3>Margot Lyautey<\/h3>\n\n\n\n<p><strong>Governing by Numbers: French Agricultural Statistics in Times of Economic Planning (1940-1960)<\/strong><\/p>\n\n\n\n<p><a href=\"https:\/\/www.hsu-hh.de\/histec\/statistik-und-landwirtschaft\" data-type=\"URL\" data-id=\"https:\/\/www.hsu-hh.de\/histec\/statistik-und-landwirtschaft\">Link zur Projektseite<\/a><\/p>\n\n\n\n\n\n<h3>Carolin Moritz<\/h3>\n\n\n\n<p><strong>Mutterschaft in sozialen \u201eRandgruppen\u201c im 20. Jahrhundert<\/strong><\/p>\n\n\n\n<p>\u201eRandst\u00e4ndige\u201c Mutterschaft wird bis heute gesellschaftlich tabuisiert, wenngleich im Laufe des 20. Jahrhunderts unterschiedliche Vorstellungen von \u201eRandst\u00e4ndigkeit\u201c diskutiert wurden. W\u00e4hrend beispielsweise bis in die 1960er Jahre auch alleinerziehende M\u00fctter eine soziale und rechtliche Diskriminierung erfuhren, \u00e4nderte sich dies in Westdeutschland ab den 1970er Jahren.<br>Das Forschungsprojekt wiederum fokussiert prim\u00e4r die Mutterschaft in drei anderen sogenannten sozialen \u201eRandgruppen\u201c: Obdachlosen, Inhaftierten und Prostituierten. Es soll untersucht werden, wie Mutterschaft in diesen Gruppen gesellschaftlich wahrgenommen und wie mit ihr umgegangen wurde. Insbesondere m\u00f6chte das Vorhaben analysieren, in welchem Rahmen Hilfseinrichtungen, aber auch Sanktionen f\u00fcr und gegen\u00fcber diesen Frauen eingerichtet <abbr title=\"beziehungsweise\">bzw.<\/abbr> ausgef\u00fchrt wurden. Dar\u00fcber hinaus wird er\u00f6rtert, welcher Wandel sich in Wahrnehmung und Handlung gegen\u00fcber \u201erandst\u00e4ndigen\u201c M\u00fcttern mit welchen Folgen im Verlauf des 20. Jahrhunderts vollzogen hat. Am Beispiel der Stadt Hamburg fragt das Projekt konkret, welche Einrichtungen in Hamburg f\u00fcr \u201erandst\u00e4ndige\u201c M\u00fctter etabliert wurden. Geschah dies aufgrund staatlicher oder privater Initiative? Welche handlungsleitenden Motive lagen der Gr\u00fcndung und Betreibung dieser Einrichtungen zugrunde? Hat sich innerhalb der Gesellschaft ein Wandel in der Wahrnehmung dieser Frauen vollzogen und welche Auswirkungen hatte dieser Wandel f\u00fcr das Leben von Mutter und Kind?<\/p>\n\n\n\n<p>(Hilfs-)Einrichtungen dienten, so die Hypothese, nicht nur zur Unterst\u00fctzung dieser Frauen, sondern f\u00fchrten vor allem auch zur gesellschaftlichen Ausgrenzung \u201erandst\u00e4ndiger\u201c Mutterschaft. Im geografischen Raum Hamburg gab es staatliche Bestrebungen, \u00f6ffentliche Sichtbarkeit von \u201eanormaler\u201c Mutterschaft zu reduzieren. Im 20. Jahrhundert vollzog sich ein Wandel in der Vorstellung von \u201eNormalit\u00e4t\u201c und \u201eAnormalit\u00e4t\u201c von Mutterschaft und damit einhergehend auch einen Wandel in der Wahrnehmung und der Akzeptanz von \u201erandst\u00e4ndigen\u201c Frauen und ihren Kindern.<\/p>\n\n\n\n\n\n<h3>Mona Bieling<\/h3>\n\n\n\n<p><strong>\u201eLandscape and Power in Mandate Palestine, 1917-1948\u201d<\/strong><\/p>\n\n\n\n<p><a href=\"https:\/\/www.hsu-hh.de\/histec\/mona-bieling\" data-type=\"link\" data-id=\"https:\/\/www.hsu-hh.de\/histec\/mona-bieling\">Link zur Projektseite<\/a><\/p>\n\n\n\n\n","protected":false},"excerpt":{"rendered":"<p>Agnes Bauer Erfassung der Psyche und Einhegung von K\u00f6rperlichkeit: Die Geschichte apparativen, psychologischen Testens und das Verh\u00e4ltnis von Motorik und Kognition von den 1920ern bis zu den 1960er Jahren Das [&hellip;]<\/p>\n","protected":false},"author":111,"featured_media":0,"parent":0,"menu_order":0,"comment_status":"closed","ping_status":"closed","template":"","meta":{"footnotes":""},"categories":[4],"tags":[],"class_list":["post-165","page","type-page","status-publish","hentry","category-forschung"],"_links":{"self":[{"href":"https:\/\/www.hsu-hh.de\/histec\/wp-json\/wp\/v2\/pages\/165","targetHints":{"allow":["GET"]}}],"collection":[{"href":"https:\/\/www.hsu-hh.de\/histec\/wp-json\/wp\/v2\/pages"}],"about":[{"href":"https:\/\/www.hsu-hh.de\/histec\/wp-json\/wp\/v2\/types\/page"}],"author":[{"embeddable":true,"href":"https:\/\/www.hsu-hh.de\/histec\/wp-json\/wp\/v2\/users\/111"}],"replies":[{"embeddable":true,"href":"https:\/\/www.hsu-hh.de\/histec\/wp-json\/wp\/v2\/comments?post=165"}],"version-history":[{"count":47,"href":"https:\/\/www.hsu-hh.de\/histec\/wp-json\/wp\/v2\/pages\/165\/revisions"}],"predecessor-version":[{"id":1813,"href":"https:\/\/www.hsu-hh.de\/histec\/wp-json\/wp\/v2\/pages\/165\/revisions\/1813"}],"wp:attachment":[{"href":"https:\/\/www.hsu-hh.de\/histec\/wp-json\/wp\/v2\/media?parent=165"}],"wp:term":[{"taxonomy":"category","embeddable":true,"href":"https:\/\/www.hsu-hh.de\/histec\/wp-json\/wp\/v2\/categories?post=165"},{"taxonomy":"post_tag","embeddable":true,"href":"https:\/\/www.hsu-hh.de\/histec\/wp-json\/wp\/v2\/tags?post=165"}],"curies":[{"name":"wp","href":"https:\/\/api.w.org\/{rel}","templated":true}]}}